INSERT INTO `failed_jobs` (`id`, `uuid`, `connection`, `queue`, `payload`, `exception`, `failed_at`) VALUES
(559, 'f174b402-7f2e-4bdb-b951-32e107b22606', 'database', 'default', '{\"uuid\":\"f174b402-7f2e-4bdb-b951-32e107b22606\",\"displayName\":\"App\\\\Notifications\\\\TemplateNotification\",\"job\":\"Illuminate\\\\Queue\\\\CallQueuedHandler@call\",\"maxTries\":null,\"maxExceptions\":null,\"failOnTimeout\":false,\"backoff\":null,\"timeout\":null,\"retryUntil\":null,\"data\":{\"commandName\":\"Illuminate\\\\Notifications\\\\SendQueuedNotifications\",\"command\":\"O:48:\\\"Illuminate\\\\Notifications\\\\SendQueuedNotifications\\\":3:{s:11:\\\"notifiables\\\";O:45:\\\"Illuminate\\\\Contracts\\\\Database\\\\ModelIdentifier\\\":5:{s:5:\\\"class\\\";s:15:\\\"App\\\\Models\\\\User\\\";s:2:\\\"id\\\";a:1:{i:0;i:47;}s:9:\\\"relations\\\";a:0:{}s:10:\\\"connection\\\";s:5:\\\"mysql\\\";s:15:\\\"collectionClass\\\";N;}s:12:\\\"notification\\\";O:38:\\\"App\\\\Notifications\\\\TemplateNotification\\\":3:{s:13:\\\"\\u0000*\\u0000identifier\\\";s:21:\\\"deposit_user_approved\\\";s:7:\\\"\\u0000*\\u0000data\\\";a:2:{s:6:\\\"amount\\\";s:7:\\\"500 USD\\\";s:6:\\\"method\\\";s:13:\\\"Bank Transfer\\\";}s:2:\\\"id\\\";s:36:\\\"5651de62-6a7f-4fb7-9eb5-467694b265ed\\\";}s:8:\\\"channels\\\";a:1:{i:0;s:41:\\\"NotificationChannels\\\\Twilio\\\\TwilioChannel\\\";}}\"}}', 'Twilio\\Exceptions\\RestException: [HTTP 429] Unable to create record: Account ACbfdc5b6e20afc5a0290c78af2a349f1b exceeded the 9 daily messages limit in E:\\www\\digikash\\vendor\\twilio\\sdk\\src\\Twilio\\Version.php:88\nStack trace:\n#0 E:\\www\\digikash\\vendor\\twilio\\sdk\\src\\Twilio\\Version.php(223): Twilio\\Version->exception(Object(Twilio\\Http\\Response), \'Unable to creat...\')\n#1 E:\\www\\digikash\\vendor\\twilio\\sdk\\src\\Twilio\\Rest\\Api\\V2010\\Account\\MessageList.php(118): Twilio\\Version->create(\'POST\', \'/Accounts/ACbfd...\', Array, Array, Array)\n#2 E:\\www\\digikash\\vendor\\laravel-notification-channels\\twilio\\src\\Twilio.php(92): Twilio\\Rest\\Api\\V2010\\Account\\MessageList->create(\'+8801847305958\', Object(Twilio\\Values))\n#3 E:\\www\\digikash\\vendor\\laravel-notification-channels\\twilio\\src\\Twilio.php(31): NotificationChannels\\Twilio\\Twilio->sendSmsMessage(Object(NotificationChannels\\Twilio\\TwilioSmsMessage), \'+8801847305958\')\n#4 E:\\www\\digikash\\vendor\\laravel-notification-channels\\twilio\\src\\TwilioChannel.php(43): NotificationChannels\\Twilio\\Twilio->sendMessage(Object(NotificationChannels\\Twilio\\TwilioSmsMessage), \'+8801733060254\', false)\n#5 E:\\www\\digikash\\vendor\\laravel\\framework\\src\\Illuminate\\Notifications\\NotificationSender.php(148): NotificationChannels\\Twilio\\TwilioChannel->send(Object(App\\Models\\User), Object(App\\Notifications\\TemplateNotification))\n#6 E:\\www\\digikash\\vendor\\laravel\\framework\\src\\Illuminate\\Notifications\\NotificationSender.php(106): Illuminate\\Notifications\\NotificationSender->sendToNotifiable(Object(App\\Models\\User), \'b104c4f4-e364-4...\', Object(App\\Notifications\\TemplateNotification), \'NotificationCha...\')\n#7 E:\\www\\digikash\\vendor\\laravel\\framework\\src\\Illuminate\\Support\\Traits\\Localizable.php(19): Illuminate\\Notifications\\NotificationSender->Illuminate\\Notifications\\{closure}()\n#8 E:\\www\\digikash\\vendor\\laravel\\framework\\src\\Illuminate\\Notifications\\NotificationSender.php(101): Illuminate\\Notifications\\NotificationSender->withLocale(NULL, Object(Closure))\n#9 E:\\www\\digikash\\vendor\\laravel\\framework\\src\\Illuminate\\Notifications\\ChannelManager.php(54): Illuminate\\Notifications\\NotificationSender->sendNow(Object(Illuminate\\Database\\Eloquent\\Collection), Object(App\\Notifications\\TemplateNotification), Array)\n#10 E:\\www\\digikash\\vendor\\laravel\\framework\\src\\Illuminate\\Notifications\\SendQueuedNotifications.php(119): Illuminate\\Notifications\\ChannelManager->sendNow(Object(Illuminate\\Database\\Eloquent\\Collection), Object(App\\Notifications\\TemplateNotification), Array)\n#11 E:\\www\\digikash\\vendor\\laravel\\framework\\src\\Illuminate\\Container\\BoundMethod.php(36): Illuminate\\Notifications\\SendQueuedNotifications->handle(Object(Illuminate\\Notifications\\ChannelManager))\n#12 E:\\www\\digikash\\vendor\\laravel\\framework\\src\\Illuminate\\Container\\Util.php(43): Illuminate\\Container\\BoundMethod::Illuminate\\Container\\{closure}()\n#13 E:\\www\\digikash\\vendor\\laravel\\framework\\src\\Illuminate\\Container\\BoundMethod.php(95): Illuminate\\Container\\Util::unwrapIfClosure(Object(Closure))\n#14 E:\\www\\digikash\\vendor\\laravel\\framework\\src\\Illuminate\\Container\\BoundMethod.php(35): Illuminate\\Container\\BoundMethod::callBoundMethod(Object(Illuminate\\Foundation\\Application), Array, Object(Closure))\n#15 E:\\www\\digikash\\vendor\\laravel\\framework\\src\\Illuminate\\Container\\Container.php(696): Illuminate\\Container\\BoundMethod::call(Object(Illuminate\\Foundation\\Application), Array, Array, NULL)\n#16 E:\\www\\digikash\\vendor\\laravel\\framework\\src\\Illuminate\\Bus\\Dispatcher.php(126): Illuminate\\Container\\Container->call(Array)\n#17 E:\\www\\digikash\\vendor\\laravel\\framework\\src\\Illuminate\\Pipeline\\Pipeline.php(170): Illuminate\\Bus\\Dispatcher->Illuminate\\Bus\\{closure}(Object(Illuminate\\Notifications\\SendQueuedNotifications))\n#18 E:\\www\\digikash\\vendor\\laravel\\framework\\src\\Illuminate\\Pipeline\\Pipeline.php(127): Illuminate\\Pipeline\\Pipeline->Illuminate\\Pipeline\\{closure}(Object(Illuminate\\Notifications\\SendQueuedNotifications))\n#19 E:\\www\\digikash\\vendor\\laravel\\framework\\src\\Illuminate\\Bus\\Dispatcher.php(130): Illuminate\\Pipeline\\Pipeline->then(Object(Closure))\n#20 E:\\www\\digikash\\vendor\\laravel\\framework\\src\\Illuminate\\Queue\\CallQueuedHandler.php(126): Illuminate\\Bus\\Dispatcher->dispatchNow(Object(Illuminate\\Notifications\\SendQueuedNotifications), false)\n#21 E:\\www\\digikash\\vendor\\laravel\\framework\\src\\Illuminate\\Pipeline\\Pipeline.php(170): Illuminate\\Queue\\CallQueuedHandler->Illuminate\\Queue\\{closure}(Object(Illuminate\\Notifications\\SendQueuedNotifications))\n#22 E:\\www\\digikash\\vendor\\laravel\\framework\\src\\Illuminate\\Pipeline\\Pipeline.php(127): Illuminate\\Pipeline\\Pipeline->Illuminate\\Pipeline\\{closure}(Object(Illuminate\\Notifications\\SendQueuedNotifications))\n#23 E:\\www\\digikash\\vendor\\laravel\\framework\\src\\Illuminate\\Queue\\CallQueuedHandler.php(121): Illuminate\\Pipeline\\Pipeline->then(Object(Closure))\n#24 E:\\www\\digikash\\vendor\\laravel\\framework\\src\\Illuminate\\Queue\\CallQueuedHandler.php(69): Illuminate\\Queue\\CallQueuedHandler->dispatchThroughMiddleware(Object(Illuminate\\Queue\\Jobs\\DatabaseJob), Object(Illuminate\\Notifications\\SendQueuedNotifications))\n#25 E:\\www\\digikash\\vendor\\laravel\\framework\\src\\Illuminate\\Queue\\Jobs\\Job.php(102): Illuminate\\Queue\\CallQueuedHandler->call(Object(Illuminate\\Queue\\Jobs\\DatabaseJob), Array)\n#26 E:\\www\\digikash\\vendor\\laravel\\framework\\src\\Illuminate\\Queue\\Worker.php(442): Illuminate\\Queue\\Jobs\\Job->fire()\n#27 E:\\www\\digikash\\vendor\\laravel\\framework\\src\\Illuminate\\Queue\\Worker.php(392): Illuminate\\Queue\\Worker->process(\'database\', Object(Illuminate\\Queue\\Jobs\\DatabaseJob), Object(Illuminate\\Queue\\WorkerOptions))\n#28 E:\\www\\digikash\\vendor\\laravel\\framework\\src\\Illuminate\\Queue\\Worker.php(178): Illuminate\\Queue\\Worker->runJob(Object(Illuminate\\Queue\\Jobs\\DatabaseJob), \'database\', Object(Illuminate\\Queue\\WorkerOptions))\n#29 E:\\www\\digikash\\vendor\\laravel\\framework\\src\\Illuminate\\Queue\\Console\\WorkCommand.php(149): Illuminate\\Queue\\Worker->daemon(\'database\', \'default\', Object(Illuminate\\Queue\\WorkerOptions))\n#30 E:\\www\\digikash\\vendor\\laravel\\framework\\src\\Illuminate\\Queue\\Console\\WorkCommand.php(132): Illuminate\\Queue\\Console\\WorkCommand->runWorker(\'database\', \'default\')\n#31 E:\\www\\digikash\\vendor\\laravel\\framework\\src\\Illuminate\\Container\\BoundMethod.php(36): Illuminate\\Queue\\Console\\WorkCommand->handle()\n#32 E:\\www\\digikash\\vendor\\laravel\\framework\\src\\Illuminate\\Container\\Util.php(43): Illuminate\\Container\\BoundMethod::Illuminate\\Container\\{closure}()\n#33 E:\\www\\digikash\\vendor\\laravel\\framework\\src\\Illuminate\\Container\\BoundMethod.php(95): Illuminate\\Container\\Util::unwrapIfClosure(Object(Closure))\n#34 E:\\www\\digikash\\vendor\\laravel\\framework\\src\\Illuminate\\Container\\BoundMethod.php(35): Illuminate\\Container\\BoundMethod::callBoundMethod(Object(Illuminate\\Foundation\\Application), Array, Object(Closure))\n#35 E:\\www\\digikash\\vendor\\laravel\\framework\\src\\Illuminate\\Container\\Container.php(696): Illuminate\\Container\\BoundMethod::call(Object(Illuminate\\Foundation\\Application), Array, Array, NULL)\n#36 E:\\www\\digikash\\vendor\\laravel\\framework\\src\\Illuminate\\Console\\Command.php(213): Illuminate\\Container\\Container->call(Array)\n#37 E:\\www\\digikash\\vendor\\symfony\\console\\Command\\Command.php(279): Illuminate\\Console\\Command->execute(Object(Symfony\\Component\\Console\\Input\\ArgvInput), Object(Illuminate\\Console\\OutputStyle))\n#38 E:\\www\\digikash\\vendor\\laravel\\framework\\src\\Illuminate\\Console\\Command.php(182): Symfony\\Component\\Console\\Command\\Command->run(Object(Symfony\\Component\\Console\\Input\\ArgvInput), Object(Illuminate\\Console\\OutputStyle))\n#39 E:\\www\\digikash\\vendor\\symfony\\console\\Application.php(1094): Illuminate\\Console\\Command->run(Object(Symfony\\Component\\Console\\Input\\ArgvInput), Object(Symfony\\Component\\Console\\Output\\ConsoleOutput))\n#40 E:\\www\\digikash\\vendor\\symfony\\console\\Application.php(342): Symfony\\Component\\Console\\Application->doRunCommand(Object(Illuminate\\Queue\\Console\\WorkCommand), Object(Symfony\\Component\\Console\\Input\\ArgvInput), Object(Symfony\\Component\\Console\\Output\\ConsoleOutput))\n#41 E:\\www\\digikash\\vendor\\symfony\\console\\Application.php(193): Symfony\\Component\\Console\\Application->doRun(Object(Symfony\\Component\\Console\\Input\\ArgvInput), Object(Symfony\\Component\\Console\\Output\\ConsoleOutput))\n#42 E:\\www\\digikash\\vendor\\laravel\\framework\\src\\Illuminate\\Foundation\\Console\\Kernel.php(198): Symfony\\Component\\Console\\Application->run(Object(Symfony\\Component\\Console\\Input\\ArgvInput), Object(Symfony\\Component\\Console\\Output\\ConsoleOutput))\n#43 E:\\www\\digikash\\vendor\\laravel\\framework\\src\\Illuminate\\Foundation\\Application.php(1235): Illuminate\\Foundation\\Console\\Kernel->handle(Object(Symfony\\Component\\Console\\Input\\ArgvInput), Object(Symfony\\Component\\Console\\Output\\ConsoleOutput))\n#44 E:\\www\\digikash\\artisan(13): Illuminate\\Foundation\\Application->handleCommand(Object(Symfony\\Component\\Console\\Input\\ArgvInput))\n#45 {main}', '2025-04-28 19:53:52'),
(560, '0ce8b093-ba68-47f8-aa13-d1073eefb198', 'database', 'default', '{\"uuid\":\"0ce8b093-ba68-47f8-aa13-d1073eefb198\",\"displayName\":\"App\\\\Notifications\\\\TemplateNotification\",\"job\":\"Illuminate\\\\Queue\\\\CallQueuedHandler@call\",\"maxTries\":null,\"maxExceptions\":null,\"failOnTimeout\":false,\"backoff\":null,\"timeout\":null,\"retryUntil\":null,\"data\":{\"commandName\":\"Illuminate\\\\Notifications\\\\SendQueuedNotifications\",\"command\":\"O:48:\\\"Illuminate\\\\Notifications\\\\SendQueuedNotifications\\\":3:{s:11:\\\"notifiables\\\";O:45:\\\"Illuminate\\\\Contracts\\\\Database\\\\ModelIdentifier\\\":5:{s:5:\\\"class\\\";s:15:\\\"App\\\\Models\\\\User\\\";s:2:\\\"id\\\";a:1:{i:0;i:47;}s:9:\\\"relations\\\";a:0:{}s:10:\\\"connection\\\";s:5:\\\"mysql\\\";s:15:\\\"collectionClass\\\";N;}s:12:\\\"notification\\\";O:38:\\\"App\\\\Notifications\\\\TemplateNotification\\\":3:{s:13:\\\"\\u0000*\\u0000identifier\\\";s:21:\\\"deposit_user_approved\\\";s:7:\\\"\\u0000*\\u0000data\\\";a:2:{s:6:\\\"amount\\\";s:7:\\\"500 USD\\\";s:6:\\\"method\\\";s:13:\\\"Bank Transfer\\\";}s:2:\\\"id\\\";s:36:\\\"a8d80c41-966b-4861-a0e0-96f88fa64c5c\\\";}s:8:\\\"channels\\\";a:1:{i:0;s:41:\\\"NotificationChannels\\\\Twilio\\\\TwilioChannel\\\";}}\"}}', 'Twilio\\Exceptions\\RestException: [HTTP 429] Unable to create record: Account ACbfdc5b6e20afc5a0290c78af2a349f1b exceeded the 9 daily messages limit in E:\\www\\digikash\\vendor\\twilio\\sdk\\src\\Twilio\\Version.php:88\nStack trace:\n#0 E:\\www\\digikash\\vendor\\twilio\\sdk\\src\\Twilio\\Version.php(223): Twilio\\Version->exception(Object(Twilio\\Http\\Response), \'Unable to creat...\')\n#1 E:\\www\\digikash\\vendor\\twilio\\sdk\\src\\Twilio\\Rest\\Api\\V2010\\Account\\MessageList.php(118): Twilio\\Version->create(\'POST\', \'/Accounts/ACbfd...\', Array, Array, Array)\n#2 E:\\www\\digikash\\vendor\\laravel-notification-channels\\twilio\\src\\Twilio.php(92): Twilio\\Rest\\Api\\V2010\\Account\\MessageList->create(\'+8801847305958\', Object(Twilio\\Values))\n#3 E:\\www\\digikash\\vendor\\laravel-notification-channels\\twilio\\src\\Twilio.php(31): NotificationChannels\\Twilio\\Twilio->sendSmsMessage(Object(NotificationChannels\\Twilio\\TwilioSmsMessage), \'+8801847305958\')\n#4 E:\\www\\digikash\\vendor\\laravel-notification-channels\\twilio\\src\\TwilioChannel.php(43): NotificationChannels\\Twilio\\Twilio->sendMessage(Object(NotificationChannels\\Twilio\\TwilioSmsMessage), \'+8801733060254\', false)\n#5 E:\\www\\digikash\\vendor\\laravel\\framework\\src\\Illuminate\\Notifications\\NotificationSender.php(148): NotificationChannels\\Twilio\\TwilioChannel->send(Object(App\\Models\\User), Object(App\\Notifications\\TemplateNotification))\n#6 E:\\www\\digikash\\vendor\\laravel\\framework\\src\\Illuminate\\Notifications\\NotificationSender.php(106): Illuminate\\Notifications\\NotificationSender->sendToNotifiable(Object(App\\Models\\User), \'bdf9d13c-33d7-4...\', Object(App\\Notifications\\TemplateNotification), \'NotificationCha...\')\n#7 E:\\www\\digikash\\vendor\\laravel\\framework\\src\\Illuminate\\Support\\Traits\\Localizable.php(19): Illuminate\\Notifications\\NotificationSender->Illuminate\\Notifications\\{closure}()\n#8 E:\\www\\digikash\\vendor\\laravel\\framework\\src\\Illuminate\\Notifications\\NotificationSender.php(101): Illuminate\\Notifications\\NotificationSender->withLocale(NULL, Object(Closure))\n#9 E:\\www\\digikash\\vendor\\laravel\\framework\\src\\Illuminate\\Notifications\\ChannelManager.php(54): Illuminate\\Notifications\\NotificationSender->sendNow(Object(Illuminate\\Database\\Eloquent\\Collection), Object(App\\Notifications\\TemplateNotification), Array)\n#10 E:\\www\\digikash\\vendor\\laravel\\framework\\src\\Illuminate\\Notifications\\SendQueuedNotifications.php(119): Illuminate\\Notifications\\ChannelManager->sendNow(Object(Illuminate\\Database\\Eloquent\\Collection), Object(App\\Notifications\\TemplateNotification), Array)\n#11 E:\\www\\digikash\\vendor\\laravel\\framework\\src\\Illuminate\\Container\\BoundMethod.php(36): Illuminate\\Notifications\\SendQueuedNotifications->handle(Object(Illuminate\\Notifications\\ChannelManager))\n#12 E:\\www\\digikash\\vendor\\laravel\\framework\\src\\Illuminate\\Container\\Util.php(43): Illuminate\\Container\\BoundMethod::Illuminate\\Container\\{closure}()\n#13 E:\\www\\digikash\\vendor\\laravel\\framework\\src\\Illuminate\\Container\\BoundMethod.php(95): Illuminate\\Container\\Util::unwrapIfClosure(Object(Closure))\n#14 E:\\www\\digikash\\vendor\\laravel\\framework\\src\\Illuminate\\Container\\BoundMethod.php(35): Illuminate\\Container\\BoundMethod::callBoundMethod(Object(Illuminate\\Foundation\\Application), Array, Object(Closure))\n#15 E:\\www\\digikash\\vendor\\laravel\\framework\\src\\Illuminate\\Container\\Container.php(696): Illuminate\\Container\\BoundMethod::call(Object(Illuminate\\Foundation\\Application), Array, Array, NULL)\n#16 E:\\www\\digikash\\vendor\\laravel\\framework\\src\\Illuminate\\Bus\\Dispatcher.php(126): Illuminate\\Container\\Container->call(Array)\n#17 E:\\www\\digikash\\vendor\\laravel\\framework\\src\\Illuminate\\Pipeline\\Pipeline.php(170): Illuminate\\Bus\\Dispatcher->Illuminate\\Bus\\{closure}(Object(Illuminate\\Notifications\\SendQueuedNotifications))\n#18 E:\\www\\digikash\\vendor\\laravel\\framework\\src\\Illuminate\\Pipeline\\Pipeline.php(127): Illuminate\\Pipeline\\Pipeline->Illuminate\\Pipeline\\{closure}(Object(Illuminate\\Notifications\\SendQueuedNotifications))\n#19 E:\\www\\digikash\\vendor\\laravel\\framework\\src\\Illuminate\\Bus\\Dispatcher.php(130): Illuminate\\Pipeline\\Pipeline->then(Object(Closure))\n#20 E:\\www\\digikash\\vendor\\laravel\\framework\\src\\Illuminate\\Queue\\CallQueuedHandler.php(126): Illuminate\\Bus\\Dispatcher->dispatchNow(Object(Illuminate\\Notifications\\SendQueuedNotifications), false)\n#21 E:\\www\\digikash\\vendor\\laravel\\framework\\src\\Illuminate\\Pipeline\\Pipeline.php(170): Illuminate\\Queue\\CallQueuedHandler->Illuminate\\Queue\\{closure}(Object(Illuminate\\Notifications\\SendQueuedNotifications))\n#22 E:\\www\\digikash\\vendor\\laravel\\framework\\src\\Illuminate\\Pipeline\\Pipeline.php(127): Illuminate\\Pipeline\\Pipeline->Illuminate\\Pipeline\\{closure}(Object(Illuminate\\Notifications\\SendQueuedNotifications))\n#23 E:\\www\\digikash\\vendor\\laravel\\framework\\src\\Illuminate\\Queue\\CallQueuedHandler.php(121): Illuminate\\Pipeline\\Pipeline->then(Object(Closure))\n#24 E:\\www\\digikash\\vendor\\laravel\\framework\\src\\Illuminate\\Queue\\CallQueuedHandler.php(69): Illuminate\\Queue\\CallQueuedHandler->dispatchThroughMiddleware(Object(Illuminate\\Queue\\Jobs\\DatabaseJob), Object(Illuminate\\Notifications\\SendQueuedNotifications))\n#25 E:\\www\\digikash\\vendor\\laravel\\framework\\src\\Illuminate\\Queue\\Jobs\\Job.php(102): Illuminate\\Queue\\CallQueuedHandler->call(Object(Illuminate\\Queue\\Jobs\\DatabaseJob), Array)\n#26 E:\\www\\digikash\\vendor\\laravel\\framework\\src\\Illuminate\\Queue\\Worker.php(442): Illuminate\\Queue\\Jobs\\Job->fire()\n#27 E:\\www\\digikash\\vendor\\laravel\\framework\\src\\Illuminate\\Queue\\Worker.php(392): Illuminate\\Queue\\Worker->process(\'database\', Object(Illuminate\\Queue\\Jobs\\DatabaseJob), Object(Illuminate\\Queue\\WorkerOptions))\n#28 E:\\www\\digikash\\vendor\\laravel\\framework\\src\\Illuminate\\Queue\\Worker.php(178): Illuminate\\Queue\\Worker->runJob(Object(Illuminate\\Queue\\Jobs\\DatabaseJob), \'database\', Object(Illuminate\\Queue\\WorkerOptions))\n#29 E:\\www\\digikash\\vendor\\laravel\\framework\\src\\Illuminate\\Queue\\Console\\WorkCommand.php(149): Illuminate\\Queue\\Worker->daemon(\'database\', \'default\', Object(Illuminate\\Queue\\WorkerOptions))\n#30 E:\\www\\digikash\\vendor\\laravel\\framework\\src\\Illuminate\\Queue\\Console\\WorkCommand.php(132): Illuminate\\Queue\\Console\\WorkCommand->runWorker(\'database\', \'default\')\n#31 E:\\www\\digikash\\vendor\\laravel\\framework\\src\\Illuminate\\Container\\BoundMethod.php(36): Illuminate\\Queue\\Console\\WorkCommand->handle()\n#32 E:\\www\\digikash\\vendor\\laravel\\framework\\src\\Illuminate\\Container\\Util.php(43): Illuminate\\Container\\BoundMethod::Illuminate\\Container\\{closure}()\n#33 E:\\www\\digikash\\vendor\\laravel\\framework\\src\\Illuminate\\Container\\BoundMethod.php(95): Illuminate\\Container\\Util::unwrapIfClosure(Object(Closure))\n#34 E:\\www\\digikash\\vendor\\laravel\\framework\\src\\Illuminate\\Container\\BoundMethod.php(35): Illuminate\\Container\\BoundMethod::callBoundMethod(Object(Illuminate\\Foundation\\Application), Array, Object(Closure))\n#35 E:\\www\\digikash\\vendor\\laravel\\framework\\src\\Illuminate\\Container\\Container.php(696): Illuminate\\Container\\BoundMethod::call(Object(Illuminate\\Foundation\\Application), Array, Array, NULL)\n#36 E:\\www\\digikash\\vendor\\laravel\\framework\\src\\Illuminate\\Console\\Command.php(213): Illuminate\\Container\\Container->call(Array)\n#37 E:\\www\\digikash\\vendor\\symfony\\console\\Command\\Command.php(279): Illuminate\\Console\\Command->execute(Object(Symfony\\Component\\Console\\Input\\ArgvInput), Object(Illuminate\\Console\\OutputStyle))\n#38 E:\\www\\digikash\\vendor\\laravel\\framework\\src\\Illuminate\\Console\\Command.php(182): Symfony\\Component\\Console\\Command\\Command->run(Object(Symfony\\Component\\Console\\Input\\ArgvInput), Object(Illuminate\\Console\\OutputStyle))\n#39 E:\\www\\digikash\\vendor\\symfony\\console\\Application.php(1094): Illuminate\\Console\\Command->run(Object(Symfony\\Component\\Console\\Input\\ArgvInput), Object(Symfony\\Component\\Console\\Output\\ConsoleOutput))\n#40 E:\\www\\digikash\\vendor\\symfony\\console\\Application.php(342): Symfony\\Component\\Console\\Application->doRunCommand(Object(Illuminate\\Queue\\Console\\WorkCommand), Object(Symfony\\Component\\Console\\Input\\ArgvInput), Object(Symfony\\Component\\Console\\Output\\ConsoleOutput))\n#41 E:\\www\\digikash\\vendor\\symfony\\console\\Application.php(193): Symfony\\Component\\Console\\Application->doRun(Object(Symfony\\Component\\Console\\Input\\ArgvInput), Object(Symfony\\Component\\Console\\Output\\ConsoleOutput))\n#42 E:\\www\\digikash\\vendor\\laravel\\framework\\src\\Illuminate\\Foundation\\Console\\Kernel.php(198): Symfony\\Component\\Console\\Application->run(Object(Symfony\\Component\\Console\\Input\\ArgvInput), Object(Symfony\\Component\\Console\\Output\\ConsoleOutput))\n#43 E:\\www\\digikash\\vendor\\laravel\\framework\\src\\Illuminate\\Foundation\\Application.php(1235): Illuminate\\Foundation\\Console\\Kernel->handle(Object(Symfony\\Component\\Console\\Input\\ArgvInput), Object(Symfony\\Component\\Console\\Output\\ConsoleOutput))\n#44 E:\\www\\digikash\\artisan(13): Illuminate\\Foundation\\Application->handleCommand(Object(Symfony\\Component\\Console\\Input\\ArgvInput))\n#45 {main}', '2025-04-28 19:54:46'),
(561, 'be1d824d-2512-4881-8b19-e957d4849600', 'database', 'default', '{\"uuid\":\"be1d824d-2512-4881-8b19-e957d4849600\",\"displayName\":\"App\\\\Notifications\\\\TemplateNotification\",\"job\":\"Illuminate\\\\Queue\\\\CallQueuedHandler@call\",\"maxTries\":null,\"maxExceptions\":null,\"failOnTimeout\":false,\"backoff\":null,\"timeout\":null,\"retryUntil\":null,\"data\":{\"commandName\":\"Illuminate\\\\Notifications\\\\SendQueuedNotifications\",\"command\":\"O:48:\\\"Illuminate\\\\Notifications\\\\SendQueuedNotifications\\\":3:{s:11:\\\"notifiables\\\";O:45:\\\"Illuminate\\\\Contracts\\\\Database\\\\ModelIdentifier\\\":5:{s:5:\\\"class\\\";s:15:\\\"App\\\\Models\\\\User\\\";s:2:\\\"id\\\";a:1:{i:0;i:47;}s:9:\\\"relations\\\";a:0:{}s:10:\\\"connection\\\";s:5:\\\"mysql\\\";s:15:\\\"collectionClass\\\";N;}s:12:\\\"notification\\\";O:38:\\\"App\\\\Notifications\\\\TemplateNotification\\\":3:{s:13:\\\"\\u0000*\\u0000identifier\\\";s:21:\\\"deposit_user_approved\\\";s:7:\\\"\\u0000*\\u0000data\\\";a:2:{s:6:\\\"amount\\\";s:7:\\\"500 USD\\\";s:6:\\\"method\\\";s:13:\\\"Bank Transfer\\\";}s:2:\\\"id\\\";s:36:\\\"6d0b2427-0472-4211-a475-95df60db15a2\\\";}s:8:\\\"channels\\\";a:1:{i:0;s:41:\\\"NotificationChannels\\\\Twilio\\\\TwilioChannel\\\";}}\"}}', 'Twilio\\Exceptions\\RestException: [HTTP 429] Unable to create record: Account ACbfdc5b6e20afc5a0290c78af2a349f1b exceeded the 9 daily messages limit in E:\\www\\digikash\\vendor\\twilio\\sdk\\src\\Twilio\\Version.php:88\nStack trace:\n#0 E:\\www\\digikash\\vendor\\twilio\\sdk\\src\\Twilio\\Version.php(223): Twilio\\Version->exception(Object(Twilio\\Http\\Response), \'Unable to creat...\')\n#1 E:\\www\\digikash\\vendor\\twilio\\sdk\\src\\Twilio\\Rest\\Api\\V2010\\Account\\MessageList.php(118): Twilio\\Version->create(\'POST\', \'/Accounts/ACbfd...\', Array, Array, Array)\n#2 E:\\www\\digikash\\vendor\\laravel-notification-channels\\twilio\\src\\Twilio.php(92): Twilio\\Rest\\Api\\V2010\\Account\\MessageList->create(\'+8801847305958\', Object(Twilio\\Values))\n#3 E:\\www\\digikash\\vendor\\laravel-notification-channels\\twilio\\src\\Twilio.php(31): NotificationChannels\\Twilio\\Twilio->sendSmsMessage(Object(NotificationChannels\\Twilio\\TwilioSmsMessage), \'+8801847305958\')\n#4 E:\\www\\digikash\\vendor\\laravel-notification-channels\\twilio\\src\\TwilioChannel.php(43): NotificationChannels\\Twilio\\Twilio->sendMessage(Object(NotificationChannels\\Twilio\\TwilioSmsMessage), \'+8801733060254\', false)\n#5 E:\\www\\digikash\\vendor\\laravel\\framework\\src\\Illuminate\\Notifications\\NotificationSender.php(148): NotificationChannels\\Twilio\\TwilioChannel->send(Object(App\\Models\\User), Object(App\\Notifications\\TemplateNotification))\n#6 E:\\www\\digikash\\vendor\\laravel\\framework\\src\\Illuminate\\Notifications\\NotificationSender.php(106): Illuminate\\Notifications\\NotificationSender->sendToNotifiable(Object(App\\Models\\User), \'169c4b3c-5b17-4...\', Object(App\\Notifications\\TemplateNotification), \'NotificationCha...\')\n#7 E:\\www\\digikash\\vendor\\laravel\\framework\\src\\Illuminate\\Support\\Traits\\Localizable.php(19): Illuminate\\Notifications\\NotificationSender->Illuminate\\Notifications\\{closure}()\n#8 E:\\www\\digikash\\vendor\\laravel\\framework\\src\\Illuminate\\Notifications\\NotificationSender.php(101): Illuminate\\Notifications\\NotificationSender->withLocale(NULL, Object(Closure))\n#9 E:\\www\\digikash\\vendor\\laravel\\framework\\src\\Illuminate\\Notifications\\ChannelManager.php(54): Illuminate\\Notifications\\NotificationSender->sendNow(Object(Illuminate\\Database\\Eloquent\\Collection), Object(App\\Notifications\\TemplateNotification), Array)\n#10 E:\\www\\digikash\\vendor\\laravel\\framework\\src\\Illuminate\\Notifications\\SendQueuedNotifications.php(119): Illuminate\\Notifications\\ChannelManager->sendNow(Object(Illuminate\\Database\\Eloquent\\Collection), Object(App\\Notifications\\TemplateNotification), Array)\n#11 E:\\www\\digikash\\vendor\\laravel\\framework\\src\\Illuminate\\Container\\BoundMethod.php(36): Illuminate\\Notifications\\SendQueuedNotifications->handle(Object(Illuminate\\Notifications\\ChannelManager))\n#12 E:\\www\\digikash\\vendor\\laravel\\framework\\src\\Illuminate\\Container\\Util.php(43): Illuminate\\Container\\BoundMethod::Illuminate\\Container\\{closure}()\n#13 E:\\www\\digikash\\vendor\\laravel\\framework\\src\\Illuminate\\Container\\BoundMethod.php(95): Illuminate\\Container\\Util::unwrapIfClosure(Object(Closure))\n#14 E:\\www\\digikash\\vendor\\laravel\\framework\\src\\Illuminate\\Container\\BoundMethod.php(35): Illuminate\\Container\\BoundMethod::callBoundMethod(Object(Illuminate\\Foundation\\Application), Array, Object(Closure))\n#15 E:\\www\\digikash\\vendor\\laravel\\framework\\src\\Illuminate\\Container\\Container.php(696): Illuminate\\Container\\BoundMethod::call(Object(Illuminate\\Foundation\\Application), Array, Array, NULL)\n#16 E:\\www\\digikash\\vendor\\laravel\\framework\\src\\Illuminate\\Bus\\Dispatcher.php(126): Illuminate\\Container\\Container->call(Array)\n#17 E:\\www\\digikash\\vendor\\laravel\\framework\\src\\Illuminate\\Pipeline\\Pipeline.php(170): Illuminate\\Bus\\Dispatcher->Illuminate\\Bus\\{closure}(Object(Illuminate\\Notifications\\SendQueuedNotifications))\n#18 E:\\www\\digikash\\vendor\\laravel\\framework\\src\\Illuminate\\Pipeline\\Pipeline.php(127): Illuminate\\Pipeline\\Pipeline->Illuminate\\Pipeline\\{closure}(Object(Illuminate\\Notifications\\SendQueuedNotifications))\n#19 E:\\www\\digikash\\vendor\\laravel\\framework\\src\\Illuminate\\Bus\\Dispatcher.php(130): Illuminate\\Pipeline\\Pipeline->then(Object(Closure))\n#20 E:\\www\\digikash\\vendor\\laravel\\framework\\src\\Illuminate\\Queue\\CallQueuedHandler.php(126): Illuminate\\Bus\\Dispatcher->dispatchNow(Object(Illuminate\\Notifications\\SendQueuedNotifications), false)\n#21 E:\\www\\digikash\\vendor\\laravel\\framework\\src\\Illuminate\\Pipeline\\Pipeline.php(170): Illuminate\\Queue\\CallQueuedHandler->Illuminate\\Queue\\{closure}(Object(Illuminate\\Notifications\\SendQueuedNotifications))\n#22 E:\\www\\digikash\\vendor\\laravel\\framework\\src\\Illuminate\\Pipeline\\Pipeline.php(127): Illuminate\\Pipeline\\Pipeline->Illuminate\\Pipeline\\{closure}(Object(Illuminate\\Notifications\\SendQueuedNotifications))\n#23 E:\\www\\digikash\\vendor\\laravel\\framework\\src\\Illuminate\\Queue\\CallQueuedHandler.php(121): Illuminate\\Pipeline\\Pipeline->then(Object(Closure))\n#24 E:\\www\\digikash\\vendor\\laravel\\framework\\src\\Illuminate\\Queue\\CallQueuedHandler.php(69): Illuminate\\Queue\\CallQueuedHandler->dispatchThroughMiddleware(Object(Illuminate\\Queue\\Jobs\\DatabaseJob), Object(Illuminate\\Notifications\\SendQueuedNotifications))\n#25 E:\\www\\digikash\\vendor\\laravel\\framework\\src\\Illuminate\\Queue\\Jobs\\Job.php(102): Illuminate\\Queue\\CallQueuedHandler->call(Object(Illuminate\\Queue\\Jobs\\DatabaseJob), Array)\n#26 E:\\www\\digikash\\vendor\\laravel\\framework\\src\\Illuminate\\Queue\\Worker.php(442): Illuminate\\Queue\\Jobs\\Job->fire()\n#27 E:\\www\\digikash\\vendor\\laravel\\framework\\src\\Illuminate\\Queue\\Worker.php(392): Illuminate\\Queue\\Worker->process(\'database\', Object(Illuminate\\Queue\\Jobs\\DatabaseJob), Object(Illuminate\\Queue\\WorkerOptions))\n#28 E:\\www\\digikash\\vendor\\laravel\\framework\\src\\Illuminate\\Queue\\Worker.php(178): Illuminate\\Queue\\Worker->runJob(Object(Illuminate\\Queue\\Jobs\\DatabaseJob), \'database\', Object(Illuminate\\Queue\\WorkerOptions))\n#29 E:\\www\\digikash\\vendor\\laravel\\framework\\src\\Illuminate\\Queue\\Console\\WorkCommand.php(149): Illuminate\\Queue\\Worker->daemon(\'database\', \'default\', Object(Illuminate\\Queue\\WorkerOptions))\n#30 E:\\www\\digikash\\vendor\\laravel\\framework\\src\\Illuminate\\Queue\\Console\\WorkCommand.php(132): Illuminate\\Queue\\Console\\WorkCommand->runWorker(\'database\', \'default\')\n#31 E:\\www\\digikash\\vendor\\laravel\\framework\\src\\Illuminate\\Container\\BoundMethod.php(36): Illuminate\\Queue\\Console\\WorkCommand->handle()\n#32 E:\\www\\digikash\\vendor\\laravel\\framework\\src\\Illuminate\\Container\\Util.php(43): Illuminate\\Container\\BoundMethod::Illuminate\\Container\\{closure}()\n#33 E:\\www\\digikash\\vendor\\laravel\\framework\\src\\Illuminate\\Container\\BoundMethod.php(95): Illuminate\\Container\\Util::unwrapIfClosure(Object(Closure))\n#34 E:\\www\\digikash\\vendor\\laravel\\framework\\src\\Illuminate\\Container\\BoundMethod.php(35): Illuminate\\Container\\BoundMethod::callBoundMethod(Object(Illuminate\\Foundation\\Application), Array, Object(Closure))\n#35 E:\\www\\digikash\\vendor\\laravel\\framework\\src\\Illuminate\\Container\\Container.php(696): Illuminate\\Container\\BoundMethod::call(Object(Illuminate\\Foundation\\Application), Array, Array, NULL)\n#36 E:\\www\\digikash\\vendor\\laravel\\framework\\src\\Illuminate\\Console\\Command.php(213): Illuminate\\Container\\Container->call(Array)\n#37 E:\\www\\digikash\\vendor\\symfony\\console\\Command\\Command.php(279): Illuminate\\Console\\Command->execute(Object(Symfony\\Component\\Console\\Input\\ArgvInput), Object(Illuminate\\Console\\OutputStyle))\n#38 E:\\www\\digikash\\vendor\\laravel\\framework\\src\\Illuminate\\Console\\Command.php(182): Symfony\\Component\\Console\\Command\\Command->run(Object(Symfony\\Component\\Console\\Input\\ArgvInput), Object(Illuminate\\Console\\OutputStyle))\n#39 E:\\www\\digikash\\vendor\\symfony\\console\\Application.php(1094): Illuminate\\Console\\Command->run(Object(Symfony\\Component\\Console\\Input\\ArgvInput), Object(Symfony\\Component\\Console\\Output\\ConsoleOutput))\n#40 E:\\www\\digikash\\vendor\\symfony\\console\\Application.php(342): Symfony\\Component\\Console\\Application->doRunCommand(Object(Illuminate\\Queue\\Console\\WorkCommand), Object(Symfony\\Component\\Console\\Input\\ArgvInput), Object(Symfony\\Component\\Console\\Output\\ConsoleOutput))\n#41 E:\\www\\digikash\\vendor\\symfony\\console\\Application.php(193): Symfony\\Component\\Console\\Application->doRun(Object(Symfony\\Component\\Console\\Input\\ArgvInput), Object(Symfony\\Component\\Console\\Output\\ConsoleOutput))\n#42 E:\\www\\digikash\\vendor\\laravel\\framework\\src\\Illuminate\\Foundation\\Console\\Kernel.php(198): Symfony\\Component\\Console\\Application->run(Object(Symfony\\Component\\Console\\Input\\ArgvInput), Object(Symfony\\Component\\Console\\Output\\ConsoleOutput))\n#43 E:\\www\\digikash\\vendor\\laravel\\framework\\src\\Illuminate\\Foundation\\Application.php(1235): Illuminate\\Foundation\\Console\\Kernel->handle(Object(Symfony\\Component\\Console\\Input\\ArgvInput), Object(Symfony\\Component\\Console\\Output\\ConsoleOutput))\n#44 E:\\www\\digikash\\artisan(13): Illuminate\\Foundation\\Application->handleCommand(Object(Symfony\\Component\\Console\\Input\\ArgvInput))\n#45 {main}', '2025-04-28 19:54:47'),
(562, '50c5432b-02af-4a06-8b8c-24fb9b3f7756', 'database', 'default', '{\"uuid\":\"50c5432b-02af-4a06-8b8c-24fb9b3f7756\",\"displayName\":\"App\\\\Notifications\\\\TemplateNotification\",\"job\":\"Illuminate\\\\Queue\\\\CallQueuedHandler@call\",\"maxTries\":null,\"maxExceptions\":null,\"failOnTimeout\":false,\"backoff\":null,\"timeout\":null,\"retryUntil\":null,\"data\":{\"commandName\":\"Illuminate\\\\Notifications\\\\SendQueuedNotifications\",\"command\":\"O:48:\\\"Illuminate\\\\Notifications\\\\SendQueuedNotifications\\\":3:{s:11:\\\"notifiables\\\";O:45:\\\"Illuminate\\\\Contracts\\\\Database\\\\ModelIdentifier\\\":5:{s:5:\\\"class\\\";s:15:\\\"App\\\\Models\\\\User\\\";s:2:\\\"id\\\";a:1:{i:0;i:47;}s:9:\\\"relations\\\";a:0:{}s:10:\\\"connection\\\";s:5:\\\"mysql\\\";s:15:\\\"collectionClass\\\";N;}s:12:\\\"notification\\\";O:38:\\\"App\\\\Notifications\\\\TemplateNotification\\\":3:{s:13:\\\"\\u0000*\\u0000identifier\\\";s:21:\\\"deposit_user_approved\\\";s:7:\\\"\\u0000*\\u0000data\\\";a:2:{s:6:\\\"amount\\\";s:7:\\\"500 USD\\\";s:6:\\\"method\\\";s:13:\\\"Bank Transfer\\\";}s:2:\\\"id\\\";s:36:\\\"24ad24aa-ac5a-45d3-92d7-fbb344ae9dd1\\\";}s:8:\\\"channels\\\";a:1:{i:0;s:41:\\\"NotificationChannels\\\\Twilio\\\\TwilioChannel\\\";}}\"}}', 'Twilio\\Exceptions\\RestException: [HTTP 429] Unable to create record: Account ACbfdc5b6e20afc5a0290c78af2a349f1b exceeded the 9 daily messages limit in E:\\www\\digikash\\vendor\\twilio\\sdk\\src\\Twilio\\Version.php:88\nStack trace:\n#0 E:\\www\\digikash\\vendor\\twilio\\sdk\\src\\Twilio\\Version.php(223): Twilio\\Version->exception(Object(Twilio\\Http\\Response), \'Unable to creat...\')\n#1 E:\\www\\digikash\\vendor\\twilio\\sdk\\src\\Twilio\\Rest\\Api\\V2010\\Account\\MessageList.php(118): Twilio\\Version->create(\'POST\', \'/Accounts/ACbfd...\', Array, Array, Array)\n#2 E:\\www\\digikash\\vendor\\laravel-notification-channels\\twilio\\src\\Twilio.php(92): Twilio\\Rest\\Api\\V2010\\Account\\MessageList->create(\'+8801847305958\', Object(Twilio\\Values))\n#3 E:\\www\\digikash\\vendor\\laravel-notification-channels\\twilio\\src\\Twilio.php(31): NotificationChannels\\Twilio\\Twilio->sendSmsMessage(Object(NotificationChannels\\Twilio\\TwilioSmsMessage), \'+8801847305958\')\n#4 E:\\www\\digikash\\vendor\\laravel-notification-channels\\twilio\\src\\TwilioChannel.php(43): NotificationChannels\\Twilio\\Twilio->sendMessage(Object(NotificationChannels\\Twilio\\TwilioSmsMessage), \'+8801733060254\', false)\n#5 E:\\www\\digikash\\vendor\\laravel\\framework\\src\\Illuminate\\Notifications\\NotificationSender.php(148): NotificationChannels\\Twilio\\TwilioChannel->send(Object(App\\Models\\User), Object(App\\Notifications\\TemplateNotification))\n#6 E:\\www\\digikash\\vendor\\laravel\\framework\\src\\Illuminate\\Notifications\\NotificationSender.php(106): Illuminate\\Notifications\\NotificationSender->sendToNotifiable(Object(App\\Models\\User), \'2f820fe2-303c-4...\', Object(App\\Notifications\\TemplateNotification), \'NotificationCha...\')\n#7 E:\\www\\digikash\\vendor\\laravel\\framework\\src\\Illuminate\\Support\\Traits\\Localizable.php(19): Illuminate\\Notifications\\NotificationSender->Illuminate\\Notifications\\{closure}()\n#8 E:\\www\\digikash\\vendor\\laravel\\framework\\src\\Illuminate\\Notifications\\NotificationSender.php(101): Illuminate\\Notifications\\NotificationSender->withLocale(NULL, Object(Closure))\n#9 E:\\www\\digikash\\vendor\\laravel\\framework\\src\\Illuminate\\Notifications\\ChannelManager.php(54): Illuminate\\Notifications\\NotificationSender->sendNow(Object(Illuminate\\Database\\Eloquent\\Collection), Object(App\\Notifications\\TemplateNotification), Array)\n#10 E:\\www\\digikash\\vendor\\laravel\\framework\\src\\Illuminate\\Notifications\\SendQueuedNotifications.php(119): Illuminate\\Notifications\\ChannelManager->sendNow(Object(Illuminate\\Database\\Eloquent\\Collection), Object(App\\Notifications\\TemplateNotification), Array)\n#11 E:\\www\\digikash\\vendor\\laravel\\framework\\src\\Illuminate\\Container\\BoundMethod.php(36): Illuminate\\Notifications\\SendQueuedNotifications->handle(Object(Illuminate\\Notifications\\ChannelManager))\n#12 E:\\www\\digikash\\vendor\\laravel\\framework\\src\\Illuminate\\Container\\Util.php(43): Illuminate\\Container\\BoundMethod::Illuminate\\Container\\{closure}()\n#13 E:\\www\\digikash\\vendor\\laravel\\framework\\src\\Illuminate\\Container\\BoundMethod.php(95): Illuminate\\Container\\Util::unwrapIfClosure(Object(Closure))\n#14 E:\\www\\digikash\\vendor\\laravel\\framework\\src\\Illuminate\\Container\\BoundMethod.php(35): Illuminate\\Container\\BoundMethod::callBoundMethod(Object(Illuminate\\Foundation\\Application), Array, Object(Closure))\n#15 E:\\www\\digikash\\vendor\\laravel\\framework\\src\\Illuminate\\Container\\Container.php(696): Illuminate\\Container\\BoundMethod::call(Object(Illuminate\\Foundation\\Application), Array, Array, NULL)\n#16 E:\\www\\digikash\\vendor\\laravel\\framework\\src\\Illuminate\\Bus\\Dispatcher.php(126): Illuminate\\Container\\Container->call(Array)\n#17 E:\\www\\digikash\\vendor\\laravel\\framework\\src\\Illuminate\\Pipeline\\Pipeline.php(170): Illuminate\\Bus\\Dispatcher->Illuminate\\Bus\\{closure}(Object(Illuminate\\Notifications\\SendQueuedNotifications))\n#18 E:\\www\\digikash\\vendor\\laravel\\framework\\src\\Illuminate\\Pipeline\\Pipeline.php(127): Illuminate\\Pipeline\\Pipeline->Illuminate\\Pipeline\\{closure}(Object(Illuminate\\Notifications\\SendQueuedNotifications))\n#19 E:\\www\\digikash\\vendor\\laravel\\framework\\src\\Illuminate\\Bus\\Dispatcher.php(130): Illuminate\\Pipeline\\Pipeline->then(Object(Closure))\n#20 E:\\www\\digikash\\vendor\\laravel\\framework\\src\\Illuminate\\Queue\\CallQueuedHandler.php(126): Illuminate\\Bus\\Dispatcher->dispatchNow(Object(Illuminate\\Notifications\\SendQueuedNotifications), false)\n#21 E:\\www\\digikash\\vendor\\laravel\\framework\\src\\Illuminate\\Pipeline\\Pipeline.php(170): Illuminate\\Queue\\CallQueuedHandler->Illuminate\\Queue\\{closure}(Object(Illuminate\\Notifications\\SendQueuedNotifications))\n#22 E:\\www\\digikash\\vendor\\laravel\\framework\\src\\Illuminate\\Pipeline\\Pipeline.php(127): Illuminate\\Pipeline\\Pipeline->Illuminate\\Pipeline\\{closure}(Object(Illuminate\\Notifications\\SendQueuedNotifications))\n#23 E:\\www\\digikash\\vendor\\laravel\\framework\\src\\Illuminate\\Queue\\CallQueuedHandler.php(121): Illuminate\\Pipeline\\Pipeline->then(Object(Closure))\n#24 E:\\www\\digikash\\vendor\\laravel\\framework\\src\\Illuminate\\Queue\\CallQueuedHandler.php(69): Illuminate\\Queue\\CallQueuedHandler->dispatchThroughMiddleware(Object(Illuminate\\Queue\\Jobs\\DatabaseJob), Object(Illuminate\\Notifications\\SendQueuedNotifications))\n#25 E:\\www\\digikash\\vendor\\laravel\\framework\\src\\Illuminate\\Queue\\Jobs\\Job.php(102): Illuminate\\Queue\\CallQueuedHandler->call(Object(Illuminate\\Queue\\Jobs\\DatabaseJob), Array)\n#26 E:\\www\\digikash\\vendor\\laravel\\framework\\src\\Illuminate\\Queue\\Worker.php(442): Illuminate\\Queue\\Jobs\\Job->fire()\n#27 E:\\www\\digikash\\vendor\\laravel\\framework\\src\\Illuminate\\Queue\\Worker.php(392): Illuminate\\Queue\\Worker->process(\'database\', Object(Illuminate\\Queue\\Jobs\\DatabaseJob), Object(Illuminate\\Queue\\WorkerOptions))\n#28 E:\\www\\digikash\\vendor\\laravel\\framework\\src\\Illuminate\\Queue\\Worker.php(178): Illuminate\\Queue\\Worker->runJob(Object(Illuminate\\Queue\\Jobs\\DatabaseJob), \'database\', Object(Illuminate\\Queue\\WorkerOptions))\n#29 E:\\www\\digikash\\vendor\\laravel\\framework\\src\\Illuminate\\Queue\\Console\\WorkCommand.php(149): Illuminate\\Queue\\Worker->daemon(\'database\', \'default\', Object(Illuminate\\Queue\\WorkerOptions))\n#30 E:\\www\\digikash\\vendor\\laravel\\framework\\src\\Illuminate\\Queue\\Console\\WorkCommand.php(132): Illuminate\\Queue\\Console\\WorkCommand->runWorker(\'database\', \'default\')\n#31 E:\\www\\digikash\\vendor\\laravel\\framework\\src\\Illuminate\\Container\\BoundMethod.php(36): Illuminate\\Queue\\Console\\WorkCommand->handle()\n#32 E:\\www\\digikash\\vendor\\laravel\\framework\\src\\Illuminate\\Container\\Util.php(43): Illuminate\\Container\\BoundMethod::Illuminate\\Container\\{closure}()\n#33 E:\\www\\digikash\\vendor\\laravel\\framework\\src\\Illuminate\\Container\\BoundMethod.php(95): Illuminate\\Container\\Util::unwrapIfClosure(Object(Closure))\n#34 E:\\www\\digikash\\vendor\\laravel\\framework\\src\\Illuminate\\Container\\BoundMethod.php(35): Illuminate\\Container\\BoundMethod::callBoundMethod(Object(Illuminate\\Foundation\\Application), Array, Object(Closure))\n#35 E:\\www\\digikash\\vendor\\laravel\\framework\\src\\Illuminate\\Container\\Container.php(696): Illuminate\\Container\\BoundMethod::call(Object(Illuminate\\Foundation\\Application), Array, Array, NULL)\n#36 E:\\www\\digikash\\vendor\\laravel\\framework\\src\\Illuminate\\Console\\Command.php(213): Illuminate\\Container\\Container->call(Array)\n#37 E:\\www\\digikash\\vendor\\symfony\\console\\Command\\Command.php(279): Illuminate\\Console\\Command->execute(Object(Symfony\\Component\\Console\\Input\\ArgvInput), Object(Illuminate\\Console\\OutputStyle))\n#38 E:\\www\\digikash\\vendor\\laravel\\framework\\src\\Illuminate\\Console\\Command.php(182): Symfony\\Component\\Console\\Command\\Command->run(Object(Symfony\\Component\\Console\\Input\\ArgvInput), Object(Illuminate\\Console\\OutputStyle))\n#39 E:\\www\\digikash\\vendor\\symfony\\console\\Application.php(1094): Illuminate\\Console\\Command->run(Object(Symfony\\Component\\Console\\Input\\ArgvInput), Object(Symfony\\Component\\Console\\Output\\ConsoleOutput))\n#40 E:\\www\\digikash\\vendor\\symfony\\console\\Application.php(342): Symfony\\Component\\Console\\Application->doRunCommand(Object(Illuminate\\Queue\\Console\\WorkCommand), Object(Symfony\\Component\\Console\\Input\\ArgvInput), Object(Symfony\\Component\\Console\\Output\\ConsoleOutput))\n#41 E:\\www\\digikash\\vendor\\symfony\\console\\Application.php(193): Symfony\\Component\\Console\\Application->doRun(Object(Symfony\\Component\\Console\\Input\\ArgvInput), Object(Symfony\\Component\\Console\\Output\\ConsoleOutput))\n#42 E:\\www\\digikash\\vendor\\laravel\\framework\\src\\Illuminate\\Foundation\\Console\\Kernel.php(198): Symfony\\Component\\Console\\Application->run(Object(Symfony\\Component\\Console\\Input\\ArgvInput), Object(Symfony\\Component\\Console\\Output\\ConsoleOutput))\n#43 E:\\www\\digikash\\vendor\\laravel\\framework\\src\\Illuminate\\Foundation\\Application.php(1235): Illuminate\\Foundation\\Console\\Kernel->handle(Object(Symfony\\Component\\Console\\Input\\ArgvInput), Object(Symfony\\Component\\Console\\Output\\ConsoleOutput))\n#44 E:\\www\\digikash\\artisan(13): Illuminate\\Foundation\\Application->handleCommand(Object(Symfony\\Component\\Console\\Input\\ArgvInput))\n#45 {main}', '2025-04-28 19:54:47');
INSERT INTO `failed_jobs` (`id`, `uuid`, `connection`, `queue`, `payload`, `exception`, `failed_at`) VALUES
(563, '6df7a842-45a6-4e15-bcb2-86eed56edf97', 'database', 'default', '{\"uuid\":\"6df7a842-45a6-4e15-bcb2-86eed56edf97\",\"displayName\":\"App\\\\Notifications\\\\TemplateNotification\",\"job\":\"Illuminate\\\\Queue\\\\CallQueuedHandler@call\",\"maxTries\":null,\"maxExceptions\":null,\"failOnTimeout\":false,\"backoff\":null,\"timeout\":null,\"retryUntil\":null,\"data\":{\"commandName\":\"Illuminate\\\\Notifications\\\\SendQueuedNotifications\",\"command\":\"O:48:\\\"Illuminate\\\\Notifications\\\\SendQueuedNotifications\\\":3:{s:11:\\\"notifiables\\\";O:45:\\\"Illuminate\\\\Contracts\\\\Database\\\\ModelIdentifier\\\":5:{s:5:\\\"class\\\";s:15:\\\"App\\\\Models\\\\User\\\";s:2:\\\"id\\\";a:1:{i:0;i:47;}s:9:\\\"relations\\\";a:0:{}s:10:\\\"connection\\\";s:5:\\\"mysql\\\";s:15:\\\"collectionClass\\\";N;}s:12:\\\"notification\\\";O:38:\\\"App\\\\Notifications\\\\TemplateNotification\\\":3:{s:13:\\\"\\u0000*\\u0000identifier\\\";s:21:\\\"deposit_user_approved\\\";s:7:\\\"\\u0000*\\u0000data\\\";a:2:{s:6:\\\"amount\\\";s:7:\\\"500 USD\\\";s:6:\\\"method\\\";s:13:\\\"Bank Transfer\\\";}s:2:\\\"id\\\";s:36:\\\"6c8e465c-4759-4ec9-8e6c-59a31ff9f8f4\\\";}s:8:\\\"channels\\\";a:1:{i:0;s:41:\\\"NotificationChannels\\\\Twilio\\\\TwilioChannel\\\";}}\"}}', 'Twilio\\Exceptions\\RestException: [HTTP 429] Unable to create record: Account ACbfdc5b6e20afc5a0290c78af2a349f1b exceeded the 9 daily messages limit in E:\\www\\digikash\\vendor\\twilio\\sdk\\src\\Twilio\\Version.php:88\nStack trace:\n#0 E:\\www\\digikash\\vendor\\twilio\\sdk\\src\\Twilio\\Version.php(223): Twilio\\Version->exception(Object(Twilio\\Http\\Response), \'Unable to creat...\')\n#1 E:\\www\\digikash\\vendor\\twilio\\sdk\\src\\Twilio\\Rest\\Api\\V2010\\Account\\MessageList.php(118): Twilio\\Version->create(\'POST\', \'/Accounts/ACbfd...\', Array, Array, Array)\n#2 E:\\www\\digikash\\vendor\\laravel-notification-channels\\twilio\\src\\Twilio.php(92): Twilio\\Rest\\Api\\V2010\\Account\\MessageList->create(\'+8801847305958\', Object(Twilio\\Values))\n#3 E:\\www\\digikash\\vendor\\laravel-notification-channels\\twilio\\src\\Twilio.php(31): NotificationChannels\\Twilio\\Twilio->sendSmsMessage(Object(NotificationChannels\\Twilio\\TwilioSmsMessage), \'+8801847305958\')\n#4 E:\\www\\digikash\\vendor\\laravel-notification-channels\\twilio\\src\\TwilioChannel.php(43): NotificationChannels\\Twilio\\Twilio->sendMessage(Object(NotificationChannels\\Twilio\\TwilioSmsMessage), \'+8801733060254\', false)\n#5 E:\\www\\digikash\\vendor\\laravel\\framework\\src\\Illuminate\\Notifications\\NotificationSender.php(148): NotificationChannels\\Twilio\\TwilioChannel->send(Object(App\\Models\\User), Object(App\\Notifications\\TemplateNotification))\n#6 E:\\www\\digikash\\vendor\\laravel\\framework\\src\\Illuminate\\Notifications\\NotificationSender.php(106): Illuminate\\Notifications\\NotificationSender->sendToNotifiable(Object(App\\Models\\User), \'eb1ec399-ce90-4...\', Object(App\\Notifications\\TemplateNotification), \'NotificationCha...\')\n#7 E:\\www\\digikash\\vendor\\laravel\\framework\\src\\Illuminate\\Support\\Traits\\Localizable.php(19): Illuminate\\Notifications\\NotificationSender->Illuminate\\Notifications\\{closure}()\n#8 E:\\www\\digikash\\vendor\\laravel\\framework\\src\\Illuminate\\Notifications\\NotificationSender.php(101): Illuminate\\Notifications\\NotificationSender->withLocale(NULL, Object(Closure))\n#9 E:\\www\\digikash\\vendor\\laravel\\framework\\src\\Illuminate\\Notifications\\ChannelManager.php(54): Illuminate\\Notifications\\NotificationSender->sendNow(Object(Illuminate\\Database\\Eloquent\\Collection), Object(App\\Notifications\\TemplateNotification), Array)\n#10 E:\\www\\digikash\\vendor\\laravel\\framework\\src\\Illuminate\\Notifications\\SendQueuedNotifications.php(119): Illuminate\\Notifications\\ChannelManager->sendNow(Object(Illuminate\\Database\\Eloquent\\Collection), Object(App\\Notifications\\TemplateNotification), Array)\n#11 E:\\www\\digikash\\vendor\\laravel\\framework\\src\\Illuminate\\Container\\BoundMethod.php(36): Illuminate\\Notifications\\SendQueuedNotifications->handle(Object(Illuminate\\Notifications\\ChannelManager))\n#12 E:\\www\\digikash\\vendor\\laravel\\framework\\src\\Illuminate\\Container\\Util.php(43): Illuminate\\Container\\BoundMethod::Illuminate\\Container\\{closure}()\n#13 E:\\www\\digikash\\vendor\\laravel\\framework\\src\\Illuminate\\Container\\BoundMethod.php(95): Illuminate\\Container\\Util::unwrapIfClosure(Object(Closure))\n#14 E:\\www\\digikash\\vendor\\laravel\\framework\\src\\Illuminate\\Container\\BoundMethod.php(35): Illuminate\\Container\\BoundMethod::callBoundMethod(Object(Illuminate\\Foundation\\Application), Array, Object(Closure))\n#15 E:\\www\\digikash\\vendor\\laravel\\framework\\src\\Illuminate\\Container\\Container.php(696): Illuminate\\Container\\BoundMethod::call(Object(Illuminate\\Foundation\\Application), Array, Array, NULL)\n#16 E:\\www\\digikash\\vendor\\laravel\\framework\\src\\Illuminate\\Bus\\Dispatcher.php(126): Illuminate\\Container\\Container->call(Array)\n#17 E:\\www\\digikash\\vendor\\laravel\\framework\\src\\Illuminate\\Pipeline\\Pipeline.php(170): Illuminate\\Bus\\Dispatcher->Illuminate\\Bus\\{closure}(Object(Illuminate\\Notifications\\SendQueuedNotifications))\n#18 E:\\www\\digikash\\vendor\\laravel\\framework\\src\\Illuminate\\Pipeline\\Pipeline.php(127): Illuminate\\Pipeline\\Pipeline->Illuminate\\Pipeline\\{closure}(Object(Illuminate\\Notifications\\SendQueuedNotifications))\n#19 E:\\www\\digikash\\vendor\\laravel\\framework\\src\\Illuminate\\Bus\\Dispatcher.php(130): Illuminate\\Pipeline\\Pipeline->then(Object(Closure))\n#20 E:\\www\\digikash\\vendor\\laravel\\framework\\src\\Illuminate\\Queue\\CallQueuedHandler.php(126): Illuminate\\Bus\\Dispatcher->dispatchNow(Object(Illuminate\\Notifications\\SendQueuedNotifications), false)\n#21 E:\\www\\digikash\\vendor\\laravel\\framework\\src\\Illuminate\\Pipeline\\Pipeline.php(170): Illuminate\\Queue\\CallQueuedHandler->Illuminate\\Queue\\{closure}(Object(Illuminate\\Notifications\\SendQueuedNotifications))\n#22 E:\\www\\digikash\\vendor\\laravel\\framework\\src\\Illuminate\\Pipeline\\Pipeline.php(127): Illuminate\\Pipeline\\Pipeline->Illuminate\\Pipeline\\{closure}(Object(Illuminate\\Notifications\\SendQueuedNotifications))\n#23 E:\\www\\digikash\\vendor\\laravel\\framework\\src\\Illuminate\\Queue\\CallQueuedHandler.php(121): Illuminate\\Pipeline\\Pipeline->then(Object(Closure))\n#24 E:\\www\\digikash\\vendor\\laravel\\framework\\src\\Illuminate\\Queue\\CallQueuedHandler.php(69): Illuminate\\Queue\\CallQueuedHandler->dispatchThroughMiddleware(Object(Illuminate\\Queue\\Jobs\\DatabaseJob), Object(Illuminate\\Notifications\\SendQueuedNotifications))\n#25 E:\\www\\digikash\\vendor\\laravel\\framework\\src\\Illuminate\\Queue\\Jobs\\Job.php(102): Illuminate\\Queue\\CallQueuedHandler->call(Object(Illuminate\\Queue\\Jobs\\DatabaseJob), Array)\n#26 E:\\www\\digikash\\vendor\\laravel\\framework\\src\\Illuminate\\Queue\\Worker.php(442): Illuminate\\Queue\\Jobs\\Job->fire()\n#27 E:\\www\\digikash\\vendor\\laravel\\framework\\src\\Illuminate\\Queue\\Worker.php(392): Illuminate\\Queue\\Worker->process(\'database\', Object(Illuminate\\Queue\\Jobs\\DatabaseJob), Object(Illuminate\\Queue\\WorkerOptions))\n#28 E:\\www\\digikash\\vendor\\laravel\\framework\\src\\Illuminate\\Queue\\Worker.php(178): Illuminate\\Queue\\Worker->runJob(Object(Illuminate\\Queue\\Jobs\\DatabaseJob), \'database\', Object(Illuminate\\Queue\\WorkerOptions))\n#29 E:\\www\\digikash\\vendor\\laravel\\framework\\src\\Illuminate\\Queue\\Console\\WorkCommand.php(149): Illuminate\\Queue\\Worker->daemon(\'database\', \'default\', Object(Illuminate\\Queue\\WorkerOptions))\n#30 E:\\www\\digikash\\vendor\\laravel\\framework\\src\\Illuminate\\Queue\\Console\\WorkCommand.php(132): Illuminate\\Queue\\Console\\WorkCommand->runWorker(\'database\', \'default\')\n#31 E:\\www\\digikash\\vendor\\laravel\\framework\\src\\Illuminate\\Container\\BoundMethod.php(36): Illuminate\\Queue\\Console\\WorkCommand->handle()\n#32 E:\\www\\digikash\\vendor\\laravel\\framework\\src\\Illuminate\\Container\\Util.php(43): Illuminate\\Container\\BoundMethod::Illuminate\\Container\\{closure}()\n#33 E:\\www\\digikash\\vendor\\laravel\\framework\\src\\Illuminate\\Container\\BoundMethod.php(95): Illuminate\\Container\\Util::unwrapIfClosure(Object(Closure))\n#34 E:\\www\\digikash\\vendor\\laravel\\framework\\src\\Illuminate\\Container\\BoundMethod.php(35): Illuminate\\Container\\BoundMethod::callBoundMethod(Object(Illuminate\\Foundation\\Application), Array, Object(Closure))\n#35 E:\\www\\digikash\\vendor\\laravel\\framework\\src\\Illuminate\\Container\\Container.php(696): Illuminate\\Container\\BoundMethod::call(Object(Illuminate\\Foundation\\Application), Array, Array, NULL)\n#36 E:\\www\\digikash\\vendor\\laravel\\framework\\src\\Illuminate\\Console\\Command.php(213): Illuminate\\Container\\Container->call(Array)\n#37 E:\\www\\digikash\\vendor\\symfony\\console\\Command\\Command.php(279): Illuminate\\Console\\Command->execute(Object(Symfony\\Component\\Console\\Input\\ArgvInput), Object(Illuminate\\Console\\OutputStyle))\n#38 E:\\www\\digikash\\vendor\\laravel\\framework\\src\\Illuminate\\Console\\Command.php(182): Symfony\\Component\\Console\\Command\\Command->run(Object(Symfony\\Component\\Console\\Input\\ArgvInput), Object(Illuminate\\Console\\OutputStyle))\n#39 E:\\www\\digikash\\vendor\\symfony\\console\\Application.php(1094): Illuminate\\Console\\Command->run(Object(Symfony\\Component\\Console\\Input\\ArgvInput), Object(Symfony\\Component\\Console\\Output\\ConsoleOutput))\n#40 E:\\www\\digikash\\vendor\\symfony\\console\\Application.php(342): Symfony\\Component\\Console\\Application->doRunCommand(Object(Illuminate\\Queue\\Console\\WorkCommand), Object(Symfony\\Component\\Console\\Input\\ArgvInput), Object(Symfony\\Component\\Console\\Output\\ConsoleOutput))\n#41 E:\\www\\digikash\\vendor\\symfony\\console\\Application.php(193): Symfony\\Component\\Console\\Application->doRun(Object(Symfony\\Component\\Console\\Input\\ArgvInput), Object(Symfony\\Component\\Console\\Output\\ConsoleOutput))\n#42 E:\\www\\digikash\\vendor\\laravel\\framework\\src\\Illuminate\\Foundation\\Console\\Kernel.php(198): Symfony\\Component\\Console\\Application->run(Object(Symfony\\Component\\Console\\Input\\ArgvInput), Object(Symfony\\Component\\Console\\Output\\ConsoleOutput))\n#43 E:\\www\\digikash\\vendor\\laravel\\framework\\src\\Illuminate\\Foundation\\Application.php(1235): Illuminate\\Foundation\\Console\\Kernel->handle(Object(Symfony\\Component\\Console\\Input\\ArgvInput), Object(Symfony\\Component\\Console\\Output\\ConsoleOutput))\n#44 E:\\www\\digikash\\artisan(13): Illuminate\\Foundation\\Application->handleCommand(Object(Symfony\\Component\\Console\\Input\\ArgvInput))\n#45 {main}', '2025-04-28 19:54:52'),
(564, 'f99bbd34-f530-4bb4-8a24-e57adbf86d74', 'database', 'default', '{\"uuid\":\"f99bbd34-f530-4bb4-8a24-e57adbf86d74\",\"displayName\":\"App\\\\Notifications\\\\TemplateNotification\",\"job\":\"Illuminate\\\\Queue\\\\CallQueuedHandler@call\",\"maxTries\":null,\"maxExceptions\":null,\"failOnTimeout\":false,\"backoff\":null,\"timeout\":null,\"retryUntil\":null,\"data\":{\"commandName\":\"Illuminate\\\\Notifications\\\\SendQueuedNotifications\",\"command\":\"O:48:\\\"Illuminate\\\\Notifications\\\\SendQueuedNotifications\\\":3:{s:11:\\\"notifiables\\\";O:45:\\\"Illuminate\\\\Contracts\\\\Database\\\\ModelIdentifier\\\":5:{s:5:\\\"class\\\";s:15:\\\"App\\\\Models\\\\User\\\";s:2:\\\"id\\\";a:1:{i:0;i:47;}s:9:\\\"relations\\\";a:0:{}s:10:\\\"connection\\\";s:5:\\\"mysql\\\";s:15:\\\"collectionClass\\\";N;}s:12:\\\"notification\\\";O:38:\\\"App\\\\Notifications\\\\TemplateNotification\\\":3:{s:13:\\\"\\u0000*\\u0000identifier\\\";s:21:\\\"deposit_user_approved\\\";s:7:\\\"\\u0000*\\u0000data\\\";a:2:{s:6:\\\"amount\\\";s:7:\\\"500 USD\\\";s:6:\\\"method\\\";s:13:\\\"Bank Transfer\\\";}s:2:\\\"id\\\";s:36:\\\"b07a6d97-5be0-43fb-ba36-11d632735087\\\";}s:8:\\\"channels\\\";a:1:{i:0;s:41:\\\"NotificationChannels\\\\Twilio\\\\TwilioChannel\\\";}}\"}}', 'Twilio\\Exceptions\\RestException: [HTTP 429] Unable to create record: Account ACbfdc5b6e20afc5a0290c78af2a349f1b exceeded the 9 daily messages limit in E:\\www\\digikash\\vendor\\twilio\\sdk\\src\\Twilio\\Version.php:88\nStack trace:\n#0 E:\\www\\digikash\\vendor\\twilio\\sdk\\src\\Twilio\\Version.php(223): Twilio\\Version->exception(Object(Twilio\\Http\\Response), \'Unable to creat...\')\n#1 E:\\www\\digikash\\vendor\\twilio\\sdk\\src\\Twilio\\Rest\\Api\\V2010\\Account\\MessageList.php(118): Twilio\\Version->create(\'POST\', \'/Accounts/ACbfd...\', Array, Array, Array)\n#2 E:\\www\\digikash\\vendor\\laravel-notification-channels\\twilio\\src\\Twilio.php(92): Twilio\\Rest\\Api\\V2010\\Account\\MessageList->create(\'+8801847305958\', Object(Twilio\\Values))\n#3 E:\\www\\digikash\\vendor\\laravel-notification-channels\\twilio\\src\\Twilio.php(31): NotificationChannels\\Twilio\\Twilio->sendSmsMessage(Object(NotificationChannels\\Twilio\\TwilioSmsMessage), \'+8801847305958\')\n#4 E:\\www\\digikash\\vendor\\laravel-notification-channels\\twilio\\src\\TwilioChannel.php(43): NotificationChannels\\Twilio\\Twilio->sendMessage(Object(NotificationChannels\\Twilio\\TwilioSmsMessage), \'+8801733060254\', false)\n#5 E:\\www\\digikash\\vendor\\laravel\\framework\\src\\Illuminate\\Notifications\\NotificationSender.php(148): NotificationChannels\\Twilio\\TwilioChannel->send(Object(App\\Models\\User), Object(App\\Notifications\\TemplateNotification))\n#6 E:\\www\\digikash\\vendor\\laravel\\framework\\src\\Illuminate\\Notifications\\NotificationSender.php(106): Illuminate\\Notifications\\NotificationSender->sendToNotifiable(Object(App\\Models\\User), \'423fc952-162a-4...\', Object(App\\Notifications\\TemplateNotification), \'NotificationCha...\')\n#7 E:\\www\\digikash\\vendor\\laravel\\framework\\src\\Illuminate\\Support\\Traits\\Localizable.php(19): Illuminate\\Notifications\\NotificationSender->Illuminate\\Notifications\\{closure}()\n#8 E:\\www\\digikash\\vendor\\laravel\\framework\\src\\Illuminate\\Notifications\\NotificationSender.php(101): Illuminate\\Notifications\\NotificationSender->withLocale(NULL, Object(Closure))\n#9 E:\\www\\digikash\\vendor\\laravel\\framework\\src\\Illuminate\\Notifications\\ChannelManager.php(54): Illuminate\\Notifications\\NotificationSender->sendNow(Object(Illuminate\\Database\\Eloquent\\Collection), Object(App\\Notifications\\TemplateNotification), Array)\n#10 E:\\www\\digikash\\vendor\\laravel\\framework\\src\\Illuminate\\Notifications\\SendQueuedNotifications.php(119): Illuminate\\Notifications\\ChannelManager->sendNow(Object(Illuminate\\Database\\Eloquent\\Collection), Object(App\\Notifications\\TemplateNotification), Array)\n#11 E:\\www\\digikash\\vendor\\laravel\\framework\\src\\Illuminate\\Container\\BoundMethod.php(36): Illuminate\\Notifications\\SendQueuedNotifications->handle(Object(Illuminate\\Notifications\\ChannelManager))\n#12 E:\\www\\digikash\\vendor\\laravel\\framework\\src\\Illuminate\\Container\\Util.php(43): Illuminate\\Container\\BoundMethod::Illuminate\\Container\\{closure}()\n#13 E:\\www\\digikash\\vendor\\laravel\\framework\\src\\Illuminate\\Container\\BoundMethod.php(95): Illuminate\\Container\\Util::unwrapIfClosure(Object(Closure))\n#14 E:\\www\\digikash\\vendor\\laravel\\framework\\src\\Illuminate\\Container\\BoundMethod.php(35): Illuminate\\Container\\BoundMethod::callBoundMethod(Object(Illuminate\\Foundation\\Application), Array, Object(Closure))\n#15 E:\\www\\digikash\\vendor\\laravel\\framework\\src\\Illuminate\\Container\\Container.php(696): Illuminate\\Container\\BoundMethod::call(Object(Illuminate\\Foundation\\Application), Array, Array, NULL)\n#16 E:\\www\\digikash\\vendor\\laravel\\framework\\src\\Illuminate\\Bus\\Dispatcher.php(126): Illuminate\\Container\\Container->call(Array)\n#17 E:\\www\\digikash\\vendor\\laravel\\framework\\src\\Illuminate\\Pipeline\\Pipeline.php(170): Illuminate\\Bus\\Dispatcher->Illuminate\\Bus\\{closure}(Object(Illuminate\\Notifications\\SendQueuedNotifications))\n#18 E:\\www\\digikash\\vendor\\laravel\\framework\\src\\Illuminate\\Pipeline\\Pipeline.php(127): Illuminate\\Pipeline\\Pipeline->Illuminate\\Pipeline\\{closure}(Object(Illuminate\\Notifications\\SendQueuedNotifications))\n#19 E:\\www\\digikash\\vendor\\laravel\\framework\\src\\Illuminate\\Bus\\Dispatcher.php(130): Illuminate\\Pipeline\\Pipeline->then(Object(Closure))\n#20 E:\\www\\digikash\\vendor\\laravel\\framework\\src\\Illuminate\\Queue\\CallQueuedHandler.php(126): Illuminate\\Bus\\Dispatcher->dispatchNow(Object(Illuminate\\Notifications\\SendQueuedNotifications), false)\n#21 E:\\www\\digikash\\vendor\\laravel\\framework\\src\\Illuminate\\Pipeline\\Pipeline.php(170): Illuminate\\Queue\\CallQueuedHandler->Illuminate\\Queue\\{closure}(Object(Illuminate\\Notifications\\SendQueuedNotifications))\n#22 E:\\www\\digikash\\vendor\\laravel\\framework\\src\\Illuminate\\Pipeline\\Pipeline.php(127): Illuminate\\Pipeline\\Pipeline->Illuminate\\Pipeline\\{closure}(Object(Illuminate\\Notifications\\SendQueuedNotifications))\n#23 E:\\www\\digikash\\vendor\\laravel\\framework\\src\\Illuminate\\Queue\\CallQueuedHandler.php(121): Illuminate\\Pipeline\\Pipeline->then(Object(Closure))\n#24 E:\\www\\digikash\\vendor\\laravel\\framework\\src\\Illuminate\\Queue\\CallQueuedHandler.php(69): Illuminate\\Queue\\CallQueuedHandler->dispatchThroughMiddleware(Object(Illuminate\\Queue\\Jobs\\DatabaseJob), Object(Illuminate\\Notifications\\SendQueuedNotifications))\n#25 E:\\www\\digikash\\vendor\\laravel\\framework\\src\\Illuminate\\Queue\\Jobs\\Job.php(102): Illuminate\\Queue\\CallQueuedHandler->call(Object(Illuminate\\Queue\\Jobs\\DatabaseJob), Array)\n#26 E:\\www\\digikash\\vendor\\laravel\\framework\\src\\Illuminate\\Queue\\Worker.php(442): Illuminate\\Queue\\Jobs\\Job->fire()\n#27 E:\\www\\digikash\\vendor\\laravel\\framework\\src\\Illuminate\\Queue\\Worker.php(392): Illuminate\\Queue\\Worker->process(\'database\', Object(Illuminate\\Queue\\Jobs\\DatabaseJob), Object(Illuminate\\Queue\\WorkerOptions))\n#28 E:\\www\\digikash\\vendor\\laravel\\framework\\src\\Illuminate\\Queue\\Worker.php(178): Illuminate\\Queue\\Worker->runJob(Object(Illuminate\\Queue\\Jobs\\DatabaseJob), \'database\', Object(Illuminate\\Queue\\WorkerOptions))\n#29 E:\\www\\digikash\\vendor\\laravel\\framework\\src\\Illuminate\\Queue\\Console\\WorkCommand.php(149): Illuminate\\Queue\\Worker->daemon(\'database\', \'default\', Object(Illuminate\\Queue\\WorkerOptions))\n#30 E:\\www\\digikash\\vendor\\laravel\\framework\\src\\Illuminate\\Queue\\Console\\WorkCommand.php(132): Illuminate\\Queue\\Console\\WorkCommand->runWorker(\'database\', \'default\')\n#31 E:\\www\\digikash\\vendor\\laravel\\framework\\src\\Illuminate\\Container\\BoundMethod.php(36): Illuminate\\Queue\\Console\\WorkCommand->handle()\n#32 E:\\www\\digikash\\vendor\\laravel\\framework\\src\\Illuminate\\Container\\Util.php(43): Illuminate\\Container\\BoundMethod::Illuminate\\Container\\{closure}()\n#33 E:\\www\\digikash\\vendor\\laravel\\framework\\src\\Illuminate\\Container\\BoundMethod.php(95): Illuminate\\Container\\Util::unwrapIfClosure(Object(Closure))\n#34 E:\\www\\digikash\\vendor\\laravel\\framework\\src\\Illuminate\\Container\\BoundMethod.php(35): Illuminate\\Container\\BoundMethod::callBoundMethod(Object(Illuminate\\Foundation\\Application), Array, Object(Closure))\n#35 E:\\www\\digikash\\vendor\\laravel\\framework\\src\\Illuminate\\Container\\Container.php(696): Illuminate\\Container\\BoundMethod::call(Object(Illuminate\\Foundation\\Application), Array, Array, NULL)\n#36 E:\\www\\digikash\\vendor\\laravel\\framework\\src\\Illuminate\\Console\\Command.php(213): Illuminate\\Container\\Container->call(Array)\n#37 E:\\www\\digikash\\vendor\\symfony\\console\\Command\\Command.php(279): Illuminate\\Console\\Command->execute(Object(Symfony\\Component\\Console\\Input\\ArgvInput), Object(Illuminate\\Console\\OutputStyle))\n#38 E:\\www\\digikash\\vendor\\laravel\\framework\\src\\Illuminate\\Console\\Command.php(182): Symfony\\Component\\Console\\Command\\Command->run(Object(Symfony\\Component\\Console\\Input\\ArgvInput), Object(Illuminate\\Console\\OutputStyle))\n#39 E:\\www\\digikash\\vendor\\symfony\\console\\Application.php(1094): Illuminate\\Console\\Command->run(Object(Symfony\\Component\\Console\\Input\\ArgvInput), Object(Symfony\\Component\\Console\\Output\\ConsoleOutput))\n#40 E:\\www\\digikash\\vendor\\symfony\\console\\Application.php(342): Symfony\\Component\\Console\\Application->doRunCommand(Object(Illuminate\\Queue\\Console\\WorkCommand), Object(Symfony\\Component\\Console\\Input\\ArgvInput), Object(Symfony\\Component\\Console\\Output\\ConsoleOutput))\n#41 E:\\www\\digikash\\vendor\\symfony\\console\\Application.php(193): Symfony\\Component\\Console\\Application->doRun(Object(Symfony\\Component\\Console\\Input\\ArgvInput), Object(Symfony\\Component\\Console\\Output\\ConsoleOutput))\n#42 E:\\www\\digikash\\vendor\\laravel\\framework\\src\\Illuminate\\Foundation\\Console\\Kernel.php(198): Symfony\\Component\\Console\\Application->run(Object(Symfony\\Component\\Console\\Input\\ArgvInput), Object(Symfony\\Component\\Console\\Output\\ConsoleOutput))\n#43 E:\\www\\digikash\\vendor\\laravel\\framework\\src\\Illuminate\\Foundation\\Application.php(1235): Illuminate\\Foundation\\Console\\Kernel->handle(Object(Symfony\\Component\\Console\\Input\\ArgvInput), Object(Symfony\\Component\\Console\\Output\\ConsoleOutput))\n#44 E:\\www\\digikash\\artisan(13): Illuminate\\Foundation\\Application->handleCommand(Object(Symfony\\Component\\Console\\Input\\ArgvInput))\n#45 {main}', '2025-04-28 19:54:53'),
(565, '83235fe6-cccf-486c-b539-4973a182c536', 'database', 'default', '{\"uuid\":\"83235fe6-cccf-486c-b539-4973a182c536\",\"displayName\":\"App\\\\Notifications\\\\TemplateNotification\",\"job\":\"Illuminate\\\\Queue\\\\CallQueuedHandler@call\",\"maxTries\":null,\"maxExceptions\":null,\"failOnTimeout\":false,\"backoff\":null,\"timeout\":null,\"retryUntil\":null,\"data\":{\"commandName\":\"Illuminate\\\\Notifications\\\\SendQueuedNotifications\",\"command\":\"O:48:\\\"Illuminate\\\\Notifications\\\\SendQueuedNotifications\\\":3:{s:11:\\\"notifiables\\\";O:45:\\\"Illuminate\\\\Contracts\\\\Database\\\\ModelIdentifier\\\":5:{s:5:\\\"class\\\";s:15:\\\"App\\\\Models\\\\User\\\";s:2:\\\"id\\\";a:1:{i:0;i:47;}s:9:\\\"relations\\\";a:0:{}s:10:\\\"connection\\\";s:5:\\\"mysql\\\";s:15:\\\"collectionClass\\\";N;}s:12:\\\"notification\\\";O:38:\\\"App\\\\Notifications\\\\TemplateNotification\\\":3:{s:13:\\\"\\u0000*\\u0000identifier\\\";s:21:\\\"deposit_user_approved\\\";s:7:\\\"\\u0000*\\u0000data\\\";a:2:{s:6:\\\"amount\\\";s:7:\\\"500 USD\\\";s:6:\\\"method\\\";s:13:\\\"Bank Transfer\\\";}s:2:\\\"id\\\";s:36:\\\"c260c063-145d-4bcc-b396-faafaed1a9e1\\\";}s:8:\\\"channels\\\";a:1:{i:0;s:41:\\\"NotificationChannels\\\\Twilio\\\\TwilioChannel\\\";}}\"}}', 'Twilio\\Exceptions\\RestException: [HTTP 429] Unable to create record: Account ACbfdc5b6e20afc5a0290c78af2a349f1b exceeded the 9 daily messages limit in E:\\www\\digikash\\vendor\\twilio\\sdk\\src\\Twilio\\Version.php:88\nStack trace:\n#0 E:\\www\\digikash\\vendor\\twilio\\sdk\\src\\Twilio\\Version.php(223): Twilio\\Version->exception(Object(Twilio\\Http\\Response), \'Unable to creat...\')\n#1 E:\\www\\digikash\\vendor\\twilio\\sdk\\src\\Twilio\\Rest\\Api\\V2010\\Account\\MessageList.php(118): Twilio\\Version->create(\'POST\', \'/Accounts/ACbfd...\', Array, Array, Array)\n#2 E:\\www\\digikash\\vendor\\laravel-notification-channels\\twilio\\src\\Twilio.php(92): Twilio\\Rest\\Api\\V2010\\Account\\MessageList->create(\'+8801847305958\', Object(Twilio\\Values))\n#3 E:\\www\\digikash\\vendor\\laravel-notification-channels\\twilio\\src\\Twilio.php(31): NotificationChannels\\Twilio\\Twilio->sendSmsMessage(Object(NotificationChannels\\Twilio\\TwilioSmsMessage), \'+8801847305958\')\n#4 E:\\www\\digikash\\vendor\\laravel-notification-channels\\twilio\\src\\TwilioChannel.php(43): NotificationChannels\\Twilio\\Twilio->sendMessage(Object(NotificationChannels\\Twilio\\TwilioSmsMessage), \'+8801733060254\', false)\n#5 E:\\www\\digikash\\vendor\\laravel\\framework\\src\\Illuminate\\Notifications\\NotificationSender.php(148): NotificationChannels\\Twilio\\TwilioChannel->send(Object(App\\Models\\User), Object(App\\Notifications\\TemplateNotification))\n#6 E:\\www\\digikash\\vendor\\laravel\\framework\\src\\Illuminate\\Notifications\\NotificationSender.php(106): Illuminate\\Notifications\\NotificationSender->sendToNotifiable(Object(App\\Models\\User), \'cf2953f9-c059-4...\', Object(App\\Notifications\\TemplateNotification), \'NotificationCha...\')\n#7 E:\\www\\digikash\\vendor\\laravel\\framework\\src\\Illuminate\\Support\\Traits\\Localizable.php(19): Illuminate\\Notifications\\NotificationSender->Illuminate\\Notifications\\{closure}()\n#8 E:\\www\\digikash\\vendor\\laravel\\framework\\src\\Illuminate\\Notifications\\NotificationSender.php(101): Illuminate\\Notifications\\NotificationSender->withLocale(NULL, Object(Closure))\n#9 E:\\www\\digikash\\vendor\\laravel\\framework\\src\\Illuminate\\Notifications\\ChannelManager.php(54): Illuminate\\Notifications\\NotificationSender->sendNow(Object(Illuminate\\Database\\Eloquent\\Collection), Object(App\\Notifications\\TemplateNotification), Array)\n#10 E:\\www\\digikash\\vendor\\laravel\\framework\\src\\Illuminate\\Notifications\\SendQueuedNotifications.php(119): Illuminate\\Notifications\\ChannelManager->sendNow(Object(Illuminate\\Database\\Eloquent\\Collection), Object(App\\Notifications\\TemplateNotification), Array)\n#11 E:\\www\\digikash\\vendor\\laravel\\framework\\src\\Illuminate\\Container\\BoundMethod.php(36): Illuminate\\Notifications\\SendQueuedNotifications->handle(Object(Illuminate\\Notifications\\ChannelManager))\n#12 E:\\www\\digikash\\vendor\\laravel\\framework\\src\\Illuminate\\Container\\Util.php(43): Illuminate\\Container\\BoundMethod::Illuminate\\Container\\{closure}()\n#13 E:\\www\\digikash\\vendor\\laravel\\framework\\src\\Illuminate\\Container\\BoundMethod.php(95): Illuminate\\Container\\Util::unwrapIfClosure(Object(Closure))\n#14 E:\\www\\digikash\\vendor\\laravel\\framework\\src\\Illuminate\\Container\\BoundMethod.php(35): Illuminate\\Container\\BoundMethod::callBoundMethod(Object(Illuminate\\Foundation\\Application), Array, Object(Closure))\n#15 E:\\www\\digikash\\vendor\\laravel\\framework\\src\\Illuminate\\Container\\Container.php(696): Illuminate\\Container\\BoundMethod::call(Object(Illuminate\\Foundation\\Application), Array, Array, NULL)\n#16 E:\\www\\digikash\\vendor\\laravel\\framework\\src\\Illuminate\\Bus\\Dispatcher.php(126): Illuminate\\Container\\Container->call(Array)\n#17 E:\\www\\digikash\\vendor\\laravel\\framework\\src\\Illuminate\\Pipeline\\Pipeline.php(170): Illuminate\\Bus\\Dispatcher->Illuminate\\Bus\\{closure}(Object(Illuminate\\Notifications\\SendQueuedNotifications))\n#18 E:\\www\\digikash\\vendor\\laravel\\framework\\src\\Illuminate\\Pipeline\\Pipeline.php(127): Illuminate\\Pipeline\\Pipeline->Illuminate\\Pipeline\\{closure}(Object(Illuminate\\Notifications\\SendQueuedNotifications))\n#19 E:\\www\\digikash\\vendor\\laravel\\framework\\src\\Illuminate\\Bus\\Dispatcher.php(130): Illuminate\\Pipeline\\Pipeline->then(Object(Closure))\n#20 E:\\www\\digikash\\vendor\\laravel\\framework\\src\\Illuminate\\Queue\\CallQueuedHandler.php(126): Illuminate\\Bus\\Dispatcher->dispatchNow(Object(Illuminate\\Notifications\\SendQueuedNotifications), false)\n#21 E:\\www\\digikash\\vendor\\laravel\\framework\\src\\Illuminate\\Pipeline\\Pipeline.php(170): Illuminate\\Queue\\CallQueuedHandler->Illuminate\\Queue\\{closure}(Object(Illuminate\\Notifications\\SendQueuedNotifications))\n#22 E:\\www\\digikash\\vendor\\laravel\\framework\\src\\Illuminate\\Pipeline\\Pipeline.php(127): Illuminate\\Pipeline\\Pipeline->Illuminate\\Pipeline\\{closure}(Object(Illuminate\\Notifications\\SendQueuedNotifications))\n#23 E:\\www\\digikash\\vendor\\laravel\\framework\\src\\Illuminate\\Queue\\CallQueuedHandler.php(121): Illuminate\\Pipeline\\Pipeline->then(Object(Closure))\n#24 E:\\www\\digikash\\vendor\\laravel\\framework\\src\\Illuminate\\Queue\\CallQueuedHandler.php(69): Illuminate\\Queue\\CallQueuedHandler->dispatchThroughMiddleware(Object(Illuminate\\Queue\\Jobs\\DatabaseJob), Object(Illuminate\\Notifications\\SendQueuedNotifications))\n#25 E:\\www\\digikash\\vendor\\laravel\\framework\\src\\Illuminate\\Queue\\Jobs\\Job.php(102): Illuminate\\Queue\\CallQueuedHandler->call(Object(Illuminate\\Queue\\Jobs\\DatabaseJob), Array)\n#26 E:\\www\\digikash\\vendor\\laravel\\framework\\src\\Illuminate\\Queue\\Worker.php(442): Illuminate\\Queue\\Jobs\\Job->fire()\n#27 E:\\www\\digikash\\vendor\\laravel\\framework\\src\\Illuminate\\Queue\\Worker.php(392): Illuminate\\Queue\\Worker->process(\'database\', Object(Illuminate\\Queue\\Jobs\\DatabaseJob), Object(Illuminate\\Queue\\WorkerOptions))\n#28 E:\\www\\digikash\\vendor\\laravel\\framework\\src\\Illuminate\\Queue\\Worker.php(178): Illuminate\\Queue\\Worker->runJob(Object(Illuminate\\Queue\\Jobs\\DatabaseJob), \'database\', Object(Illuminate\\Queue\\WorkerOptions))\n#29 E:\\www\\digikash\\vendor\\laravel\\framework\\src\\Illuminate\\Queue\\Console\\WorkCommand.php(149): Illuminate\\Queue\\Worker->daemon(\'database\', \'default\', Object(Illuminate\\Queue\\WorkerOptions))\n#30 E:\\www\\digikash\\vendor\\laravel\\framework\\src\\Illuminate\\Queue\\Console\\WorkCommand.php(132): Illuminate\\Queue\\Console\\WorkCommand->runWorker(\'database\', \'default\')\n#31 E:\\www\\digikash\\vendor\\laravel\\framework\\src\\Illuminate\\Container\\BoundMethod.php(36): Illuminate\\Queue\\Console\\WorkCommand->handle()\n#32 E:\\www\\digikash\\vendor\\laravel\\framework\\src\\Illuminate\\Container\\Util.php(43): Illuminate\\Container\\BoundMethod::Illuminate\\Container\\{closure}()\n#33 E:\\www\\digikash\\vendor\\laravel\\framework\\src\\Illuminate\\Container\\BoundMethod.php(95): Illuminate\\Container\\Util::unwrapIfClosure(Object(Closure))\n#34 E:\\www\\digikash\\vendor\\laravel\\framework\\src\\Illuminate\\Container\\BoundMethod.php(35): Illuminate\\Container\\BoundMethod::callBoundMethod(Object(Illuminate\\Foundation\\Application), Array, Object(Closure))\n#35 E:\\www\\digikash\\vendor\\laravel\\framework\\src\\Illuminate\\Container\\Container.php(696): Illuminate\\Container\\BoundMethod::call(Object(Illuminate\\Foundation\\Application), Array, Array, NULL)\n#36 E:\\www\\digikash\\vendor\\laravel\\framework\\src\\Illuminate\\Console\\Command.php(213): Illuminate\\Container\\Container->call(Array)\n#37 E:\\www\\digikash\\vendor\\symfony\\console\\Command\\Command.php(279): Illuminate\\Console\\Command->execute(Object(Symfony\\Component\\Console\\Input\\ArgvInput), Object(Illuminate\\Console\\OutputStyle))\n#38 E:\\www\\digikash\\vendor\\laravel\\framework\\src\\Illuminate\\Console\\Command.php(182): Symfony\\Component\\Console\\Command\\Command->run(Object(Symfony\\Component\\Console\\Input\\ArgvInput), Object(Illuminate\\Console\\OutputStyle))\n#39 E:\\www\\digikash\\vendor\\symfony\\console\\Application.php(1094): Illuminate\\Console\\Command->run(Object(Symfony\\Component\\Console\\Input\\ArgvInput), Object(Symfony\\Component\\Console\\Output\\ConsoleOutput))\n#40 E:\\www\\digikash\\vendor\\symfony\\console\\Application.php(342): Symfony\\Component\\Console\\Application->doRunCommand(Object(Illuminate\\Queue\\Console\\WorkCommand), Object(Symfony\\Component\\Console\\Input\\ArgvInput), Object(Symfony\\Component\\Console\\Output\\ConsoleOutput))\n#41 E:\\www\\digikash\\vendor\\symfony\\console\\Application.php(193): Symfony\\Component\\Console\\Application->doRun(Object(Symfony\\Component\\Console\\Input\\ArgvInput), Object(Symfony\\Component\\Console\\Output\\ConsoleOutput))\n#42 E:\\www\\digikash\\vendor\\laravel\\framework\\src\\Illuminate\\Foundation\\Console\\Kernel.php(198): Symfony\\Component\\Console\\Application->run(Object(Symfony\\Component\\Console\\Input\\ArgvInput), Object(Symfony\\Component\\Console\\Output\\ConsoleOutput))\n#43 E:\\www\\digikash\\vendor\\laravel\\framework\\src\\Illuminate\\Foundation\\Application.php(1235): Illuminate\\Foundation\\Console\\Kernel->handle(Object(Symfony\\Component\\Console\\Input\\ArgvInput), Object(Symfony\\Component\\Console\\Output\\ConsoleOutput))\n#44 E:\\www\\digikash\\artisan(13): Illuminate\\Foundation\\Application->handleCommand(Object(Symfony\\Component\\Console\\Input\\ArgvInput))\n#45 {main}', '2025-04-28 19:54:58'),
(566, 'b067168d-2b4e-42ec-9aab-2d22b80e65d2', 'database', 'default', '{\"uuid\":\"b067168d-2b4e-42ec-9aab-2d22b80e65d2\",\"displayName\":\"App\\\\Notifications\\\\TemplateNotification\",\"job\":\"Illuminate\\\\Queue\\\\CallQueuedHandler@call\",\"maxTries\":null,\"maxExceptions\":null,\"failOnTimeout\":false,\"backoff\":null,\"timeout\":null,\"retryUntil\":null,\"data\":{\"commandName\":\"Illuminate\\\\Notifications\\\\SendQueuedNotifications\",\"command\":\"O:48:\\\"Illuminate\\\\Notifications\\\\SendQueuedNotifications\\\":3:{s:11:\\\"notifiables\\\";O:45:\\\"Illuminate\\\\Contracts\\\\Database\\\\ModelIdentifier\\\":5:{s:5:\\\"class\\\";s:15:\\\"App\\\\Models\\\\User\\\";s:2:\\\"id\\\";a:1:{i:0;i:47;}s:9:\\\"relations\\\";a:0:{}s:10:\\\"connection\\\";s:5:\\\"mysql\\\";s:15:\\\"collectionClass\\\";N;}s:12:\\\"notification\\\";O:38:\\\"App\\\\Notifications\\\\TemplateNotification\\\":3:{s:13:\\\"\\u0000*\\u0000identifier\\\";s:21:\\\"deposit_user_approved\\\";s:7:\\\"\\u0000*\\u0000data\\\";a:2:{s:6:\\\"amount\\\";s:7:\\\"500 USD\\\";s:6:\\\"method\\\";s:13:\\\"Bank Transfer\\\";}s:2:\\\"id\\\";s:36:\\\"9b9e0dc7-63ad-4482-a875-8e304174d414\\\";}s:8:\\\"channels\\\";a:1:{i:0;s:41:\\\"NotificationChannels\\\\Twilio\\\\TwilioChannel\\\";}}\"}}', 'Twilio\\Exceptions\\RestException: [HTTP 429] Unable to create record: Account ACbfdc5b6e20afc5a0290c78af2a349f1b exceeded the 9 daily messages limit in E:\\www\\digikash\\vendor\\twilio\\sdk\\src\\Twilio\\Version.php:88\nStack trace:\n#0 E:\\www\\digikash\\vendor\\twilio\\sdk\\src\\Twilio\\Version.php(223): Twilio\\Version->exception(Object(Twilio\\Http\\Response), \'Unable to creat...\')\n#1 E:\\www\\digikash\\vendor\\twilio\\sdk\\src\\Twilio\\Rest\\Api\\V2010\\Account\\MessageList.php(118): Twilio\\Version->create(\'POST\', \'/Accounts/ACbfd...\', Array, Array, Array)\n#2 E:\\www\\digikash\\vendor\\laravel-notification-channels\\twilio\\src\\Twilio.php(92): Twilio\\Rest\\Api\\V2010\\Account\\MessageList->create(\'+8801847305958\', Object(Twilio\\Values))\n#3 E:\\www\\digikash\\vendor\\laravel-notification-channels\\twilio\\src\\Twilio.php(31): NotificationChannels\\Twilio\\Twilio->sendSmsMessage(Object(NotificationChannels\\Twilio\\TwilioSmsMessage), \'+8801847305958\')\n#4 E:\\www\\digikash\\vendor\\laravel-notification-channels\\twilio\\src\\TwilioChannel.php(43): NotificationChannels\\Twilio\\Twilio->sendMessage(Object(NotificationChannels\\Twilio\\TwilioSmsMessage), \'+8801733060254\', false)\n#5 E:\\www\\digikash\\vendor\\laravel\\framework\\src\\Illuminate\\Notifications\\NotificationSender.php(148): NotificationChannels\\Twilio\\TwilioChannel->send(Object(App\\Models\\User), Object(App\\Notifications\\TemplateNotification))\n#6 E:\\www\\digikash\\vendor\\laravel\\framework\\src\\Illuminate\\Notifications\\NotificationSender.php(106): Illuminate\\Notifications\\NotificationSender->sendToNotifiable(Object(App\\Models\\User), \'f2d0c27c-6a81-4...\', Object(App\\Notifications\\TemplateNotification), \'NotificationCha...\')\n#7 E:\\www\\digikash\\vendor\\laravel\\framework\\src\\Illuminate\\Support\\Traits\\Localizable.php(19): Illuminate\\Notifications\\NotificationSender->Illuminate\\Notifications\\{closure}()\n#8 E:\\www\\digikash\\vendor\\laravel\\framework\\src\\Illuminate\\Notifications\\NotificationSender.php(101): Illuminate\\Notifications\\NotificationSender->withLocale(NULL, Object(Closure))\n#9 E:\\www\\digikash\\vendor\\laravel\\framework\\src\\Illuminate\\Notifications\\ChannelManager.php(54): Illuminate\\Notifications\\NotificationSender->sendNow(Object(Illuminate\\Database\\Eloquent\\Collection), Object(App\\Notifications\\TemplateNotification), Array)\n#10 E:\\www\\digikash\\vendor\\laravel\\framework\\src\\Illuminate\\Notifications\\SendQueuedNotifications.php(119): Illuminate\\Notifications\\ChannelManager->sendNow(Object(Illuminate\\Database\\Eloquent\\Collection), Object(App\\Notifications\\TemplateNotification), Array)\n#11 E:\\www\\digikash\\vendor\\laravel\\framework\\src\\Illuminate\\Container\\BoundMethod.php(36): Illuminate\\Notifications\\SendQueuedNotifications->handle(Object(Illuminate\\Notifications\\ChannelManager))\n#12 E:\\www\\digikash\\vendor\\laravel\\framework\\src\\Illuminate\\Container\\Util.php(43): Illuminate\\Container\\BoundMethod::Illuminate\\Container\\{closure}()\n#13 E:\\www\\digikash\\vendor\\laravel\\framework\\src\\Illuminate\\Container\\BoundMethod.php(95): Illuminate\\Container\\Util::unwrapIfClosure(Object(Closure))\n#14 E:\\www\\digikash\\vendor\\laravel\\framework\\src\\Illuminate\\Container\\BoundMethod.php(35): Illuminate\\Container\\BoundMethod::callBoundMethod(Object(Illuminate\\Foundation\\Application), Array, Object(Closure))\n#15 E:\\www\\digikash\\vendor\\laravel\\framework\\src\\Illuminate\\Container\\Container.php(696): Illuminate\\Container\\BoundMethod::call(Object(Illuminate\\Foundation\\Application), Array, Array, NULL)\n#16 E:\\www\\digikash\\vendor\\laravel\\framework\\src\\Illuminate\\Bus\\Dispatcher.php(126): Illuminate\\Container\\Container->call(Array)\n#17 E:\\www\\digikash\\vendor\\laravel\\framework\\src\\Illuminate\\Pipeline\\Pipeline.php(170): Illuminate\\Bus\\Dispatcher->Illuminate\\Bus\\{closure}(Object(Illuminate\\Notifications\\SendQueuedNotifications))\n#18 E:\\www\\digikash\\vendor\\laravel\\framework\\src\\Illuminate\\Pipeline\\Pipeline.php(127): Illuminate\\Pipeline\\Pipeline->Illuminate\\Pipeline\\{closure}(Object(Illuminate\\Notifications\\SendQueuedNotifications))\n#19 E:\\www\\digikash\\vendor\\laravel\\framework\\src\\Illuminate\\Bus\\Dispatcher.php(130): Illuminate\\Pipeline\\Pipeline->then(Object(Closure))\n#20 E:\\www\\digikash\\vendor\\laravel\\framework\\src\\Illuminate\\Queue\\CallQueuedHandler.php(126): Illuminate\\Bus\\Dispatcher->dispatchNow(Object(Illuminate\\Notifications\\SendQueuedNotifications), false)\n#21 E:\\www\\digikash\\vendor\\laravel\\framework\\src\\Illuminate\\Pipeline\\Pipeline.php(170): Illuminate\\Queue\\CallQueuedHandler->Illuminate\\Queue\\{closure}(Object(Illuminate\\Notifications\\SendQueuedNotifications))\n#22 E:\\www\\digikash\\vendor\\laravel\\framework\\src\\Illuminate\\Pipeline\\Pipeline.php(127): Illuminate\\Pipeline\\Pipeline->Illuminate\\Pipeline\\{closure}(Object(Illuminate\\Notifications\\SendQueuedNotifications))\n#23 E:\\www\\digikash\\vendor\\laravel\\framework\\src\\Illuminate\\Queue\\CallQueuedHandler.php(121): Illuminate\\Pipeline\\Pipeline->then(Object(Closure))\n#24 E:\\www\\digikash\\vendor\\laravel\\framework\\src\\Illuminate\\Queue\\CallQueuedHandler.php(69): Illuminate\\Queue\\CallQueuedHandler->dispatchThroughMiddleware(Object(Illuminate\\Queue\\Jobs\\DatabaseJob), Object(Illuminate\\Notifications\\SendQueuedNotifications))\n#25 E:\\www\\digikash\\vendor\\laravel\\framework\\src\\Illuminate\\Queue\\Jobs\\Job.php(102): Illuminate\\Queue\\CallQueuedHandler->call(Object(Illuminate\\Queue\\Jobs\\DatabaseJob), Array)\n#26 E:\\www\\digikash\\vendor\\laravel\\framework\\src\\Illuminate\\Queue\\Worker.php(442): Illuminate\\Queue\\Jobs\\Job->fire()\n#27 E:\\www\\digikash\\vendor\\laravel\\framework\\src\\Illuminate\\Queue\\Worker.php(392): Illuminate\\Queue\\Worker->process(\'database\', Object(Illuminate\\Queue\\Jobs\\DatabaseJob), Object(Illuminate\\Queue\\WorkerOptions))\n#28 E:\\www\\digikash\\vendor\\laravel\\framework\\src\\Illuminate\\Queue\\Worker.php(178): Illuminate\\Queue\\Worker->runJob(Object(Illuminate\\Queue\\Jobs\\DatabaseJob), \'database\', Object(Illuminate\\Queue\\WorkerOptions))\n#29 E:\\www\\digikash\\vendor\\laravel\\framework\\src\\Illuminate\\Queue\\Console\\WorkCommand.php(149): Illuminate\\Queue\\Worker->daemon(\'database\', \'default\', Object(Illuminate\\Queue\\WorkerOptions))\n#30 E:\\www\\digikash\\vendor\\laravel\\framework\\src\\Illuminate\\Queue\\Console\\WorkCommand.php(132): Illuminate\\Queue\\Console\\WorkCommand->runWorker(\'database\', \'default\')\n#31 E:\\www\\digikash\\vendor\\laravel\\framework\\src\\Illuminate\\Container\\BoundMethod.php(36): Illuminate\\Queue\\Console\\WorkCommand->handle()\n#32 E:\\www\\digikash\\vendor\\laravel\\framework\\src\\Illuminate\\Container\\Util.php(43): Illuminate\\Container\\BoundMethod::Illuminate\\Container\\{closure}()\n#33 E:\\www\\digikash\\vendor\\laravel\\framework\\src\\Illuminate\\Container\\BoundMethod.php(95): Illuminate\\Container\\Util::unwrapIfClosure(Object(Closure))\n#34 E:\\www\\digikash\\vendor\\laravel\\framework\\src\\Illuminate\\Container\\BoundMethod.php(35): Illuminate\\Container\\BoundMethod::callBoundMethod(Object(Illuminate\\Foundation\\Application), Array, Object(Closure))\n#35 E:\\www\\digikash\\vendor\\laravel\\framework\\src\\Illuminate\\Container\\Container.php(696): Illuminate\\Container\\BoundMethod::call(Object(Illuminate\\Foundation\\Application), Array, Array, NULL)\n#36 E:\\www\\digikash\\vendor\\laravel\\framework\\src\\Illuminate\\Console\\Command.php(213): Illuminate\\Container\\Container->call(Array)\n#37 E:\\www\\digikash\\vendor\\symfony\\console\\Command\\Command.php(279): Illuminate\\Console\\Command->execute(Object(Symfony\\Component\\Console\\Input\\ArgvInput), Object(Illuminate\\Console\\OutputStyle))\n#38 E:\\www\\digikash\\vendor\\laravel\\framework\\src\\Illuminate\\Console\\Command.php(182): Symfony\\Component\\Console\\Command\\Command->run(Object(Symfony\\Component\\Console\\Input\\ArgvInput), Object(Illuminate\\Console\\OutputStyle))\n#39 E:\\www\\digikash\\vendor\\symfony\\console\\Application.php(1094): Illuminate\\Console\\Command->run(Object(Symfony\\Component\\Console\\Input\\ArgvInput), Object(Symfony\\Component\\Console\\Output\\ConsoleOutput))\n#40 E:\\www\\digikash\\vendor\\symfony\\console\\Application.php(342): Symfony\\Component\\Console\\Application->doRunCommand(Object(Illuminate\\Queue\\Console\\WorkCommand), Object(Symfony\\Component\\Console\\Input\\ArgvInput), Object(Symfony\\Component\\Console\\Output\\ConsoleOutput))\n#41 E:\\www\\digikash\\vendor\\symfony\\console\\Application.php(193): Symfony\\Component\\Console\\Application->doRun(Object(Symfony\\Component\\Console\\Input\\ArgvInput), Object(Symfony\\Component\\Console\\Output\\ConsoleOutput))\n#42 E:\\www\\digikash\\vendor\\laravel\\framework\\src\\Illuminate\\Foundation\\Console\\Kernel.php(198): Symfony\\Component\\Console\\Application->run(Object(Symfony\\Component\\Console\\Input\\ArgvInput), Object(Symfony\\Component\\Console\\Output\\ConsoleOutput))\n#43 E:\\www\\digikash\\vendor\\laravel\\framework\\src\\Illuminate\\Foundation\\Application.php(1235): Illuminate\\Foundation\\Console\\Kernel->handle(Object(Symfony\\Component\\Console\\Input\\ArgvInput), Object(Symfony\\Component\\Console\\Output\\ConsoleOutput))\n#44 E:\\www\\digikash\\artisan(13): Illuminate\\Foundation\\Application->handleCommand(Object(Symfony\\Component\\Console\\Input\\ArgvInput))\n#45 {main}', '2025-04-28 19:54:59');
INSERT INTO `failed_jobs` (`id`, `uuid`, `connection`, `queue`, `payload`, `exception`, `failed_at`) VALUES
(567, '6fc9bd00-43f8-460f-9613-32d084e15a94', 'database', 'default', '{\"uuid\":\"6fc9bd00-43f8-460f-9613-32d084e15a94\",\"displayName\":\"App\\\\Notifications\\\\TemplateNotification\",\"job\":\"Illuminate\\\\Queue\\\\CallQueuedHandler@call\",\"maxTries\":null,\"maxExceptions\":null,\"failOnTimeout\":false,\"backoff\":null,\"timeout\":null,\"retryUntil\":null,\"data\":{\"commandName\":\"Illuminate\\\\Notifications\\\\SendQueuedNotifications\",\"command\":\"O:48:\\\"Illuminate\\\\Notifications\\\\SendQueuedNotifications\\\":3:{s:11:\\\"notifiables\\\";O:45:\\\"Illuminate\\\\Contracts\\\\Database\\\\ModelIdentifier\\\":5:{s:5:\\\"class\\\";s:15:\\\"App\\\\Models\\\\User\\\";s:2:\\\"id\\\";a:1:{i:0;i:47;}s:9:\\\"relations\\\";a:0:{}s:10:\\\"connection\\\";s:5:\\\"mysql\\\";s:15:\\\"collectionClass\\\";N;}s:12:\\\"notification\\\";O:38:\\\"App\\\\Notifications\\\\TemplateNotification\\\":3:{s:13:\\\"\\u0000*\\u0000identifier\\\";s:21:\\\"deposit_user_approved\\\";s:7:\\\"\\u0000*\\u0000data\\\";a:2:{s:6:\\\"amount\\\";s:7:\\\"500 USD\\\";s:6:\\\"method\\\";s:13:\\\"Bank Transfer\\\";}s:2:\\\"id\\\";s:36:\\\"39ea2b11-d9c8-44cc-aa07-e24e4b064222\\\";}s:8:\\\"channels\\\";a:1:{i:0;s:41:\\\"NotificationChannels\\\\Twilio\\\\TwilioChannel\\\";}}\"}}', 'Twilio\\Exceptions\\RestException: [HTTP 429] Unable to create record: Account ACbfdc5b6e20afc5a0290c78af2a349f1b exceeded the 9 daily messages limit in E:\\www\\digikash\\vendor\\twilio\\sdk\\src\\Twilio\\Version.php:88\nStack trace:\n#0 E:\\www\\digikash\\vendor\\twilio\\sdk\\src\\Twilio\\Version.php(223): Twilio\\Version->exception(Object(Twilio\\Http\\Response), \'Unable to creat...\')\n#1 E:\\www\\digikash\\vendor\\twilio\\sdk\\src\\Twilio\\Rest\\Api\\V2010\\Account\\MessageList.php(118): Twilio\\Version->create(\'POST\', \'/Accounts/ACbfd...\', Array, Array, Array)\n#2 E:\\www\\digikash\\vendor\\laravel-notification-channels\\twilio\\src\\Twilio.php(92): Twilio\\Rest\\Api\\V2010\\Account\\MessageList->create(\'+8801847305958\', Object(Twilio\\Values))\n#3 E:\\www\\digikash\\vendor\\laravel-notification-channels\\twilio\\src\\Twilio.php(31): NotificationChannels\\Twilio\\Twilio->sendSmsMessage(Object(NotificationChannels\\Twilio\\TwilioSmsMessage), \'+8801847305958\')\n#4 E:\\www\\digikash\\vendor\\laravel-notification-channels\\twilio\\src\\TwilioChannel.php(43): NotificationChannels\\Twilio\\Twilio->sendMessage(Object(NotificationChannels\\Twilio\\TwilioSmsMessage), \'+8801733060254\', false)\n#5 E:\\www\\digikash\\vendor\\laravel\\framework\\src\\Illuminate\\Notifications\\NotificationSender.php(148): NotificationChannels\\Twilio\\TwilioChannel->send(Object(App\\Models\\User), Object(App\\Notifications\\TemplateNotification))\n#6 E:\\www\\digikash\\vendor\\laravel\\framework\\src\\Illuminate\\Notifications\\NotificationSender.php(106): Illuminate\\Notifications\\NotificationSender->sendToNotifiable(Object(App\\Models\\User), \'f821a449-f83c-4...\', Object(App\\Notifications\\TemplateNotification), \'NotificationCha...\')\n#7 E:\\www\\digikash\\vendor\\laravel\\framework\\src\\Illuminate\\Support\\Traits\\Localizable.php(19): Illuminate\\Notifications\\NotificationSender->Illuminate\\Notifications\\{closure}()\n#8 E:\\www\\digikash\\vendor\\laravel\\framework\\src\\Illuminate\\Notifications\\NotificationSender.php(101): Illuminate\\Notifications\\NotificationSender->withLocale(NULL, Object(Closure))\n#9 E:\\www\\digikash\\vendor\\laravel\\framework\\src\\Illuminate\\Notifications\\ChannelManager.php(54): Illuminate\\Notifications\\NotificationSender->sendNow(Object(Illuminate\\Database\\Eloquent\\Collection), Object(App\\Notifications\\TemplateNotification), Array)\n#10 E:\\www\\digikash\\vendor\\laravel\\framework\\src\\Illuminate\\Notifications\\SendQueuedNotifications.php(119): Illuminate\\Notifications\\ChannelManager->sendNow(Object(Illuminate\\Database\\Eloquent\\Collection), Object(App\\Notifications\\TemplateNotification), Array)\n#11 E:\\www\\digikash\\vendor\\laravel\\framework\\src\\Illuminate\\Container\\BoundMethod.php(36): Illuminate\\Notifications\\SendQueuedNotifications->handle(Object(Illuminate\\Notifications\\ChannelManager))\n#12 E:\\www\\digikash\\vendor\\laravel\\framework\\src\\Illuminate\\Container\\Util.php(43): Illuminate\\Container\\BoundMethod::Illuminate\\Container\\{closure}()\n#13 E:\\www\\digikash\\vendor\\laravel\\framework\\src\\Illuminate\\Container\\BoundMethod.php(95): Illuminate\\Container\\Util::unwrapIfClosure(Object(Closure))\n#14 E:\\www\\digikash\\vendor\\laravel\\framework\\src\\Illuminate\\Container\\BoundMethod.php(35): Illuminate\\Container\\BoundMethod::callBoundMethod(Object(Illuminate\\Foundation\\Application), Array, Object(Closure))\n#15 E:\\www\\digikash\\vendor\\laravel\\framework\\src\\Illuminate\\Container\\Container.php(696): Illuminate\\Container\\BoundMethod::call(Object(Illuminate\\Foundation\\Application), Array, Array, NULL)\n#16 E:\\www\\digikash\\vendor\\laravel\\framework\\src\\Illuminate\\Bus\\Dispatcher.php(126): Illuminate\\Container\\Container->call(Array)\n#17 E:\\www\\digikash\\vendor\\laravel\\framework\\src\\Illuminate\\Pipeline\\Pipeline.php(170): Illuminate\\Bus\\Dispatcher->Illuminate\\Bus\\{closure}(Object(Illuminate\\Notifications\\SendQueuedNotifications))\n#18 E:\\www\\digikash\\vendor\\laravel\\framework\\src\\Illuminate\\Pipeline\\Pipeline.php(127): Illuminate\\Pipeline\\Pipeline->Illuminate\\Pipeline\\{closure}(Object(Illuminate\\Notifications\\SendQueuedNotifications))\n#19 E:\\www\\digikash\\vendor\\laravel\\framework\\src\\Illuminate\\Bus\\Dispatcher.php(130): Illuminate\\Pipeline\\Pipeline->then(Object(Closure))\n#20 E:\\www\\digikash\\vendor\\laravel\\framework\\src\\Illuminate\\Queue\\CallQueuedHandler.php(126): Illuminate\\Bus\\Dispatcher->dispatchNow(Object(Illuminate\\Notifications\\SendQueuedNotifications), false)\n#21 E:\\www\\digikash\\vendor\\laravel\\framework\\src\\Illuminate\\Pipeline\\Pipeline.php(170): Illuminate\\Queue\\CallQueuedHandler->Illuminate\\Queue\\{closure}(Object(Illuminate\\Notifications\\SendQueuedNotifications))\n#22 E:\\www\\digikash\\vendor\\laravel\\framework\\src\\Illuminate\\Pipeline\\Pipeline.php(127): Illuminate\\Pipeline\\Pipeline->Illuminate\\Pipeline\\{closure}(Object(Illuminate\\Notifications\\SendQueuedNotifications))\n#23 E:\\www\\digikash\\vendor\\laravel\\framework\\src\\Illuminate\\Queue\\CallQueuedHandler.php(121): Illuminate\\Pipeline\\Pipeline->then(Object(Closure))\n#24 E:\\www\\digikash\\vendor\\laravel\\framework\\src\\Illuminate\\Queue\\CallQueuedHandler.php(69): Illuminate\\Queue\\CallQueuedHandler->dispatchThroughMiddleware(Object(Illuminate\\Queue\\Jobs\\DatabaseJob), Object(Illuminate\\Notifications\\SendQueuedNotifications))\n#25 E:\\www\\digikash\\vendor\\laravel\\framework\\src\\Illuminate\\Queue\\Jobs\\Job.php(102): Illuminate\\Queue\\CallQueuedHandler->call(Object(Illuminate\\Queue\\Jobs\\DatabaseJob), Array)\n#26 E:\\www\\digikash\\vendor\\laravel\\framework\\src\\Illuminate\\Queue\\Worker.php(442): Illuminate\\Queue\\Jobs\\Job->fire()\n#27 E:\\www\\digikash\\vendor\\laravel\\framework\\src\\Illuminate\\Queue\\Worker.php(392): Illuminate\\Queue\\Worker->process(\'database\', Object(Illuminate\\Queue\\Jobs\\DatabaseJob), Object(Illuminate\\Queue\\WorkerOptions))\n#28 E:\\www\\digikash\\vendor\\laravel\\framework\\src\\Illuminate\\Queue\\Worker.php(178): Illuminate\\Queue\\Worker->runJob(Object(Illuminate\\Queue\\Jobs\\DatabaseJob), \'database\', Object(Illuminate\\Queue\\WorkerOptions))\n#29 E:\\www\\digikash\\vendor\\laravel\\framework\\src\\Illuminate\\Queue\\Console\\WorkCommand.php(149): Illuminate\\Queue\\Worker->daemon(\'database\', \'default\', Object(Illuminate\\Queue\\WorkerOptions))\n#30 E:\\www\\digikash\\vendor\\laravel\\framework\\src\\Illuminate\\Queue\\Console\\WorkCommand.php(132): Illuminate\\Queue\\Console\\WorkCommand->runWorker(\'database\', \'default\')\n#31 E:\\www\\digikash\\vendor\\laravel\\framework\\src\\Illuminate\\Container\\BoundMethod.php(36): Illuminate\\Queue\\Console\\WorkCommand->handle()\n#32 E:\\www\\digikash\\vendor\\laravel\\framework\\src\\Illuminate\\Container\\Util.php(43): Illuminate\\Container\\BoundMethod::Illuminate\\Container\\{closure}()\n#33 E:\\www\\digikash\\vendor\\laravel\\framework\\src\\Illuminate\\Container\\BoundMethod.php(95): Illuminate\\Container\\Util::unwrapIfClosure(Object(Closure))\n#34 E:\\www\\digikash\\vendor\\laravel\\framework\\src\\Illuminate\\Container\\BoundMethod.php(35): Illuminate\\Container\\BoundMethod::callBoundMethod(Object(Illuminate\\Foundation\\Application), Array, Object(Closure))\n#35 E:\\www\\digikash\\vendor\\laravel\\framework\\src\\Illuminate\\Container\\Container.php(696): Illuminate\\Container\\BoundMethod::call(Object(Illuminate\\Foundation\\Application), Array, Array, NULL)\n#36 E:\\www\\digikash\\vendor\\laravel\\framework\\src\\Illuminate\\Console\\Command.php(213): Illuminate\\Container\\Container->call(Array)\n#37 E:\\www\\digikash\\vendor\\symfony\\console\\Command\\Command.php(279): Illuminate\\Console\\Command->execute(Object(Symfony\\Component\\Console\\Input\\ArgvInput), Object(Illuminate\\Console\\OutputStyle))\n#38 E:\\www\\digikash\\vendor\\laravel\\framework\\src\\Illuminate\\Console\\Command.php(182): Symfony\\Component\\Console\\Command\\Command->run(Object(Symfony\\Component\\Console\\Input\\ArgvInput), Object(Illuminate\\Console\\OutputStyle))\n#39 E:\\www\\digikash\\vendor\\symfony\\console\\Application.php(1094): Illuminate\\Console\\Command->run(Object(Symfony\\Component\\Console\\Input\\ArgvInput), Object(Symfony\\Component\\Console\\Output\\ConsoleOutput))\n#40 E:\\www\\digikash\\vendor\\symfony\\console\\Application.php(342): Symfony\\Component\\Console\\Application->doRunCommand(Object(Illuminate\\Queue\\Console\\WorkCommand), Object(Symfony\\Component\\Console\\Input\\ArgvInput), Object(Symfony\\Component\\Console\\Output\\ConsoleOutput))\n#41 E:\\www\\digikash\\vendor\\symfony\\console\\Application.php(193): Symfony\\Component\\Console\\Application->doRun(Object(Symfony\\Component\\Console\\Input\\ArgvInput), Object(Symfony\\Component\\Console\\Output\\ConsoleOutput))\n#42 E:\\www\\digikash\\vendor\\laravel\\framework\\src\\Illuminate\\Foundation\\Console\\Kernel.php(198): Symfony\\Component\\Console\\Application->run(Object(Symfony\\Component\\Console\\Input\\ArgvInput), Object(Symfony\\Component\\Console\\Output\\ConsoleOutput))\n#43 E:\\www\\digikash\\vendor\\laravel\\framework\\src\\Illuminate\\Foundation\\Application.php(1235): Illuminate\\Foundation\\Console\\Kernel->handle(Object(Symfony\\Component\\Console\\Input\\ArgvInput), Object(Symfony\\Component\\Console\\Output\\ConsoleOutput))\n#44 E:\\www\\digikash\\artisan(13): Illuminate\\Foundation\\Application->handleCommand(Object(Symfony\\Component\\Console\\Input\\ArgvInput))\n#45 {main}', '2025-04-28 19:54:59'),
(568, '58e91ce7-bc70-4319-a853-fd9a5a133329', 'database', 'default', '{\"uuid\":\"58e91ce7-bc70-4319-a853-fd9a5a133329\",\"displayName\":\"App\\\\Notifications\\\\TemplateNotification\",\"job\":\"Illuminate\\\\Queue\\\\CallQueuedHandler@call\",\"maxTries\":null,\"maxExceptions\":null,\"failOnTimeout\":false,\"backoff\":null,\"timeout\":null,\"retryUntil\":null,\"data\":{\"commandName\":\"Illuminate\\\\Notifications\\\\SendQueuedNotifications\",\"command\":\"O:48:\\\"Illuminate\\\\Notifications\\\\SendQueuedNotifications\\\":3:{s:11:\\\"notifiables\\\";O:45:\\\"Illuminate\\\\Contracts\\\\Database\\\\ModelIdentifier\\\":5:{s:5:\\\"class\\\";s:15:\\\"App\\\\Models\\\\User\\\";s:2:\\\"id\\\";a:1:{i:0;i:47;}s:9:\\\"relations\\\";a:0:{}s:10:\\\"connection\\\";s:5:\\\"mysql\\\";s:15:\\\"collectionClass\\\";N;}s:12:\\\"notification\\\";O:38:\\\"App\\\\Notifications\\\\TemplateNotification\\\":3:{s:13:\\\"\\u0000*\\u0000identifier\\\";s:21:\\\"deposit_user_approved\\\";s:7:\\\"\\u0000*\\u0000data\\\";a:2:{s:6:\\\"amount\\\";s:7:\\\"500 USD\\\";s:6:\\\"method\\\";s:13:\\\"Bank Transfer\\\";}s:2:\\\"id\\\";s:36:\\\"76576ca4-1d7f-439e-b84b-4487f9100eba\\\";}s:8:\\\"channels\\\";a:1:{i:0;s:41:\\\"NotificationChannels\\\\Twilio\\\\TwilioChannel\\\";}}\"}}', 'Twilio\\Exceptions\\RestException: [HTTP 429] Unable to create record: Account ACbfdc5b6e20afc5a0290c78af2a349f1b exceeded the 9 daily messages limit in E:\\www\\digikash\\vendor\\twilio\\sdk\\src\\Twilio\\Version.php:88\nStack trace:\n#0 E:\\www\\digikash\\vendor\\twilio\\sdk\\src\\Twilio\\Version.php(223): Twilio\\Version->exception(Object(Twilio\\Http\\Response), \'Unable to creat...\')\n#1 E:\\www\\digikash\\vendor\\twilio\\sdk\\src\\Twilio\\Rest\\Api\\V2010\\Account\\MessageList.php(118): Twilio\\Version->create(\'POST\', \'/Accounts/ACbfd...\', Array, Array, Array)\n#2 E:\\www\\digikash\\vendor\\laravel-notification-channels\\twilio\\src\\Twilio.php(92): Twilio\\Rest\\Api\\V2010\\Account\\MessageList->create(\'+8801847305958\', Object(Twilio\\Values))\n#3 E:\\www\\digikash\\vendor\\laravel-notification-channels\\twilio\\src\\Twilio.php(31): NotificationChannels\\Twilio\\Twilio->sendSmsMessage(Object(NotificationChannels\\Twilio\\TwilioSmsMessage), \'+8801847305958\')\n#4 E:\\www\\digikash\\vendor\\laravel-notification-channels\\twilio\\src\\TwilioChannel.php(43): NotificationChannels\\Twilio\\Twilio->sendMessage(Object(NotificationChannels\\Twilio\\TwilioSmsMessage), \'+8801733060254\', false)\n#5 E:\\www\\digikash\\vendor\\laravel\\framework\\src\\Illuminate\\Notifications\\NotificationSender.php(148): NotificationChannels\\Twilio\\TwilioChannel->send(Object(App\\Models\\User), Object(App\\Notifications\\TemplateNotification))\n#6 E:\\www\\digikash\\vendor\\laravel\\framework\\src\\Illuminate\\Notifications\\NotificationSender.php(106): Illuminate\\Notifications\\NotificationSender->sendToNotifiable(Object(App\\Models\\User), \'bfd47b98-0e30-4...\', Object(App\\Notifications\\TemplateNotification), \'NotificationCha...\')\n#7 E:\\www\\digikash\\vendor\\laravel\\framework\\src\\Illuminate\\Support\\Traits\\Localizable.php(19): Illuminate\\Notifications\\NotificationSender->Illuminate\\Notifications\\{closure}()\n#8 E:\\www\\digikash\\vendor\\laravel\\framework\\src\\Illuminate\\Notifications\\NotificationSender.php(101): Illuminate\\Notifications\\NotificationSender->withLocale(NULL, Object(Closure))\n#9 E:\\www\\digikash\\vendor\\laravel\\framework\\src\\Illuminate\\Notifications\\ChannelManager.php(54): Illuminate\\Notifications\\NotificationSender->sendNow(Object(Illuminate\\Database\\Eloquent\\Collection), Object(App\\Notifications\\TemplateNotification), Array)\n#10 E:\\www\\digikash\\vendor\\laravel\\framework\\src\\Illuminate\\Notifications\\SendQueuedNotifications.php(119): Illuminate\\Notifications\\ChannelManager->sendNow(Object(Illuminate\\Database\\Eloquent\\Collection), Object(App\\Notifications\\TemplateNotification), Array)\n#11 E:\\www\\digikash\\vendor\\laravel\\framework\\src\\Illuminate\\Container\\BoundMethod.php(36): Illuminate\\Notifications\\SendQueuedNotifications->handle(Object(Illuminate\\Notifications\\ChannelManager))\n#12 E:\\www\\digikash\\vendor\\laravel\\framework\\src\\Illuminate\\Container\\Util.php(43): Illuminate\\Container\\BoundMethod::Illuminate\\Container\\{closure}()\n#13 E:\\www\\digikash\\vendor\\laravel\\framework\\src\\Illuminate\\Container\\BoundMethod.php(95): Illuminate\\Container\\Util::unwrapIfClosure(Object(Closure))\n#14 E:\\www\\digikash\\vendor\\laravel\\framework\\src\\Illuminate\\Container\\BoundMethod.php(35): Illuminate\\Container\\BoundMethod::callBoundMethod(Object(Illuminate\\Foundation\\Application), Array, Object(Closure))\n#15 E:\\www\\digikash\\vendor\\laravel\\framework\\src\\Illuminate\\Container\\Container.php(696): Illuminate\\Container\\BoundMethod::call(Object(Illuminate\\Foundation\\Application), Array, Array, NULL)\n#16 E:\\www\\digikash\\vendor\\laravel\\framework\\src\\Illuminate\\Bus\\Dispatcher.php(126): Illuminate\\Container\\Container->call(Array)\n#17 E:\\www\\digikash\\vendor\\laravel\\framework\\src\\Illuminate\\Pipeline\\Pipeline.php(170): Illuminate\\Bus\\Dispatcher->Illuminate\\Bus\\{closure}(Object(Illuminate\\Notifications\\SendQueuedNotifications))\n#18 E:\\www\\digikash\\vendor\\laravel\\framework\\src\\Illuminate\\Pipeline\\Pipeline.php(127): Illuminate\\Pipeline\\Pipeline->Illuminate\\Pipeline\\{closure}(Object(Illuminate\\Notifications\\SendQueuedNotifications))\n#19 E:\\www\\digikash\\vendor\\laravel\\framework\\src\\Illuminate\\Bus\\Dispatcher.php(130): Illuminate\\Pipeline\\Pipeline->then(Object(Closure))\n#20 E:\\www\\digikash\\vendor\\laravel\\framework\\src\\Illuminate\\Queue\\CallQueuedHandler.php(126): Illuminate\\Bus\\Dispatcher->dispatchNow(Object(Illuminate\\Notifications\\SendQueuedNotifications), false)\n#21 E:\\www\\digikash\\vendor\\laravel\\framework\\src\\Illuminate\\Pipeline\\Pipeline.php(170): Illuminate\\Queue\\CallQueuedHandler->Illuminate\\Queue\\{closure}(Object(Illuminate\\Notifications\\SendQueuedNotifications))\n#22 E:\\www\\digikash\\vendor\\laravel\\framework\\src\\Illuminate\\Pipeline\\Pipeline.php(127): Illuminate\\Pipeline\\Pipeline->Illuminate\\Pipeline\\{closure}(Object(Illuminate\\Notifications\\SendQueuedNotifications))\n#23 E:\\www\\digikash\\vendor\\laravel\\framework\\src\\Illuminate\\Queue\\CallQueuedHandler.php(121): Illuminate\\Pipeline\\Pipeline->then(Object(Closure))\n#24 E:\\www\\digikash\\vendor\\laravel\\framework\\src\\Illuminate\\Queue\\CallQueuedHandler.php(69): Illuminate\\Queue\\CallQueuedHandler->dispatchThroughMiddleware(Object(Illuminate\\Queue\\Jobs\\DatabaseJob), Object(Illuminate\\Notifications\\SendQueuedNotifications))\n#25 E:\\www\\digikash\\vendor\\laravel\\framework\\src\\Illuminate\\Queue\\Jobs\\Job.php(102): Illuminate\\Queue\\CallQueuedHandler->call(Object(Illuminate\\Queue\\Jobs\\DatabaseJob), Array)\n#26 E:\\www\\digikash\\vendor\\laravel\\framework\\src\\Illuminate\\Queue\\Worker.php(442): Illuminate\\Queue\\Jobs\\Job->fire()\n#27 E:\\www\\digikash\\vendor\\laravel\\framework\\src\\Illuminate\\Queue\\Worker.php(392): Illuminate\\Queue\\Worker->process(\'database\', Object(Illuminate\\Queue\\Jobs\\DatabaseJob), Object(Illuminate\\Queue\\WorkerOptions))\n#28 E:\\www\\digikash\\vendor\\laravel\\framework\\src\\Illuminate\\Queue\\Worker.php(178): Illuminate\\Queue\\Worker->runJob(Object(Illuminate\\Queue\\Jobs\\DatabaseJob), \'database\', Object(Illuminate\\Queue\\WorkerOptions))\n#29 E:\\www\\digikash\\vendor\\laravel\\framework\\src\\Illuminate\\Queue\\Console\\WorkCommand.php(149): Illuminate\\Queue\\Worker->daemon(\'database\', \'default\', Object(Illuminate\\Queue\\WorkerOptions))\n#30 E:\\www\\digikash\\vendor\\laravel\\framework\\src\\Illuminate\\Queue\\Console\\WorkCommand.php(132): Illuminate\\Queue\\Console\\WorkCommand->runWorker(\'database\', \'default\')\n#31 E:\\www\\digikash\\vendor\\laravel\\framework\\src\\Illuminate\\Container\\BoundMethod.php(36): Illuminate\\Queue\\Console\\WorkCommand->handle()\n#32 E:\\www\\digikash\\vendor\\laravel\\framework\\src\\Illuminate\\Container\\Util.php(43): Illuminate\\Container\\BoundMethod::Illuminate\\Container\\{closure}()\n#33 E:\\www\\digikash\\vendor\\laravel\\framework\\src\\Illuminate\\Container\\BoundMethod.php(95): Illuminate\\Container\\Util::unwrapIfClosure(Object(Closure))\n#34 E:\\www\\digikash\\vendor\\laravel\\framework\\src\\Illuminate\\Container\\BoundMethod.php(35): Illuminate\\Container\\BoundMethod::callBoundMethod(Object(Illuminate\\Foundation\\Application), Array, Object(Closure))\n#35 E:\\www\\digikash\\vendor\\laravel\\framework\\src\\Illuminate\\Container\\Container.php(696): Illuminate\\Container\\BoundMethod::call(Object(Illuminate\\Foundation\\Application), Array, Array, NULL)\n#36 E:\\www\\digikash\\vendor\\laravel\\framework\\src\\Illuminate\\Console\\Command.php(213): Illuminate\\Container\\Container->call(Array)\n#37 E:\\www\\digikash\\vendor\\symfony\\console\\Command\\Command.php(279): Illuminate\\Console\\Command->execute(Object(Symfony\\Component\\Console\\Input\\ArgvInput), Object(Illuminate\\Console\\OutputStyle))\n#38 E:\\www\\digikash\\vendor\\laravel\\framework\\src\\Illuminate\\Console\\Command.php(182): Symfony\\Component\\Console\\Command\\Command->run(Object(Symfony\\Component\\Console\\Input\\ArgvInput), Object(Illuminate\\Console\\OutputStyle))\n#39 E:\\www\\digikash\\vendor\\symfony\\console\\Application.php(1094): Illuminate\\Console\\Command->run(Object(Symfony\\Component\\Console\\Input\\ArgvInput), Object(Symfony\\Component\\Console\\Output\\ConsoleOutput))\n#40 E:\\www\\digikash\\vendor\\symfony\\console\\Application.php(342): Symfony\\Component\\Console\\Application->doRunCommand(Object(Illuminate\\Queue\\Console\\WorkCommand), Object(Symfony\\Component\\Console\\Input\\ArgvInput), Object(Symfony\\Component\\Console\\Output\\ConsoleOutput))\n#41 E:\\www\\digikash\\vendor\\symfony\\console\\Application.php(193): Symfony\\Component\\Console\\Application->doRun(Object(Symfony\\Component\\Console\\Input\\ArgvInput), Object(Symfony\\Component\\Console\\Output\\ConsoleOutput))\n#42 E:\\www\\digikash\\vendor\\laravel\\framework\\src\\Illuminate\\Foundation\\Console\\Kernel.php(198): Symfony\\Component\\Console\\Application->run(Object(Symfony\\Component\\Console\\Input\\ArgvInput), Object(Symfony\\Component\\Console\\Output\\ConsoleOutput))\n#43 E:\\www\\digikash\\vendor\\laravel\\framework\\src\\Illuminate\\Foundation\\Application.php(1235): Illuminate\\Foundation\\Console\\Kernel->handle(Object(Symfony\\Component\\Console\\Input\\ArgvInput), Object(Symfony\\Component\\Console\\Output\\ConsoleOutput))\n#44 E:\\www\\digikash\\artisan(13): Illuminate\\Foundation\\Application->handleCommand(Object(Symfony\\Component\\Console\\Input\\ArgvInput))\n#45 {main}', '2025-04-28 19:55:01'),
(569, 'd36974b3-292b-4d8a-9e99-f27776ea74a6', 'database', 'default', '{\"uuid\":\"d36974b3-292b-4d8a-9e99-f27776ea74a6\",\"displayName\":\"App\\\\Notifications\\\\TemplateNotification\",\"job\":\"Illuminate\\\\Queue\\\\CallQueuedHandler@call\",\"maxTries\":null,\"maxExceptions\":null,\"failOnTimeout\":false,\"backoff\":null,\"timeout\":null,\"retryUntil\":null,\"data\":{\"commandName\":\"Illuminate\\\\Notifications\\\\SendQueuedNotifications\",\"command\":\"O:48:\\\"Illuminate\\\\Notifications\\\\SendQueuedNotifications\\\":3:{s:11:\\\"notifiables\\\";O:45:\\\"Illuminate\\\\Contracts\\\\Database\\\\ModelIdentifier\\\":5:{s:5:\\\"class\\\";s:15:\\\"App\\\\Models\\\\User\\\";s:2:\\\"id\\\";a:1:{i:0;i:47;}s:9:\\\"relations\\\";a:0:{}s:10:\\\"connection\\\";s:5:\\\"mysql\\\";s:15:\\\"collectionClass\\\";N;}s:12:\\\"notification\\\";O:38:\\\"App\\\\Notifications\\\\TemplateNotification\\\":3:{s:13:\\\"\\u0000*\\u0000identifier\\\";s:21:\\\"deposit_user_approved\\\";s:7:\\\"\\u0000*\\u0000data\\\";a:2:{s:6:\\\"amount\\\";s:7:\\\"500 USD\\\";s:6:\\\"method\\\";s:13:\\\"Bank Transfer\\\";}s:2:\\\"id\\\";s:36:\\\"130647e9-fb6b-4c99-a4f5-4f215327d259\\\";}s:8:\\\"channels\\\";a:1:{i:0;s:41:\\\"NotificationChannels\\\\Twilio\\\\TwilioChannel\\\";}}\"}}', 'Twilio\\Exceptions\\RestException: [HTTP 429] Unable to create record: Account ACbfdc5b6e20afc5a0290c78af2a349f1b exceeded the 9 daily messages limit in E:\\www\\digikash\\vendor\\twilio\\sdk\\src\\Twilio\\Version.php:88\nStack trace:\n#0 E:\\www\\digikash\\vendor\\twilio\\sdk\\src\\Twilio\\Version.php(223): Twilio\\Version->exception(Object(Twilio\\Http\\Response), \'Unable to creat...\')\n#1 E:\\www\\digikash\\vendor\\twilio\\sdk\\src\\Twilio\\Rest\\Api\\V2010\\Account\\MessageList.php(118): Twilio\\Version->create(\'POST\', \'/Accounts/ACbfd...\', Array, Array, Array)\n#2 E:\\www\\digikash\\vendor\\laravel-notification-channels\\twilio\\src\\Twilio.php(92): Twilio\\Rest\\Api\\V2010\\Account\\MessageList->create(\'+8801847305958\', Object(Twilio\\Values))\n#3 E:\\www\\digikash\\vendor\\laravel-notification-channels\\twilio\\src\\Twilio.php(31): NotificationChannels\\Twilio\\Twilio->sendSmsMessage(Object(NotificationChannels\\Twilio\\TwilioSmsMessage), \'+8801847305958\')\n#4 E:\\www\\digikash\\vendor\\laravel-notification-channels\\twilio\\src\\TwilioChannel.php(43): NotificationChannels\\Twilio\\Twilio->sendMessage(Object(NotificationChannels\\Twilio\\TwilioSmsMessage), \'+8801733060254\', false)\n#5 E:\\www\\digikash\\vendor\\laravel\\framework\\src\\Illuminate\\Notifications\\NotificationSender.php(148): NotificationChannels\\Twilio\\TwilioChannel->send(Object(App\\Models\\User), Object(App\\Notifications\\TemplateNotification))\n#6 E:\\www\\digikash\\vendor\\laravel\\framework\\src\\Illuminate\\Notifications\\NotificationSender.php(106): Illuminate\\Notifications\\NotificationSender->sendToNotifiable(Object(App\\Models\\User), \'924e4f2b-6a19-4...\', Object(App\\Notifications\\TemplateNotification), \'NotificationCha...\')\n#7 E:\\www\\digikash\\vendor\\laravel\\framework\\src\\Illuminate\\Support\\Traits\\Localizable.php(19): Illuminate\\Notifications\\NotificationSender->Illuminate\\Notifications\\{closure}()\n#8 E:\\www\\digikash\\vendor\\laravel\\framework\\src\\Illuminate\\Notifications\\NotificationSender.php(101): Illuminate\\Notifications\\NotificationSender->withLocale(NULL, Object(Closure))\n#9 E:\\www\\digikash\\vendor\\laravel\\framework\\src\\Illuminate\\Notifications\\ChannelManager.php(54): Illuminate\\Notifications\\NotificationSender->sendNow(Object(Illuminate\\Database\\Eloquent\\Collection), Object(App\\Notifications\\TemplateNotification), Array)\n#10 E:\\www\\digikash\\vendor\\laravel\\framework\\src\\Illuminate\\Notifications\\SendQueuedNotifications.php(119): Illuminate\\Notifications\\ChannelManager->sendNow(Object(Illuminate\\Database\\Eloquent\\Collection), Object(App\\Notifications\\TemplateNotification), Array)\n#11 E:\\www\\digikash\\vendor\\laravel\\framework\\src\\Illuminate\\Container\\BoundMethod.php(36): Illuminate\\Notifications\\SendQueuedNotifications->handle(Object(Illuminate\\Notifications\\ChannelManager))\n#12 E:\\www\\digikash\\vendor\\laravel\\framework\\src\\Illuminate\\Container\\Util.php(43): Illuminate\\Container\\BoundMethod::Illuminate\\Container\\{closure}()\n#13 E:\\www\\digikash\\vendor\\laravel\\framework\\src\\Illuminate\\Container\\BoundMethod.php(95): Illuminate\\Container\\Util::unwrapIfClosure(Object(Closure))\n#14 E:\\www\\digikash\\vendor\\laravel\\framework\\src\\Illuminate\\Container\\BoundMethod.php(35): Illuminate\\Container\\BoundMethod::callBoundMethod(Object(Illuminate\\Foundation\\Application), Array, Object(Closure))\n#15 E:\\www\\digikash\\vendor\\laravel\\framework\\src\\Illuminate\\Container\\Container.php(696): Illuminate\\Container\\BoundMethod::call(Object(Illuminate\\Foundation\\Application), Array, Array, NULL)\n#16 E:\\www\\digikash\\vendor\\laravel\\framework\\src\\Illuminate\\Bus\\Dispatcher.php(126): Illuminate\\Container\\Container->call(Array)\n#17 E:\\www\\digikash\\vendor\\laravel\\framework\\src\\Illuminate\\Pipeline\\Pipeline.php(170): Illuminate\\Bus\\Dispatcher->Illuminate\\Bus\\{closure}(Object(Illuminate\\Notifications\\SendQueuedNotifications))\n#18 E:\\www\\digikash\\vendor\\laravel\\framework\\src\\Illuminate\\Pipeline\\Pipeline.php(127): Illuminate\\Pipeline\\Pipeline->Illuminate\\Pipeline\\{closure}(Object(Illuminate\\Notifications\\SendQueuedNotifications))\n#19 E:\\www\\digikash\\vendor\\laravel\\framework\\src\\Illuminate\\Bus\\Dispatcher.php(130): Illuminate\\Pipeline\\Pipeline->then(Object(Closure))\n#20 E:\\www\\digikash\\vendor\\laravel\\framework\\src\\Illuminate\\Queue\\CallQueuedHandler.php(126): Illuminate\\Bus\\Dispatcher->dispatchNow(Object(Illuminate\\Notifications\\SendQueuedNotifications), false)\n#21 E:\\www\\digikash\\vendor\\laravel\\framework\\src\\Illuminate\\Pipeline\\Pipeline.php(170): Illuminate\\Queue\\CallQueuedHandler->Illuminate\\Queue\\{closure}(Object(Illuminate\\Notifications\\SendQueuedNotifications))\n#22 E:\\www\\digikash\\vendor\\laravel\\framework\\src\\Illuminate\\Pipeline\\Pipeline.php(127): Illuminate\\Pipeline\\Pipeline->Illuminate\\Pipeline\\{closure}(Object(Illuminate\\Notifications\\SendQueuedNotifications))\n#23 E:\\www\\digikash\\vendor\\laravel\\framework\\src\\Illuminate\\Queue\\CallQueuedHandler.php(121): Illuminate\\Pipeline\\Pipeline->then(Object(Closure))\n#24 E:\\www\\digikash\\vendor\\laravel\\framework\\src\\Illuminate\\Queue\\CallQueuedHandler.php(69): Illuminate\\Queue\\CallQueuedHandler->dispatchThroughMiddleware(Object(Illuminate\\Queue\\Jobs\\DatabaseJob), Object(Illuminate\\Notifications\\SendQueuedNotifications))\n#25 E:\\www\\digikash\\vendor\\laravel\\framework\\src\\Illuminate\\Queue\\Jobs\\Job.php(102): Illuminate\\Queue\\CallQueuedHandler->call(Object(Illuminate\\Queue\\Jobs\\DatabaseJob), Array)\n#26 E:\\www\\digikash\\vendor\\laravel\\framework\\src\\Illuminate\\Queue\\Worker.php(442): Illuminate\\Queue\\Jobs\\Job->fire()\n#27 E:\\www\\digikash\\vendor\\laravel\\framework\\src\\Illuminate\\Queue\\Worker.php(392): Illuminate\\Queue\\Worker->process(\'database\', Object(Illuminate\\Queue\\Jobs\\DatabaseJob), Object(Illuminate\\Queue\\WorkerOptions))\n#28 E:\\www\\digikash\\vendor\\laravel\\framework\\src\\Illuminate\\Queue\\Worker.php(178): Illuminate\\Queue\\Worker->runJob(Object(Illuminate\\Queue\\Jobs\\DatabaseJob), \'database\', Object(Illuminate\\Queue\\WorkerOptions))\n#29 E:\\www\\digikash\\vendor\\laravel\\framework\\src\\Illuminate\\Queue\\Console\\WorkCommand.php(149): Illuminate\\Queue\\Worker->daemon(\'database\', \'default\', Object(Illuminate\\Queue\\WorkerOptions))\n#30 E:\\www\\digikash\\vendor\\laravel\\framework\\src\\Illuminate\\Queue\\Console\\WorkCommand.php(132): Illuminate\\Queue\\Console\\WorkCommand->runWorker(\'database\', \'default\')\n#31 E:\\www\\digikash\\vendor\\laravel\\framework\\src\\Illuminate\\Container\\BoundMethod.php(36): Illuminate\\Queue\\Console\\WorkCommand->handle()\n#32 E:\\www\\digikash\\vendor\\laravel\\framework\\src\\Illuminate\\Container\\Util.php(43): Illuminate\\Container\\BoundMethod::Illuminate\\Container\\{closure}()\n#33 E:\\www\\digikash\\vendor\\laravel\\framework\\src\\Illuminate\\Container\\BoundMethod.php(95): Illuminate\\Container\\Util::unwrapIfClosure(Object(Closure))\n#34 E:\\www\\digikash\\vendor\\laravel\\framework\\src\\Illuminate\\Container\\BoundMethod.php(35): Illuminate\\Container\\BoundMethod::callBoundMethod(Object(Illuminate\\Foundation\\Application), Array, Object(Closure))\n#35 E:\\www\\digikash\\vendor\\laravel\\framework\\src\\Illuminate\\Container\\Container.php(696): Illuminate\\Container\\BoundMethod::call(Object(Illuminate\\Foundation\\Application), Array, Array, NULL)\n#36 E:\\www\\digikash\\vendor\\laravel\\framework\\src\\Illuminate\\Console\\Command.php(213): Illuminate\\Container\\Container->call(Array)\n#37 E:\\www\\digikash\\vendor\\symfony\\console\\Command\\Command.php(279): Illuminate\\Console\\Command->execute(Object(Symfony\\Component\\Console\\Input\\ArgvInput), Object(Illuminate\\Console\\OutputStyle))\n#38 E:\\www\\digikash\\vendor\\laravel\\framework\\src\\Illuminate\\Console\\Command.php(182): Symfony\\Component\\Console\\Command\\Command->run(Object(Symfony\\Component\\Console\\Input\\ArgvInput), Object(Illuminate\\Console\\OutputStyle))\n#39 E:\\www\\digikash\\vendor\\symfony\\console\\Application.php(1094): Illuminate\\Console\\Command->run(Object(Symfony\\Component\\Console\\Input\\ArgvInput), Object(Symfony\\Component\\Console\\Output\\ConsoleOutput))\n#40 E:\\www\\digikash\\vendor\\symfony\\console\\Application.php(342): Symfony\\Component\\Console\\Application->doRunCommand(Object(Illuminate\\Queue\\Console\\WorkCommand), Object(Symfony\\Component\\Console\\Input\\ArgvInput), Object(Symfony\\Component\\Console\\Output\\ConsoleOutput))\n#41 E:\\www\\digikash\\vendor\\symfony\\console\\Application.php(193): Symfony\\Component\\Console\\Application->doRun(Object(Symfony\\Component\\Console\\Input\\ArgvInput), Object(Symfony\\Component\\Console\\Output\\ConsoleOutput))\n#42 E:\\www\\digikash\\vendor\\laravel\\framework\\src\\Illuminate\\Foundation\\Console\\Kernel.php(198): Symfony\\Component\\Console\\Application->run(Object(Symfony\\Component\\Console\\Input\\ArgvInput), Object(Symfony\\Component\\Console\\Output\\ConsoleOutput))\n#43 E:\\www\\digikash\\vendor\\laravel\\framework\\src\\Illuminate\\Foundation\\Application.php(1235): Illuminate\\Foundation\\Console\\Kernel->handle(Object(Symfony\\Component\\Console\\Input\\ArgvInput), Object(Symfony\\Component\\Console\\Output\\ConsoleOutput))\n#44 E:\\www\\digikash\\artisan(13): Illuminate\\Foundation\\Application->handleCommand(Object(Symfony\\Component\\Console\\Input\\ArgvInput))\n#45 {main}', '2025-04-28 19:55:05'),
(570, '0d2789c8-c8e7-4aaa-9e46-36f30e7c6afd', 'database', 'default', '{\"uuid\":\"0d2789c8-c8e7-4aaa-9e46-36f30e7c6afd\",\"displayName\":\"App\\\\Notifications\\\\TemplateNotification\",\"job\":\"Illuminate\\\\Queue\\\\CallQueuedHandler@call\",\"maxTries\":null,\"maxExceptions\":null,\"failOnTimeout\":false,\"backoff\":null,\"timeout\":null,\"retryUntil\":null,\"data\":{\"commandName\":\"Illuminate\\\\Notifications\\\\SendQueuedNotifications\",\"command\":\"O:48:\\\"Illuminate\\\\Notifications\\\\SendQueuedNotifications\\\":3:{s:11:\\\"notifiables\\\";O:45:\\\"Illuminate\\\\Contracts\\\\Database\\\\ModelIdentifier\\\":5:{s:5:\\\"class\\\";s:15:\\\"App\\\\Models\\\\User\\\";s:2:\\\"id\\\";a:1:{i:0;i:47;}s:9:\\\"relations\\\";a:0:{}s:10:\\\"connection\\\";s:5:\\\"mysql\\\";s:15:\\\"collectionClass\\\";N;}s:12:\\\"notification\\\";O:38:\\\"App\\\\Notifications\\\\TemplateNotification\\\":3:{s:13:\\\"\\u0000*\\u0000identifier\\\";s:21:\\\"deposit_user_approved\\\";s:7:\\\"\\u0000*\\u0000data\\\";a:2:{s:6:\\\"amount\\\";s:7:\\\"500 USD\\\";s:6:\\\"method\\\";s:13:\\\"Bank Transfer\\\";}s:2:\\\"id\\\";s:36:\\\"a447505d-e070-4835-b8d7-7adb35d8c7e8\\\";}s:8:\\\"channels\\\";a:1:{i:0;s:41:\\\"NotificationChannels\\\\Twilio\\\\TwilioChannel\\\";}}\"}}', 'Twilio\\Exceptions\\RestException: [HTTP 429] Unable to create record: Account ACbfdc5b6e20afc5a0290c78af2a349f1b exceeded the 9 daily messages limit in E:\\www\\digikash\\vendor\\twilio\\sdk\\src\\Twilio\\Version.php:88\nStack trace:\n#0 E:\\www\\digikash\\vendor\\twilio\\sdk\\src\\Twilio\\Version.php(223): Twilio\\Version->exception(Object(Twilio\\Http\\Response), \'Unable to creat...\')\n#1 E:\\www\\digikash\\vendor\\twilio\\sdk\\src\\Twilio\\Rest\\Api\\V2010\\Account\\MessageList.php(118): Twilio\\Version->create(\'POST\', \'/Accounts/ACbfd...\', Array, Array, Array)\n#2 E:\\www\\digikash\\vendor\\laravel-notification-channels\\twilio\\src\\Twilio.php(92): Twilio\\Rest\\Api\\V2010\\Account\\MessageList->create(\'+8801847305958\', Object(Twilio\\Values))\n#3 E:\\www\\digikash\\vendor\\laravel-notification-channels\\twilio\\src\\Twilio.php(31): NotificationChannels\\Twilio\\Twilio->sendSmsMessage(Object(NotificationChannels\\Twilio\\TwilioSmsMessage), \'+8801847305958\')\n#4 E:\\www\\digikash\\vendor\\laravel-notification-channels\\twilio\\src\\TwilioChannel.php(43): NotificationChannels\\Twilio\\Twilio->sendMessage(Object(NotificationChannels\\Twilio\\TwilioSmsMessage), \'+8801733060254\', false)\n#5 E:\\www\\digikash\\vendor\\laravel\\framework\\src\\Illuminate\\Notifications\\NotificationSender.php(148): NotificationChannels\\Twilio\\TwilioChannel->send(Object(App\\Models\\User), Object(App\\Notifications\\TemplateNotification))\n#6 E:\\www\\digikash\\vendor\\laravel\\framework\\src\\Illuminate\\Notifications\\NotificationSender.php(106): Illuminate\\Notifications\\NotificationSender->sendToNotifiable(Object(App\\Models\\User), \'f099b616-a48d-4...\', Object(App\\Notifications\\TemplateNotification), \'NotificationCha...\')\n#7 E:\\www\\digikash\\vendor\\laravel\\framework\\src\\Illuminate\\Support\\Traits\\Localizable.php(19): Illuminate\\Notifications\\NotificationSender->Illuminate\\Notifications\\{closure}()\n#8 E:\\www\\digikash\\vendor\\laravel\\framework\\src\\Illuminate\\Notifications\\NotificationSender.php(101): Illuminate\\Notifications\\NotificationSender->withLocale(NULL, Object(Closure))\n#9 E:\\www\\digikash\\vendor\\laravel\\framework\\src\\Illuminate\\Notifications\\ChannelManager.php(54): Illuminate\\Notifications\\NotificationSender->sendNow(Object(Illuminate\\Database\\Eloquent\\Collection), Object(App\\Notifications\\TemplateNotification), Array)\n#10 E:\\www\\digikash\\vendor\\laravel\\framework\\src\\Illuminate\\Notifications\\SendQueuedNotifications.php(119): Illuminate\\Notifications\\ChannelManager->sendNow(Object(Illuminate\\Database\\Eloquent\\Collection), Object(App\\Notifications\\TemplateNotification), Array)\n#11 E:\\www\\digikash\\vendor\\laravel\\framework\\src\\Illuminate\\Container\\BoundMethod.php(36): Illuminate\\Notifications\\SendQueuedNotifications->handle(Object(Illuminate\\Notifications\\ChannelManager))\n#12 E:\\www\\digikash\\vendor\\laravel\\framework\\src\\Illuminate\\Container\\Util.php(43): Illuminate\\Container\\BoundMethod::Illuminate\\Container\\{closure}()\n#13 E:\\www\\digikash\\vendor\\laravel\\framework\\src\\Illuminate\\Container\\BoundMethod.php(95): Illuminate\\Container\\Util::unwrapIfClosure(Object(Closure))\n#14 E:\\www\\digikash\\vendor\\laravel\\framework\\src\\Illuminate\\Container\\BoundMethod.php(35): Illuminate\\Container\\BoundMethod::callBoundMethod(Object(Illuminate\\Foundation\\Application), Array, Object(Closure))\n#15 E:\\www\\digikash\\vendor\\laravel\\framework\\src\\Illuminate\\Container\\Container.php(696): Illuminate\\Container\\BoundMethod::call(Object(Illuminate\\Foundation\\Application), Array, Array, NULL)\n#16 E:\\www\\digikash\\vendor\\laravel\\framework\\src\\Illuminate\\Bus\\Dispatcher.php(126): Illuminate\\Container\\Container->call(Array)\n#17 E:\\www\\digikash\\vendor\\laravel\\framework\\src\\Illuminate\\Pipeline\\Pipeline.php(170): Illuminate\\Bus\\Dispatcher->Illuminate\\Bus\\{closure}(Object(Illuminate\\Notifications\\SendQueuedNotifications))\n#18 E:\\www\\digikash\\vendor\\laravel\\framework\\src\\Illuminate\\Pipeline\\Pipeline.php(127): Illuminate\\Pipeline\\Pipeline->Illuminate\\Pipeline\\{closure}(Object(Illuminate\\Notifications\\SendQueuedNotifications))\n#19 E:\\www\\digikash\\vendor\\laravel\\framework\\src\\Illuminate\\Bus\\Dispatcher.php(130): Illuminate\\Pipeline\\Pipeline->then(Object(Closure))\n#20 E:\\www\\digikash\\vendor\\laravel\\framework\\src\\Illuminate\\Queue\\CallQueuedHandler.php(126): Illuminate\\Bus\\Dispatcher->dispatchNow(Object(Illuminate\\Notifications\\SendQueuedNotifications), false)\n#21 E:\\www\\digikash\\vendor\\laravel\\framework\\src\\Illuminate\\Pipeline\\Pipeline.php(170): Illuminate\\Queue\\CallQueuedHandler->Illuminate\\Queue\\{closure}(Object(Illuminate\\Notifications\\SendQueuedNotifications))\n#22 E:\\www\\digikash\\vendor\\laravel\\framework\\src\\Illuminate\\Pipeline\\Pipeline.php(127): Illuminate\\Pipeline\\Pipeline->Illuminate\\Pipeline\\{closure}(Object(Illuminate\\Notifications\\SendQueuedNotifications))\n#23 E:\\www\\digikash\\vendor\\laravel\\framework\\src\\Illuminate\\Queue\\CallQueuedHandler.php(121): Illuminate\\Pipeline\\Pipeline->then(Object(Closure))\n#24 E:\\www\\digikash\\vendor\\laravel\\framework\\src\\Illuminate\\Queue\\CallQueuedHandler.php(69): Illuminate\\Queue\\CallQueuedHandler->dispatchThroughMiddleware(Object(Illuminate\\Queue\\Jobs\\DatabaseJob), Object(Illuminate\\Notifications\\SendQueuedNotifications))\n#25 E:\\www\\digikash\\vendor\\laravel\\framework\\src\\Illuminate\\Queue\\Jobs\\Job.php(102): Illuminate\\Queue\\CallQueuedHandler->call(Object(Illuminate\\Queue\\Jobs\\DatabaseJob), Array)\n#26 E:\\www\\digikash\\vendor\\laravel\\framework\\src\\Illuminate\\Queue\\Worker.php(442): Illuminate\\Queue\\Jobs\\Job->fire()\n#27 E:\\www\\digikash\\vendor\\laravel\\framework\\src\\Illuminate\\Queue\\Worker.php(392): Illuminate\\Queue\\Worker->process(\'database\', Object(Illuminate\\Queue\\Jobs\\DatabaseJob), Object(Illuminate\\Queue\\WorkerOptions))\n#28 E:\\www\\digikash\\vendor\\laravel\\framework\\src\\Illuminate\\Queue\\Worker.php(178): Illuminate\\Queue\\Worker->runJob(Object(Illuminate\\Queue\\Jobs\\DatabaseJob), \'database\', Object(Illuminate\\Queue\\WorkerOptions))\n#29 E:\\www\\digikash\\vendor\\laravel\\framework\\src\\Illuminate\\Queue\\Console\\WorkCommand.php(149): Illuminate\\Queue\\Worker->daemon(\'database\', \'default\', Object(Illuminate\\Queue\\WorkerOptions))\n#30 E:\\www\\digikash\\vendor\\laravel\\framework\\src\\Illuminate\\Queue\\Console\\WorkCommand.php(132): Illuminate\\Queue\\Console\\WorkCommand->runWorker(\'database\', \'default\')\n#31 E:\\www\\digikash\\vendor\\laravel\\framework\\src\\Illuminate\\Container\\BoundMethod.php(36): Illuminate\\Queue\\Console\\WorkCommand->handle()\n#32 E:\\www\\digikash\\vendor\\laravel\\framework\\src\\Illuminate\\Container\\Util.php(43): Illuminate\\Container\\BoundMethod::Illuminate\\Container\\{closure}()\n#33 E:\\www\\digikash\\vendor\\laravel\\framework\\src\\Illuminate\\Container\\BoundMethod.php(95): Illuminate\\Container\\Util::unwrapIfClosure(Object(Closure))\n#34 E:\\www\\digikash\\vendor\\laravel\\framework\\src\\Illuminate\\Container\\BoundMethod.php(35): Illuminate\\Container\\BoundMethod::callBoundMethod(Object(Illuminate\\Foundation\\Application), Array, Object(Closure))\n#35 E:\\www\\digikash\\vendor\\laravel\\framework\\src\\Illuminate\\Container\\Container.php(696): Illuminate\\Container\\BoundMethod::call(Object(Illuminate\\Foundation\\Application), Array, Array, NULL)\n#36 E:\\www\\digikash\\vendor\\laravel\\framework\\src\\Illuminate\\Console\\Command.php(213): Illuminate\\Container\\Container->call(Array)\n#37 E:\\www\\digikash\\vendor\\symfony\\console\\Command\\Command.php(279): Illuminate\\Console\\Command->execute(Object(Symfony\\Component\\Console\\Input\\ArgvInput), Object(Illuminate\\Console\\OutputStyle))\n#38 E:\\www\\digikash\\vendor\\laravel\\framework\\src\\Illuminate\\Console\\Command.php(182): Symfony\\Component\\Console\\Command\\Command->run(Object(Symfony\\Component\\Console\\Input\\ArgvInput), Object(Illuminate\\Console\\OutputStyle))\n#39 E:\\www\\digikash\\vendor\\symfony\\console\\Application.php(1094): Illuminate\\Console\\Command->run(Object(Symfony\\Component\\Console\\Input\\ArgvInput), Object(Symfony\\Component\\Console\\Output\\ConsoleOutput))\n#40 E:\\www\\digikash\\vendor\\symfony\\console\\Application.php(342): Symfony\\Component\\Console\\Application->doRunCommand(Object(Illuminate\\Queue\\Console\\WorkCommand), Object(Symfony\\Component\\Console\\Input\\ArgvInput), Object(Symfony\\Component\\Console\\Output\\ConsoleOutput))\n#41 E:\\www\\digikash\\vendor\\symfony\\console\\Application.php(193): Symfony\\Component\\Console\\Application->doRun(Object(Symfony\\Component\\Console\\Input\\ArgvInput), Object(Symfony\\Component\\Console\\Output\\ConsoleOutput))\n#42 E:\\www\\digikash\\vendor\\laravel\\framework\\src\\Illuminate\\Foundation\\Console\\Kernel.php(198): Symfony\\Component\\Console\\Application->run(Object(Symfony\\Component\\Console\\Input\\ArgvInput), Object(Symfony\\Component\\Console\\Output\\ConsoleOutput))\n#43 E:\\www\\digikash\\vendor\\laravel\\framework\\src\\Illuminate\\Foundation\\Application.php(1235): Illuminate\\Foundation\\Console\\Kernel->handle(Object(Symfony\\Component\\Console\\Input\\ArgvInput), Object(Symfony\\Component\\Console\\Output\\ConsoleOutput))\n#44 E:\\www\\digikash\\artisan(13): Illuminate\\Foundation\\Application->handleCommand(Object(Symfony\\Component\\Console\\Input\\ArgvInput))\n#45 {main}', '2025-04-28 19:55:05');
INSERT INTO `failed_jobs` (`id`, `uuid`, `connection`, `queue`, `payload`, `exception`, `failed_at`) VALUES
(571, '9e46ef6a-ad55-43e0-89ae-b9f3f7396c93', 'database', 'default', '{\"uuid\":\"9e46ef6a-ad55-43e0-89ae-b9f3f7396c93\",\"displayName\":\"App\\\\Notifications\\\\TemplateNotification\",\"job\":\"Illuminate\\\\Queue\\\\CallQueuedHandler@call\",\"maxTries\":null,\"maxExceptions\":null,\"failOnTimeout\":false,\"backoff\":null,\"timeout\":null,\"retryUntil\":null,\"data\":{\"commandName\":\"Illuminate\\\\Notifications\\\\SendQueuedNotifications\",\"command\":\"O:48:\\\"Illuminate\\\\Notifications\\\\SendQueuedNotifications\\\":3:{s:11:\\\"notifiables\\\";O:45:\\\"Illuminate\\\\Contracts\\\\Database\\\\ModelIdentifier\\\":5:{s:5:\\\"class\\\";s:15:\\\"App\\\\Models\\\\User\\\";s:2:\\\"id\\\";a:1:{i:0;i:47;}s:9:\\\"relations\\\";a:0:{}s:10:\\\"connection\\\";s:5:\\\"mysql\\\";s:15:\\\"collectionClass\\\";N;}s:12:\\\"notification\\\";O:38:\\\"App\\\\Notifications\\\\TemplateNotification\\\":3:{s:13:\\\"\\u0000*\\u0000identifier\\\";s:21:\\\"deposit_user_approved\\\";s:7:\\\"\\u0000*\\u0000data\\\";a:2:{s:6:\\\"amount\\\";s:7:\\\"500 USD\\\";s:6:\\\"method\\\";s:13:\\\"Bank Transfer\\\";}s:2:\\\"id\\\";s:36:\\\"817583d5-54a1-4e9b-bde7-ca76457d86fc\\\";}s:8:\\\"channels\\\";a:1:{i:0;s:41:\\\"NotificationChannels\\\\Twilio\\\\TwilioChannel\\\";}}\"}}', 'Twilio\\Exceptions\\RestException: [HTTP 429] Unable to create record: Account ACbfdc5b6e20afc5a0290c78af2a349f1b exceeded the 9 daily messages limit in E:\\www\\digikash\\vendor\\twilio\\sdk\\src\\Twilio\\Version.php:88\nStack trace:\n#0 E:\\www\\digikash\\vendor\\twilio\\sdk\\src\\Twilio\\Version.php(223): Twilio\\Version->exception(Object(Twilio\\Http\\Response), \'Unable to creat...\')\n#1 E:\\www\\digikash\\vendor\\twilio\\sdk\\src\\Twilio\\Rest\\Api\\V2010\\Account\\MessageList.php(118): Twilio\\Version->create(\'POST\', \'/Accounts/ACbfd...\', Array, Array, Array)\n#2 E:\\www\\digikash\\vendor\\laravel-notification-channels\\twilio\\src\\Twilio.php(92): Twilio\\Rest\\Api\\V2010\\Account\\MessageList->create(\'+8801847305958\', Object(Twilio\\Values))\n#3 E:\\www\\digikash\\vendor\\laravel-notification-channels\\twilio\\src\\Twilio.php(31): NotificationChannels\\Twilio\\Twilio->sendSmsMessage(Object(NotificationChannels\\Twilio\\TwilioSmsMessage), \'+8801847305958\')\n#4 E:\\www\\digikash\\vendor\\laravel-notification-channels\\twilio\\src\\TwilioChannel.php(43): NotificationChannels\\Twilio\\Twilio->sendMessage(Object(NotificationChannels\\Twilio\\TwilioSmsMessage), \'+8801733060254\', false)\n#5 E:\\www\\digikash\\vendor\\laravel\\framework\\src\\Illuminate\\Notifications\\NotificationSender.php(148): NotificationChannels\\Twilio\\TwilioChannel->send(Object(App\\Models\\User), Object(App\\Notifications\\TemplateNotification))\n#6 E:\\www\\digikash\\vendor\\laravel\\framework\\src\\Illuminate\\Notifications\\NotificationSender.php(106): Illuminate\\Notifications\\NotificationSender->sendToNotifiable(Object(App\\Models\\User), \'83e77398-0dbc-4...\', Object(App\\Notifications\\TemplateNotification), \'NotificationCha...\')\n#7 E:\\www\\digikash\\vendor\\laravel\\framework\\src\\Illuminate\\Support\\Traits\\Localizable.php(19): Illuminate\\Notifications\\NotificationSender->Illuminate\\Notifications\\{closure}()\n#8 E:\\www\\digikash\\vendor\\laravel\\framework\\src\\Illuminate\\Notifications\\NotificationSender.php(101): Illuminate\\Notifications\\NotificationSender->withLocale(NULL, Object(Closure))\n#9 E:\\www\\digikash\\vendor\\laravel\\framework\\src\\Illuminate\\Notifications\\ChannelManager.php(54): Illuminate\\Notifications\\NotificationSender->sendNow(Object(Illuminate\\Database\\Eloquent\\Collection), Object(App\\Notifications\\TemplateNotification), Array)\n#10 E:\\www\\digikash\\vendor\\laravel\\framework\\src\\Illuminate\\Notifications\\SendQueuedNotifications.php(119): Illuminate\\Notifications\\ChannelManager->sendNow(Object(Illuminate\\Database\\Eloquent\\Collection), Object(App\\Notifications\\TemplateNotification), Array)\n#11 E:\\www\\digikash\\vendor\\laravel\\framework\\src\\Illuminate\\Container\\BoundMethod.php(36): Illuminate\\Notifications\\SendQueuedNotifications->handle(Object(Illuminate\\Notifications\\ChannelManager))\n#12 E:\\www\\digikash\\vendor\\laravel\\framework\\src\\Illuminate\\Container\\Util.php(43): Illuminate\\Container\\BoundMethod::Illuminate\\Container\\{closure}()\n#13 E:\\www\\digikash\\vendor\\laravel\\framework\\src\\Illuminate\\Container\\BoundMethod.php(95): Illuminate\\Container\\Util::unwrapIfClosure(Object(Closure))\n#14 E:\\www\\digikash\\vendor\\laravel\\framework\\src\\Illuminate\\Container\\BoundMethod.php(35): Illuminate\\Container\\BoundMethod::callBoundMethod(Object(Illuminate\\Foundation\\Application), Array, Object(Closure))\n#15 E:\\www\\digikash\\vendor\\laravel\\framework\\src\\Illuminate\\Container\\Container.php(696): Illuminate\\Container\\BoundMethod::call(Object(Illuminate\\Foundation\\Application), Array, Array, NULL)\n#16 E:\\www\\digikash\\vendor\\laravel\\framework\\src\\Illuminate\\Bus\\Dispatcher.php(126): Illuminate\\Container\\Container->call(Array)\n#17 E:\\www\\digikash\\vendor\\laravel\\framework\\src\\Illuminate\\Pipeline\\Pipeline.php(170): Illuminate\\Bus\\Dispatcher->Illuminate\\Bus\\{closure}(Object(Illuminate\\Notifications\\SendQueuedNotifications))\n#18 E:\\www\\digikash\\vendor\\laravel\\framework\\src\\Illuminate\\Pipeline\\Pipeline.php(127): Illuminate\\Pipeline\\Pipeline->Illuminate\\Pipeline\\{closure}(Object(Illuminate\\Notifications\\SendQueuedNotifications))\n#19 E:\\www\\digikash\\vendor\\laravel\\framework\\src\\Illuminate\\Bus\\Dispatcher.php(130): Illuminate\\Pipeline\\Pipeline->then(Object(Closure))\n#20 E:\\www\\digikash\\vendor\\laravel\\framework\\src\\Illuminate\\Queue\\CallQueuedHandler.php(126): Illuminate\\Bus\\Dispatcher->dispatchNow(Object(Illuminate\\Notifications\\SendQueuedNotifications), false)\n#21 E:\\www\\digikash\\vendor\\laravel\\framework\\src\\Illuminate\\Pipeline\\Pipeline.php(170): Illuminate\\Queue\\CallQueuedHandler->Illuminate\\Queue\\{closure}(Object(Illuminate\\Notifications\\SendQueuedNotifications))\n#22 E:\\www\\digikash\\vendor\\laravel\\framework\\src\\Illuminate\\Pipeline\\Pipeline.php(127): Illuminate\\Pipeline\\Pipeline->Illuminate\\Pipeline\\{closure}(Object(Illuminate\\Notifications\\SendQueuedNotifications))\n#23 E:\\www\\digikash\\vendor\\laravel\\framework\\src\\Illuminate\\Queue\\CallQueuedHandler.php(121): Illuminate\\Pipeline\\Pipeline->then(Object(Closure))\n#24 E:\\www\\digikash\\vendor\\laravel\\framework\\src\\Illuminate\\Queue\\CallQueuedHandler.php(69): Illuminate\\Queue\\CallQueuedHandler->dispatchThroughMiddleware(Object(Illuminate\\Queue\\Jobs\\DatabaseJob), Object(Illuminate\\Notifications\\SendQueuedNotifications))\n#25 E:\\www\\digikash\\vendor\\laravel\\framework\\src\\Illuminate\\Queue\\Jobs\\Job.php(102): Illuminate\\Queue\\CallQueuedHandler->call(Object(Illuminate\\Queue\\Jobs\\DatabaseJob), Array)\n#26 E:\\www\\digikash\\vendor\\laravel\\framework\\src\\Illuminate\\Queue\\Worker.php(442): Illuminate\\Queue\\Jobs\\Job->fire()\n#27 E:\\www\\digikash\\vendor\\laravel\\framework\\src\\Illuminate\\Queue\\Worker.php(392): Illuminate\\Queue\\Worker->process(\'database\', Object(Illuminate\\Queue\\Jobs\\DatabaseJob), Object(Illuminate\\Queue\\WorkerOptions))\n#28 E:\\www\\digikash\\vendor\\laravel\\framework\\src\\Illuminate\\Queue\\Worker.php(178): Illuminate\\Queue\\Worker->runJob(Object(Illuminate\\Queue\\Jobs\\DatabaseJob), \'database\', Object(Illuminate\\Queue\\WorkerOptions))\n#29 E:\\www\\digikash\\vendor\\laravel\\framework\\src\\Illuminate\\Queue\\Console\\WorkCommand.php(149): Illuminate\\Queue\\Worker->daemon(\'database\', \'default\', Object(Illuminate\\Queue\\WorkerOptions))\n#30 E:\\www\\digikash\\vendor\\laravel\\framework\\src\\Illuminate\\Queue\\Console\\WorkCommand.php(132): Illuminate\\Queue\\Console\\WorkCommand->runWorker(\'database\', \'default\')\n#31 E:\\www\\digikash\\vendor\\laravel\\framework\\src\\Illuminate\\Container\\BoundMethod.php(36): Illuminate\\Queue\\Console\\WorkCommand->handle()\n#32 E:\\www\\digikash\\vendor\\laravel\\framework\\src\\Illuminate\\Container\\Util.php(43): Illuminate\\Container\\BoundMethod::Illuminate\\Container\\{closure}()\n#33 E:\\www\\digikash\\vendor\\laravel\\framework\\src\\Illuminate\\Container\\BoundMethod.php(95): Illuminate\\Container\\Util::unwrapIfClosure(Object(Closure))\n#34 E:\\www\\digikash\\vendor\\laravel\\framework\\src\\Illuminate\\Container\\BoundMethod.php(35): Illuminate\\Container\\BoundMethod::callBoundMethod(Object(Illuminate\\Foundation\\Application), Array, Object(Closure))\n#35 E:\\www\\digikash\\vendor\\laravel\\framework\\src\\Illuminate\\Container\\Container.php(696): Illuminate\\Container\\BoundMethod::call(Object(Illuminate\\Foundation\\Application), Array, Array, NULL)\n#36 E:\\www\\digikash\\vendor\\laravel\\framework\\src\\Illuminate\\Console\\Command.php(213): Illuminate\\Container\\Container->call(Array)\n#37 E:\\www\\digikash\\vendor\\symfony\\console\\Command\\Command.php(279): Illuminate\\Console\\Command->execute(Object(Symfony\\Component\\Console\\Input\\ArgvInput), Object(Illuminate\\Console\\OutputStyle))\n#38 E:\\www\\digikash\\vendor\\laravel\\framework\\src\\Illuminate\\Console\\Command.php(182): Symfony\\Component\\Console\\Command\\Command->run(Object(Symfony\\Component\\Console\\Input\\ArgvInput), Object(Illuminate\\Console\\OutputStyle))\n#39 E:\\www\\digikash\\vendor\\symfony\\console\\Application.php(1094): Illuminate\\Console\\Command->run(Object(Symfony\\Component\\Console\\Input\\ArgvInput), Object(Symfony\\Component\\Console\\Output\\ConsoleOutput))\n#40 E:\\www\\digikash\\vendor\\symfony\\console\\Application.php(342): Symfony\\Component\\Console\\Application->doRunCommand(Object(Illuminate\\Queue\\Console\\WorkCommand), Object(Symfony\\Component\\Console\\Input\\ArgvInput), Object(Symfony\\Component\\Console\\Output\\ConsoleOutput))\n#41 E:\\www\\digikash\\vendor\\symfony\\console\\Application.php(193): Symfony\\Component\\Console\\Application->doRun(Object(Symfony\\Component\\Console\\Input\\ArgvInput), Object(Symfony\\Component\\Console\\Output\\ConsoleOutput))\n#42 E:\\www\\digikash\\vendor\\laravel\\framework\\src\\Illuminate\\Foundation\\Console\\Kernel.php(198): Symfony\\Component\\Console\\Application->run(Object(Symfony\\Component\\Console\\Input\\ArgvInput), Object(Symfony\\Component\\Console\\Output\\ConsoleOutput))\n#43 E:\\www\\digikash\\vendor\\laravel\\framework\\src\\Illuminate\\Foundation\\Application.php(1235): Illuminate\\Foundation\\Console\\Kernel->handle(Object(Symfony\\Component\\Console\\Input\\ArgvInput), Object(Symfony\\Component\\Console\\Output\\ConsoleOutput))\n#44 E:\\www\\digikash\\artisan(13): Illuminate\\Foundation\\Application->handleCommand(Object(Symfony\\Component\\Console\\Input\\ArgvInput))\n#45 {main}', '2025-04-28 19:55:06'),
(572, 'c3d8c1f7-96c7-4319-bfc7-52d8180d1f8c', 'database', 'default', '{\"uuid\":\"c3d8c1f7-96c7-4319-bfc7-52d8180d1f8c\",\"displayName\":\"App\\\\Notifications\\\\TemplateNotification\",\"job\":\"Illuminate\\\\Queue\\\\CallQueuedHandler@call\",\"maxTries\":null,\"maxExceptions\":null,\"failOnTimeout\":false,\"backoff\":null,\"timeout\":null,\"retryUntil\":null,\"data\":{\"commandName\":\"Illuminate\\\\Notifications\\\\SendQueuedNotifications\",\"command\":\"O:48:\\\"Illuminate\\\\Notifications\\\\SendQueuedNotifications\\\":3:{s:11:\\\"notifiables\\\";O:45:\\\"Illuminate\\\\Contracts\\\\Database\\\\ModelIdentifier\\\":5:{s:5:\\\"class\\\";s:15:\\\"App\\\\Models\\\\User\\\";s:2:\\\"id\\\";a:1:{i:0;i:47;}s:9:\\\"relations\\\";a:0:{}s:10:\\\"connection\\\";s:5:\\\"mysql\\\";s:15:\\\"collectionClass\\\";N;}s:12:\\\"notification\\\";O:38:\\\"App\\\\Notifications\\\\TemplateNotification\\\":3:{s:13:\\\"\\u0000*\\u0000identifier\\\";s:21:\\\"deposit_user_approved\\\";s:7:\\\"\\u0000*\\u0000data\\\";a:2:{s:6:\\\"amount\\\";s:7:\\\"500 USD\\\";s:6:\\\"method\\\";s:13:\\\"Bank Transfer\\\";}s:2:\\\"id\\\";s:36:\\\"31ce41fd-d9c2-4305-b068-8b1fff5e46fe\\\";}s:8:\\\"channels\\\";a:1:{i:0;s:41:\\\"NotificationChannels\\\\Twilio\\\\TwilioChannel\\\";}}\"}}', 'Twilio\\Exceptions\\RestException: [HTTP 429] Unable to create record: Account ACbfdc5b6e20afc5a0290c78af2a349f1b exceeded the 9 daily messages limit in E:\\www\\digikash\\vendor\\twilio\\sdk\\src\\Twilio\\Version.php:88\nStack trace:\n#0 E:\\www\\digikash\\vendor\\twilio\\sdk\\src\\Twilio\\Version.php(223): Twilio\\Version->exception(Object(Twilio\\Http\\Response), \'Unable to creat...\')\n#1 E:\\www\\digikash\\vendor\\twilio\\sdk\\src\\Twilio\\Rest\\Api\\V2010\\Account\\MessageList.php(118): Twilio\\Version->create(\'POST\', \'/Accounts/ACbfd...\', Array, Array, Array)\n#2 E:\\www\\digikash\\vendor\\laravel-notification-channels\\twilio\\src\\Twilio.php(92): Twilio\\Rest\\Api\\V2010\\Account\\MessageList->create(\'+8801847305958\', Object(Twilio\\Values))\n#3 E:\\www\\digikash\\vendor\\laravel-notification-channels\\twilio\\src\\Twilio.php(31): NotificationChannels\\Twilio\\Twilio->sendSmsMessage(Object(NotificationChannels\\Twilio\\TwilioSmsMessage), \'+8801847305958\')\n#4 E:\\www\\digikash\\vendor\\laravel-notification-channels\\twilio\\src\\TwilioChannel.php(43): NotificationChannels\\Twilio\\Twilio->sendMessage(Object(NotificationChannels\\Twilio\\TwilioSmsMessage), \'+8801733060254\', false)\n#5 E:\\www\\digikash\\vendor\\laravel\\framework\\src\\Illuminate\\Notifications\\NotificationSender.php(148): NotificationChannels\\Twilio\\TwilioChannel->send(Object(App\\Models\\User), Object(App\\Notifications\\TemplateNotification))\n#6 E:\\www\\digikash\\vendor\\laravel\\framework\\src\\Illuminate\\Notifications\\NotificationSender.php(106): Illuminate\\Notifications\\NotificationSender->sendToNotifiable(Object(App\\Models\\User), \'1cf432ca-803f-4...\', Object(App\\Notifications\\TemplateNotification), \'NotificationCha...\')\n#7 E:\\www\\digikash\\vendor\\laravel\\framework\\src\\Illuminate\\Support\\Traits\\Localizable.php(19): Illuminate\\Notifications\\NotificationSender->Illuminate\\Notifications\\{closure}()\n#8 E:\\www\\digikash\\vendor\\laravel\\framework\\src\\Illuminate\\Notifications\\NotificationSender.php(101): Illuminate\\Notifications\\NotificationSender->withLocale(NULL, Object(Closure))\n#9 E:\\www\\digikash\\vendor\\laravel\\framework\\src\\Illuminate\\Notifications\\ChannelManager.php(54): Illuminate\\Notifications\\NotificationSender->sendNow(Object(Illuminate\\Database\\Eloquent\\Collection), Object(App\\Notifications\\TemplateNotification), Array)\n#10 E:\\www\\digikash\\vendor\\laravel\\framework\\src\\Illuminate\\Notifications\\SendQueuedNotifications.php(119): Illuminate\\Notifications\\ChannelManager->sendNow(Object(Illuminate\\Database\\Eloquent\\Collection), Object(App\\Notifications\\TemplateNotification), Array)\n#11 E:\\www\\digikash\\vendor\\laravel\\framework\\src\\Illuminate\\Container\\BoundMethod.php(36): Illuminate\\Notifications\\SendQueuedNotifications->handle(Object(Illuminate\\Notifications\\ChannelManager))\n#12 E:\\www\\digikash\\vendor\\laravel\\framework\\src\\Illuminate\\Container\\Util.php(43): Illuminate\\Container\\BoundMethod::Illuminate\\Container\\{closure}()\n#13 E:\\www\\digikash\\vendor\\laravel\\framework\\src\\Illuminate\\Container\\BoundMethod.php(95): Illuminate\\Container\\Util::unwrapIfClosure(Object(Closure))\n#14 E:\\www\\digikash\\vendor\\laravel\\framework\\src\\Illuminate\\Container\\BoundMethod.php(35): Illuminate\\Container\\BoundMethod::callBoundMethod(Object(Illuminate\\Foundation\\Application), Array, Object(Closure))\n#15 E:\\www\\digikash\\vendor\\laravel\\framework\\src\\Illuminate\\Container\\Container.php(696): Illuminate\\Container\\BoundMethod::call(Object(Illuminate\\Foundation\\Application), Array, Array, NULL)\n#16 E:\\www\\digikash\\vendor\\laravel\\framework\\src\\Illuminate\\Bus\\Dispatcher.php(126): Illuminate\\Container\\Container->call(Array)\n#17 E:\\www\\digikash\\vendor\\laravel\\framework\\src\\Illuminate\\Pipeline\\Pipeline.php(170): Illuminate\\Bus\\Dispatcher->Illuminate\\Bus\\{closure}(Object(Illuminate\\Notifications\\SendQueuedNotifications))\n#18 E:\\www\\digikash\\vendor\\laravel\\framework\\src\\Illuminate\\Pipeline\\Pipeline.php(127): Illuminate\\Pipeline\\Pipeline->Illuminate\\Pipeline\\{closure}(Object(Illuminate\\Notifications\\SendQueuedNotifications))\n#19 E:\\www\\digikash\\vendor\\laravel\\framework\\src\\Illuminate\\Bus\\Dispatcher.php(130): Illuminate\\Pipeline\\Pipeline->then(Object(Closure))\n#20 E:\\www\\digikash\\vendor\\laravel\\framework\\src\\Illuminate\\Queue\\CallQueuedHandler.php(126): Illuminate\\Bus\\Dispatcher->dispatchNow(Object(Illuminate\\Notifications\\SendQueuedNotifications), false)\n#21 E:\\www\\digikash\\vendor\\laravel\\framework\\src\\Illuminate\\Pipeline\\Pipeline.php(170): Illuminate\\Queue\\CallQueuedHandler->Illuminate\\Queue\\{closure}(Object(Illuminate\\Notifications\\SendQueuedNotifications))\n#22 E:\\www\\digikash\\vendor\\laravel\\framework\\src\\Illuminate\\Pipeline\\Pipeline.php(127): Illuminate\\Pipeline\\Pipeline->Illuminate\\Pipeline\\{closure}(Object(Illuminate\\Notifications\\SendQueuedNotifications))\n#23 E:\\www\\digikash\\vendor\\laravel\\framework\\src\\Illuminate\\Queue\\CallQueuedHandler.php(121): Illuminate\\Pipeline\\Pipeline->then(Object(Closure))\n#24 E:\\www\\digikash\\vendor\\laravel\\framework\\src\\Illuminate\\Queue\\CallQueuedHandler.php(69): Illuminate\\Queue\\CallQueuedHandler->dispatchThroughMiddleware(Object(Illuminate\\Queue\\Jobs\\DatabaseJob), Object(Illuminate\\Notifications\\SendQueuedNotifications))\n#25 E:\\www\\digikash\\vendor\\laravel\\framework\\src\\Illuminate\\Queue\\Jobs\\Job.php(102): Illuminate\\Queue\\CallQueuedHandler->call(Object(Illuminate\\Queue\\Jobs\\DatabaseJob), Array)\n#26 E:\\www\\digikash\\vendor\\laravel\\framework\\src\\Illuminate\\Queue\\Worker.php(442): Illuminate\\Queue\\Jobs\\Job->fire()\n#27 E:\\www\\digikash\\vendor\\laravel\\framework\\src\\Illuminate\\Queue\\Worker.php(392): Illuminate\\Queue\\Worker->process(\'database\', Object(Illuminate\\Queue\\Jobs\\DatabaseJob), Object(Illuminate\\Queue\\WorkerOptions))\n#28 E:\\www\\digikash\\vendor\\laravel\\framework\\src\\Illuminate\\Queue\\Worker.php(178): Illuminate\\Queue\\Worker->runJob(Object(Illuminate\\Queue\\Jobs\\DatabaseJob), \'database\', Object(Illuminate\\Queue\\WorkerOptions))\n#29 E:\\www\\digikash\\vendor\\laravel\\framework\\src\\Illuminate\\Queue\\Console\\WorkCommand.php(149): Illuminate\\Queue\\Worker->daemon(\'database\', \'default\', Object(Illuminate\\Queue\\WorkerOptions))\n#30 E:\\www\\digikash\\vendor\\laravel\\framework\\src\\Illuminate\\Queue\\Console\\WorkCommand.php(132): Illuminate\\Queue\\Console\\WorkCommand->runWorker(\'database\', \'default\')\n#31 E:\\www\\digikash\\vendor\\laravel\\framework\\src\\Illuminate\\Container\\BoundMethod.php(36): Illuminate\\Queue\\Console\\WorkCommand->handle()\n#32 E:\\www\\digikash\\vendor\\laravel\\framework\\src\\Illuminate\\Container\\Util.php(43): Illuminate\\Container\\BoundMethod::Illuminate\\Container\\{closure}()\n#33 E:\\www\\digikash\\vendor\\laravel\\framework\\src\\Illuminate\\Container\\BoundMethod.php(95): Illuminate\\Container\\Util::unwrapIfClosure(Object(Closure))\n#34 E:\\www\\digikash\\vendor\\laravel\\framework\\src\\Illuminate\\Container\\BoundMethod.php(35): Illuminate\\Container\\BoundMethod::callBoundMethod(Object(Illuminate\\Foundation\\Application), Array, Object(Closure))\n#35 E:\\www\\digikash\\vendor\\laravel\\framework\\src\\Illuminate\\Container\\Container.php(696): Illuminate\\Container\\BoundMethod::call(Object(Illuminate\\Foundation\\Application), Array, Array, NULL)\n#36 E:\\www\\digikash\\vendor\\laravel\\framework\\src\\Illuminate\\Console\\Command.php(213): Illuminate\\Container\\Container->call(Array)\n#37 E:\\www\\digikash\\vendor\\symfony\\console\\Command\\Command.php(279): Illuminate\\Console\\Command->execute(Object(Symfony\\Component\\Console\\Input\\ArgvInput), Object(Illuminate\\Console\\OutputStyle))\n#38 E:\\www\\digikash\\vendor\\laravel\\framework\\src\\Illuminate\\Console\\Command.php(182): Symfony\\Component\\Console\\Command\\Command->run(Object(Symfony\\Component\\Console\\Input\\ArgvInput), Object(Illuminate\\Console\\OutputStyle))\n#39 E:\\www\\digikash\\vendor\\symfony\\console\\Application.php(1094): Illuminate\\Console\\Command->run(Object(Symfony\\Component\\Console\\Input\\ArgvInput), Object(Symfony\\Component\\Console\\Output\\ConsoleOutput))\n#40 E:\\www\\digikash\\vendor\\symfony\\console\\Application.php(342): Symfony\\Component\\Console\\Application->doRunCommand(Object(Illuminate\\Queue\\Console\\WorkCommand), Object(Symfony\\Component\\Console\\Input\\ArgvInput), Object(Symfony\\Component\\Console\\Output\\ConsoleOutput))\n#41 E:\\www\\digikash\\vendor\\symfony\\console\\Application.php(193): Symfony\\Component\\Console\\Application->doRun(Object(Symfony\\Component\\Console\\Input\\ArgvInput), Object(Symfony\\Component\\Console\\Output\\ConsoleOutput))\n#42 E:\\www\\digikash\\vendor\\laravel\\framework\\src\\Illuminate\\Foundation\\Console\\Kernel.php(198): Symfony\\Component\\Console\\Application->run(Object(Symfony\\Component\\Console\\Input\\ArgvInput), Object(Symfony\\Component\\Console\\Output\\ConsoleOutput))\n#43 E:\\www\\digikash\\vendor\\laravel\\framework\\src\\Illuminate\\Foundation\\Application.php(1235): Illuminate\\Foundation\\Console\\Kernel->handle(Object(Symfony\\Component\\Console\\Input\\ArgvInput), Object(Symfony\\Component\\Console\\Output\\ConsoleOutput))\n#44 E:\\www\\digikash\\artisan(13): Illuminate\\Foundation\\Application->handleCommand(Object(Symfony\\Component\\Console\\Input\\ArgvInput))\n#45 {main}', '2025-04-28 19:55:09'),
(573, '31ac6b47-020f-4ef2-bf19-6b83c9bd319e', 'database', 'default', '{\"uuid\":\"31ac6b47-020f-4ef2-bf19-6b83c9bd319e\",\"displayName\":\"App\\\\Notifications\\\\TemplateNotification\",\"job\":\"Illuminate\\\\Queue\\\\CallQueuedHandler@call\",\"maxTries\":null,\"maxExceptions\":null,\"failOnTimeout\":false,\"backoff\":null,\"timeout\":null,\"retryUntil\":null,\"data\":{\"commandName\":\"Illuminate\\\\Notifications\\\\SendQueuedNotifications\",\"command\":\"O:48:\\\"Illuminate\\\\Notifications\\\\SendQueuedNotifications\\\":3:{s:11:\\\"notifiables\\\";O:45:\\\"Illuminate\\\\Contracts\\\\Database\\\\ModelIdentifier\\\":5:{s:5:\\\"class\\\";s:15:\\\"App\\\\Models\\\\User\\\";s:2:\\\"id\\\";a:1:{i:0;i:47;}s:9:\\\"relations\\\";a:0:{}s:10:\\\"connection\\\";s:5:\\\"mysql\\\";s:15:\\\"collectionClass\\\";N;}s:12:\\\"notification\\\";O:38:\\\"App\\\\Notifications\\\\TemplateNotification\\\":3:{s:13:\\\"\\u0000*\\u0000identifier\\\";s:21:\\\"deposit_user_approved\\\";s:7:\\\"\\u0000*\\u0000data\\\";a:2:{s:6:\\\"amount\\\";s:7:\\\"500 USD\\\";s:6:\\\"method\\\";s:13:\\\"Bank Transfer\\\";}s:2:\\\"id\\\";s:36:\\\"af5c680a-37e8-4746-b9e9-dea58d430a42\\\";}s:8:\\\"channels\\\";a:1:{i:0;s:41:\\\"NotificationChannels\\\\Twilio\\\\TwilioChannel\\\";}}\"}}', 'Twilio\\Exceptions\\RestException: [HTTP 429] Unable to create record: Account ACbfdc5b6e20afc5a0290c78af2a349f1b exceeded the 9 daily messages limit in E:\\www\\digikash\\vendor\\twilio\\sdk\\src\\Twilio\\Version.php:88\nStack trace:\n#0 E:\\www\\digikash\\vendor\\twilio\\sdk\\src\\Twilio\\Version.php(223): Twilio\\Version->exception(Object(Twilio\\Http\\Response), \'Unable to creat...\')\n#1 E:\\www\\digikash\\vendor\\twilio\\sdk\\src\\Twilio\\Rest\\Api\\V2010\\Account\\MessageList.php(118): Twilio\\Version->create(\'POST\', \'/Accounts/ACbfd...\', Array, Array, Array)\n#2 E:\\www\\digikash\\vendor\\laravel-notification-channels\\twilio\\src\\Twilio.php(92): Twilio\\Rest\\Api\\V2010\\Account\\MessageList->create(\'+8801847305958\', Object(Twilio\\Values))\n#3 E:\\www\\digikash\\vendor\\laravel-notification-channels\\twilio\\src\\Twilio.php(31): NotificationChannels\\Twilio\\Twilio->sendSmsMessage(Object(NotificationChannels\\Twilio\\TwilioSmsMessage), \'+8801847305958\')\n#4 E:\\www\\digikash\\vendor\\laravel-notification-channels\\twilio\\src\\TwilioChannel.php(43): NotificationChannels\\Twilio\\Twilio->sendMessage(Object(NotificationChannels\\Twilio\\TwilioSmsMessage), \'+8801733060254\', false)\n#5 E:\\www\\digikash\\vendor\\laravel\\framework\\src\\Illuminate\\Notifications\\NotificationSender.php(148): NotificationChannels\\Twilio\\TwilioChannel->send(Object(App\\Models\\User), Object(App\\Notifications\\TemplateNotification))\n#6 E:\\www\\digikash\\vendor\\laravel\\framework\\src\\Illuminate\\Notifications\\NotificationSender.php(106): Illuminate\\Notifications\\NotificationSender->sendToNotifiable(Object(App\\Models\\User), \'30276dc2-a073-4...\', Object(App\\Notifications\\TemplateNotification), \'NotificationCha...\')\n#7 E:\\www\\digikash\\vendor\\laravel\\framework\\src\\Illuminate\\Support\\Traits\\Localizable.php(19): Illuminate\\Notifications\\NotificationSender->Illuminate\\Notifications\\{closure}()\n#8 E:\\www\\digikash\\vendor\\laravel\\framework\\src\\Illuminate\\Notifications\\NotificationSender.php(101): Illuminate\\Notifications\\NotificationSender->withLocale(NULL, Object(Closure))\n#9 E:\\www\\digikash\\vendor\\laravel\\framework\\src\\Illuminate\\Notifications\\ChannelManager.php(54): Illuminate\\Notifications\\NotificationSender->sendNow(Object(Illuminate\\Database\\Eloquent\\Collection), Object(App\\Notifications\\TemplateNotification), Array)\n#10 E:\\www\\digikash\\vendor\\laravel\\framework\\src\\Illuminate\\Notifications\\SendQueuedNotifications.php(119): Illuminate\\Notifications\\ChannelManager->sendNow(Object(Illuminate\\Database\\Eloquent\\Collection), Object(App\\Notifications\\TemplateNotification), Array)\n#11 E:\\www\\digikash\\vendor\\laravel\\framework\\src\\Illuminate\\Container\\BoundMethod.php(36): Illuminate\\Notifications\\SendQueuedNotifications->handle(Object(Illuminate\\Notifications\\ChannelManager))\n#12 E:\\www\\digikash\\vendor\\laravel\\framework\\src\\Illuminate\\Container\\Util.php(43): Illuminate\\Container\\BoundMethod::Illuminate\\Container\\{closure}()\n#13 E:\\www\\digikash\\vendor\\laravel\\framework\\src\\Illuminate\\Container\\BoundMethod.php(95): Illuminate\\Container\\Util::unwrapIfClosure(Object(Closure))\n#14 E:\\www\\digikash\\vendor\\laravel\\framework\\src\\Illuminate\\Container\\BoundMethod.php(35): Illuminate\\Container\\BoundMethod::callBoundMethod(Object(Illuminate\\Foundation\\Application), Array, Object(Closure))\n#15 E:\\www\\digikash\\vendor\\laravel\\framework\\src\\Illuminate\\Container\\Container.php(696): Illuminate\\Container\\BoundMethod::call(Object(Illuminate\\Foundation\\Application), Array, Array, NULL)\n#16 E:\\www\\digikash\\vendor\\laravel\\framework\\src\\Illuminate\\Bus\\Dispatcher.php(126): Illuminate\\Container\\Container->call(Array)\n#17 E:\\www\\digikash\\vendor\\laravel\\framework\\src\\Illuminate\\Pipeline\\Pipeline.php(170): Illuminate\\Bus\\Dispatcher->Illuminate\\Bus\\{closure}(Object(Illuminate\\Notifications\\SendQueuedNotifications))\n#18 E:\\www\\digikash\\vendor\\laravel\\framework\\src\\Illuminate\\Pipeline\\Pipeline.php(127): Illuminate\\Pipeline\\Pipeline->Illuminate\\Pipeline\\{closure}(Object(Illuminate\\Notifications\\SendQueuedNotifications))\n#19 E:\\www\\digikash\\vendor\\laravel\\framework\\src\\Illuminate\\Bus\\Dispatcher.php(130): Illuminate\\Pipeline\\Pipeline->then(Object(Closure))\n#20 E:\\www\\digikash\\vendor\\laravel\\framework\\src\\Illuminate\\Queue\\CallQueuedHandler.php(126): Illuminate\\Bus\\Dispatcher->dispatchNow(Object(Illuminate\\Notifications\\SendQueuedNotifications), false)\n#21 E:\\www\\digikash\\vendor\\laravel\\framework\\src\\Illuminate\\Pipeline\\Pipeline.php(170): Illuminate\\Queue\\CallQueuedHandler->Illuminate\\Queue\\{closure}(Object(Illuminate\\Notifications\\SendQueuedNotifications))\n#22 E:\\www\\digikash\\vendor\\laravel\\framework\\src\\Illuminate\\Pipeline\\Pipeline.php(127): Illuminate\\Pipeline\\Pipeline->Illuminate\\Pipeline\\{closure}(Object(Illuminate\\Notifications\\SendQueuedNotifications))\n#23 E:\\www\\digikash\\vendor\\laravel\\framework\\src\\Illuminate\\Queue\\CallQueuedHandler.php(121): Illuminate\\Pipeline\\Pipeline->then(Object(Closure))\n#24 E:\\www\\digikash\\vendor\\laravel\\framework\\src\\Illuminate\\Queue\\CallQueuedHandler.php(69): Illuminate\\Queue\\CallQueuedHandler->dispatchThroughMiddleware(Object(Illuminate\\Queue\\Jobs\\DatabaseJob), Object(Illuminate\\Notifications\\SendQueuedNotifications))\n#25 E:\\www\\digikash\\vendor\\laravel\\framework\\src\\Illuminate\\Queue\\Jobs\\Job.php(102): Illuminate\\Queue\\CallQueuedHandler->call(Object(Illuminate\\Queue\\Jobs\\DatabaseJob), Array)\n#26 E:\\www\\digikash\\vendor\\laravel\\framework\\src\\Illuminate\\Queue\\Worker.php(442): Illuminate\\Queue\\Jobs\\Job->fire()\n#27 E:\\www\\digikash\\vendor\\laravel\\framework\\src\\Illuminate\\Queue\\Worker.php(392): Illuminate\\Queue\\Worker->process(\'database\', Object(Illuminate\\Queue\\Jobs\\DatabaseJob), Object(Illuminate\\Queue\\WorkerOptions))\n#28 E:\\www\\digikash\\vendor\\laravel\\framework\\src\\Illuminate\\Queue\\Worker.php(178): Illuminate\\Queue\\Worker->runJob(Object(Illuminate\\Queue\\Jobs\\DatabaseJob), \'database\', Object(Illuminate\\Queue\\WorkerOptions))\n#29 E:\\www\\digikash\\vendor\\laravel\\framework\\src\\Illuminate\\Queue\\Console\\WorkCommand.php(149): Illuminate\\Queue\\Worker->daemon(\'database\', \'default\', Object(Illuminate\\Queue\\WorkerOptions))\n#30 E:\\www\\digikash\\vendor\\laravel\\framework\\src\\Illuminate\\Queue\\Console\\WorkCommand.php(132): Illuminate\\Queue\\Console\\WorkCommand->runWorker(\'database\', \'default\')\n#31 E:\\www\\digikash\\vendor\\laravel\\framework\\src\\Illuminate\\Container\\BoundMethod.php(36): Illuminate\\Queue\\Console\\WorkCommand->handle()\n#32 E:\\www\\digikash\\vendor\\laravel\\framework\\src\\Illuminate\\Container\\Util.php(43): Illuminate\\Container\\BoundMethod::Illuminate\\Container\\{closure}()\n#33 E:\\www\\digikash\\vendor\\laravel\\framework\\src\\Illuminate\\Container\\BoundMethod.php(95): Illuminate\\Container\\Util::unwrapIfClosure(Object(Closure))\n#34 E:\\www\\digikash\\vendor\\laravel\\framework\\src\\Illuminate\\Container\\BoundMethod.php(35): Illuminate\\Container\\BoundMethod::callBoundMethod(Object(Illuminate\\Foundation\\Application), Array, Object(Closure))\n#35 E:\\www\\digikash\\vendor\\laravel\\framework\\src\\Illuminate\\Container\\Container.php(696): Illuminate\\Container\\BoundMethod::call(Object(Illuminate\\Foundation\\Application), Array, Array, NULL)\n#36 E:\\www\\digikash\\vendor\\laravel\\framework\\src\\Illuminate\\Console\\Command.php(213): Illuminate\\Container\\Container->call(Array)\n#37 E:\\www\\digikash\\vendor\\symfony\\console\\Command\\Command.php(279): Illuminate\\Console\\Command->execute(Object(Symfony\\Component\\Console\\Input\\ArgvInput), Object(Illuminate\\Console\\OutputStyle))\n#38 E:\\www\\digikash\\vendor\\laravel\\framework\\src\\Illuminate\\Console\\Command.php(182): Symfony\\Component\\Console\\Command\\Command->run(Object(Symfony\\Component\\Console\\Input\\ArgvInput), Object(Illuminate\\Console\\OutputStyle))\n#39 E:\\www\\digikash\\vendor\\symfony\\console\\Application.php(1094): Illuminate\\Console\\Command->run(Object(Symfony\\Component\\Console\\Input\\ArgvInput), Object(Symfony\\Component\\Console\\Output\\ConsoleOutput))\n#40 E:\\www\\digikash\\vendor\\symfony\\console\\Application.php(342): Symfony\\Component\\Console\\Application->doRunCommand(Object(Illuminate\\Queue\\Console\\WorkCommand), Object(Symfony\\Component\\Console\\Input\\ArgvInput), Object(Symfony\\Component\\Console\\Output\\ConsoleOutput))\n#41 E:\\www\\digikash\\vendor\\symfony\\console\\Application.php(193): Symfony\\Component\\Console\\Application->doRun(Object(Symfony\\Component\\Console\\Input\\ArgvInput), Object(Symfony\\Component\\Console\\Output\\ConsoleOutput))\n#42 E:\\www\\digikash\\vendor\\laravel\\framework\\src\\Illuminate\\Foundation\\Console\\Kernel.php(198): Symfony\\Component\\Console\\Application->run(Object(Symfony\\Component\\Console\\Input\\ArgvInput), Object(Symfony\\Component\\Console\\Output\\ConsoleOutput))\n#43 E:\\www\\digikash\\vendor\\laravel\\framework\\src\\Illuminate\\Foundation\\Application.php(1235): Illuminate\\Foundation\\Console\\Kernel->handle(Object(Symfony\\Component\\Console\\Input\\ArgvInput), Object(Symfony\\Component\\Console\\Output\\ConsoleOutput))\n#44 E:\\www\\digikash\\artisan(13): Illuminate\\Foundation\\Application->handleCommand(Object(Symfony\\Component\\Console\\Input\\ArgvInput))\n#45 {main}', '2025-04-28 19:55:09'),
(574, '1650593c-dca4-40bd-924d-7ab717b2b378', 'database', 'default', '{\"uuid\":\"1650593c-dca4-40bd-924d-7ab717b2b378\",\"displayName\":\"App\\\\Notifications\\\\TemplateNotification\",\"job\":\"Illuminate\\\\Queue\\\\CallQueuedHandler@call\",\"maxTries\":null,\"maxExceptions\":null,\"failOnTimeout\":false,\"backoff\":null,\"timeout\":null,\"retryUntil\":null,\"data\":{\"commandName\":\"Illuminate\\\\Notifications\\\\SendQueuedNotifications\",\"command\":\"O:48:\\\"Illuminate\\\\Notifications\\\\SendQueuedNotifications\\\":3:{s:11:\\\"notifiables\\\";O:45:\\\"Illuminate\\\\Contracts\\\\Database\\\\ModelIdentifier\\\":5:{s:5:\\\"class\\\";s:15:\\\"App\\\\Models\\\\User\\\";s:2:\\\"id\\\";a:1:{i:0;i:47;}s:9:\\\"relations\\\";a:0:{}s:10:\\\"connection\\\";s:5:\\\"mysql\\\";s:15:\\\"collectionClass\\\";N;}s:12:\\\"notification\\\";O:38:\\\"App\\\\Notifications\\\\TemplateNotification\\\":3:{s:13:\\\"\\u0000*\\u0000identifier\\\";s:21:\\\"deposit_user_approved\\\";s:7:\\\"\\u0000*\\u0000data\\\";a:2:{s:6:\\\"amount\\\";s:7:\\\"500 USD\\\";s:6:\\\"method\\\";s:13:\\\"Bank Transfer\\\";}s:2:\\\"id\\\";s:36:\\\"0dfab176-0abf-4f1a-8737-17c0704fde26\\\";}s:8:\\\"channels\\\";a:1:{i:0;s:41:\\\"NotificationChannels\\\\Twilio\\\\TwilioChannel\\\";}}\"}}', 'Twilio\\Exceptions\\RestException: [HTTP 429] Unable to create record: Account ACbfdc5b6e20afc5a0290c78af2a349f1b exceeded the 9 daily messages limit in E:\\www\\digikash\\vendor\\twilio\\sdk\\src\\Twilio\\Version.php:88\nStack trace:\n#0 E:\\www\\digikash\\vendor\\twilio\\sdk\\src\\Twilio\\Version.php(223): Twilio\\Version->exception(Object(Twilio\\Http\\Response), \'Unable to creat...\')\n#1 E:\\www\\digikash\\vendor\\twilio\\sdk\\src\\Twilio\\Rest\\Api\\V2010\\Account\\MessageList.php(118): Twilio\\Version->create(\'POST\', \'/Accounts/ACbfd...\', Array, Array, Array)\n#2 E:\\www\\digikash\\vendor\\laravel-notification-channels\\twilio\\src\\Twilio.php(92): Twilio\\Rest\\Api\\V2010\\Account\\MessageList->create(\'+8801847305958\', Object(Twilio\\Values))\n#3 E:\\www\\digikash\\vendor\\laravel-notification-channels\\twilio\\src\\Twilio.php(31): NotificationChannels\\Twilio\\Twilio->sendSmsMessage(Object(NotificationChannels\\Twilio\\TwilioSmsMessage), \'+8801847305958\')\n#4 E:\\www\\digikash\\vendor\\laravel-notification-channels\\twilio\\src\\TwilioChannel.php(43): NotificationChannels\\Twilio\\Twilio->sendMessage(Object(NotificationChannels\\Twilio\\TwilioSmsMessage), \'+8801733060254\', false)\n#5 E:\\www\\digikash\\vendor\\laravel\\framework\\src\\Illuminate\\Notifications\\NotificationSender.php(148): NotificationChannels\\Twilio\\TwilioChannel->send(Object(App\\Models\\User), Object(App\\Notifications\\TemplateNotification))\n#6 E:\\www\\digikash\\vendor\\laravel\\framework\\src\\Illuminate\\Notifications\\NotificationSender.php(106): Illuminate\\Notifications\\NotificationSender->sendToNotifiable(Object(App\\Models\\User), \'5aadfe95-50d2-4...\', Object(App\\Notifications\\TemplateNotification), \'NotificationCha...\')\n#7 E:\\www\\digikash\\vendor\\laravel\\framework\\src\\Illuminate\\Support\\Traits\\Localizable.php(19): Illuminate\\Notifications\\NotificationSender->Illuminate\\Notifications\\{closure}()\n#8 E:\\www\\digikash\\vendor\\laravel\\framework\\src\\Illuminate\\Notifications\\NotificationSender.php(101): Illuminate\\Notifications\\NotificationSender->withLocale(NULL, Object(Closure))\n#9 E:\\www\\digikash\\vendor\\laravel\\framework\\src\\Illuminate\\Notifications\\ChannelManager.php(54): Illuminate\\Notifications\\NotificationSender->sendNow(Object(Illuminate\\Database\\Eloquent\\Collection), Object(App\\Notifications\\TemplateNotification), Array)\n#10 E:\\www\\digikash\\vendor\\laravel\\framework\\src\\Illuminate\\Notifications\\SendQueuedNotifications.php(119): Illuminate\\Notifications\\ChannelManager->sendNow(Object(Illuminate\\Database\\Eloquent\\Collection), Object(App\\Notifications\\TemplateNotification), Array)\n#11 E:\\www\\digikash\\vendor\\laravel\\framework\\src\\Illuminate\\Container\\BoundMethod.php(36): Illuminate\\Notifications\\SendQueuedNotifications->handle(Object(Illuminate\\Notifications\\ChannelManager))\n#12 E:\\www\\digikash\\vendor\\laravel\\framework\\src\\Illuminate\\Container\\Util.php(43): Illuminate\\Container\\BoundMethod::Illuminate\\Container\\{closure}()\n#13 E:\\www\\digikash\\vendor\\laravel\\framework\\src\\Illuminate\\Container\\BoundMethod.php(95): Illuminate\\Container\\Util::unwrapIfClosure(Object(Closure))\n#14 E:\\www\\digikash\\vendor\\laravel\\framework\\src\\Illuminate\\Container\\BoundMethod.php(35): Illuminate\\Container\\BoundMethod::callBoundMethod(Object(Illuminate\\Foundation\\Application), Array, Object(Closure))\n#15 E:\\www\\digikash\\vendor\\laravel\\framework\\src\\Illuminate\\Container\\Container.php(696): Illuminate\\Container\\BoundMethod::call(Object(Illuminate\\Foundation\\Application), Array, Array, NULL)\n#16 E:\\www\\digikash\\vendor\\laravel\\framework\\src\\Illuminate\\Bus\\Dispatcher.php(126): Illuminate\\Container\\Container->call(Array)\n#17 E:\\www\\digikash\\vendor\\laravel\\framework\\src\\Illuminate\\Pipeline\\Pipeline.php(170): Illuminate\\Bus\\Dispatcher->Illuminate\\Bus\\{closure}(Object(Illuminate\\Notifications\\SendQueuedNotifications))\n#18 E:\\www\\digikash\\vendor\\laravel\\framework\\src\\Illuminate\\Pipeline\\Pipeline.php(127): Illuminate\\Pipeline\\Pipeline->Illuminate\\Pipeline\\{closure}(Object(Illuminate\\Notifications\\SendQueuedNotifications))\n#19 E:\\www\\digikash\\vendor\\laravel\\framework\\src\\Illuminate\\Bus\\Dispatcher.php(130): Illuminate\\Pipeline\\Pipeline->then(Object(Closure))\n#20 E:\\www\\digikash\\vendor\\laravel\\framework\\src\\Illuminate\\Queue\\CallQueuedHandler.php(126): Illuminate\\Bus\\Dispatcher->dispatchNow(Object(Illuminate\\Notifications\\SendQueuedNotifications), false)\n#21 E:\\www\\digikash\\vendor\\laravel\\framework\\src\\Illuminate\\Pipeline\\Pipeline.php(170): Illuminate\\Queue\\CallQueuedHandler->Illuminate\\Queue\\{closure}(Object(Illuminate\\Notifications\\SendQueuedNotifications))\n#22 E:\\www\\digikash\\vendor\\laravel\\framework\\src\\Illuminate\\Pipeline\\Pipeline.php(127): Illuminate\\Pipeline\\Pipeline->Illuminate\\Pipeline\\{closure}(Object(Illuminate\\Notifications\\SendQueuedNotifications))\n#23 E:\\www\\digikash\\vendor\\laravel\\framework\\src\\Illuminate\\Queue\\CallQueuedHandler.php(121): Illuminate\\Pipeline\\Pipeline->then(Object(Closure))\n#24 E:\\www\\digikash\\vendor\\laravel\\framework\\src\\Illuminate\\Queue\\CallQueuedHandler.php(69): Illuminate\\Queue\\CallQueuedHandler->dispatchThroughMiddleware(Object(Illuminate\\Queue\\Jobs\\DatabaseJob), Object(Illuminate\\Notifications\\SendQueuedNotifications))\n#25 E:\\www\\digikash\\vendor\\laravel\\framework\\src\\Illuminate\\Queue\\Jobs\\Job.php(102): Illuminate\\Queue\\CallQueuedHandler->call(Object(Illuminate\\Queue\\Jobs\\DatabaseJob), Array)\n#26 E:\\www\\digikash\\vendor\\laravel\\framework\\src\\Illuminate\\Queue\\Worker.php(442): Illuminate\\Queue\\Jobs\\Job->fire()\n#27 E:\\www\\digikash\\vendor\\laravel\\framework\\src\\Illuminate\\Queue\\Worker.php(392): Illuminate\\Queue\\Worker->process(\'database\', Object(Illuminate\\Queue\\Jobs\\DatabaseJob), Object(Illuminate\\Queue\\WorkerOptions))\n#28 E:\\www\\digikash\\vendor\\laravel\\framework\\src\\Illuminate\\Queue\\Worker.php(178): Illuminate\\Queue\\Worker->runJob(Object(Illuminate\\Queue\\Jobs\\DatabaseJob), \'database\', Object(Illuminate\\Queue\\WorkerOptions))\n#29 E:\\www\\digikash\\vendor\\laravel\\framework\\src\\Illuminate\\Queue\\Console\\WorkCommand.php(149): Illuminate\\Queue\\Worker->daemon(\'database\', \'default\', Object(Illuminate\\Queue\\WorkerOptions))\n#30 E:\\www\\digikash\\vendor\\laravel\\framework\\src\\Illuminate\\Queue\\Console\\WorkCommand.php(132): Illuminate\\Queue\\Console\\WorkCommand->runWorker(\'database\', \'default\')\n#31 E:\\www\\digikash\\vendor\\laravel\\framework\\src\\Illuminate\\Container\\BoundMethod.php(36): Illuminate\\Queue\\Console\\WorkCommand->handle()\n#32 E:\\www\\digikash\\vendor\\laravel\\framework\\src\\Illuminate\\Container\\Util.php(43): Illuminate\\Container\\BoundMethod::Illuminate\\Container\\{closure}()\n#33 E:\\www\\digikash\\vendor\\laravel\\framework\\src\\Illuminate\\Container\\BoundMethod.php(95): Illuminate\\Container\\Util::unwrapIfClosure(Object(Closure))\n#34 E:\\www\\digikash\\vendor\\laravel\\framework\\src\\Illuminate\\Container\\BoundMethod.php(35): Illuminate\\Container\\BoundMethod::callBoundMethod(Object(Illuminate\\Foundation\\Application), Array, Object(Closure))\n#35 E:\\www\\digikash\\vendor\\laravel\\framework\\src\\Illuminate\\Container\\Container.php(696): Illuminate\\Container\\BoundMethod::call(Object(Illuminate\\Foundation\\Application), Array, Array, NULL)\n#36 E:\\www\\digikash\\vendor\\laravel\\framework\\src\\Illuminate\\Console\\Command.php(213): Illuminate\\Container\\Container->call(Array)\n#37 E:\\www\\digikash\\vendor\\symfony\\console\\Command\\Command.php(279): Illuminate\\Console\\Command->execute(Object(Symfony\\Component\\Console\\Input\\ArgvInput), Object(Illuminate\\Console\\OutputStyle))\n#38 E:\\www\\digikash\\vendor\\laravel\\framework\\src\\Illuminate\\Console\\Command.php(182): Symfony\\Component\\Console\\Command\\Command->run(Object(Symfony\\Component\\Console\\Input\\ArgvInput), Object(Illuminate\\Console\\OutputStyle))\n#39 E:\\www\\digikash\\vendor\\symfony\\console\\Application.php(1094): Illuminate\\Console\\Command->run(Object(Symfony\\Component\\Console\\Input\\ArgvInput), Object(Symfony\\Component\\Console\\Output\\ConsoleOutput))\n#40 E:\\www\\digikash\\vendor\\symfony\\console\\Application.php(342): Symfony\\Component\\Console\\Application->doRunCommand(Object(Illuminate\\Queue\\Console\\WorkCommand), Object(Symfony\\Component\\Console\\Input\\ArgvInput), Object(Symfony\\Component\\Console\\Output\\ConsoleOutput))\n#41 E:\\www\\digikash\\vendor\\symfony\\console\\Application.php(193): Symfony\\Component\\Console\\Application->doRun(Object(Symfony\\Component\\Console\\Input\\ArgvInput), Object(Symfony\\Component\\Console\\Output\\ConsoleOutput))\n#42 E:\\www\\digikash\\vendor\\laravel\\framework\\src\\Illuminate\\Foundation\\Console\\Kernel.php(198): Symfony\\Component\\Console\\Application->run(Object(Symfony\\Component\\Console\\Input\\ArgvInput), Object(Symfony\\Component\\Console\\Output\\ConsoleOutput))\n#43 E:\\www\\digikash\\vendor\\laravel\\framework\\src\\Illuminate\\Foundation\\Application.php(1235): Illuminate\\Foundation\\Console\\Kernel->handle(Object(Symfony\\Component\\Console\\Input\\ArgvInput), Object(Symfony\\Component\\Console\\Output\\ConsoleOutput))\n#44 E:\\www\\digikash\\artisan(13): Illuminate\\Foundation\\Application->handleCommand(Object(Symfony\\Component\\Console\\Input\\ArgvInput))\n#45 {main}', '2025-04-28 19:55:10');
INSERT INTO `failed_jobs` (`id`, `uuid`, `connection`, `queue`, `payload`, `exception`, `failed_at`) VALUES
(575, '1e6f5a99-f134-43b6-8730-d47e56921c54', 'database', 'default', '{\"uuid\":\"1e6f5a99-f134-43b6-8730-d47e56921c54\",\"displayName\":\"App\\\\Notifications\\\\TemplateNotification\",\"job\":\"Illuminate\\\\Queue\\\\CallQueuedHandler@call\",\"maxTries\":null,\"maxExceptions\":null,\"failOnTimeout\":false,\"backoff\":null,\"timeout\":null,\"retryUntil\":null,\"data\":{\"commandName\":\"Illuminate\\\\Notifications\\\\SendQueuedNotifications\",\"command\":\"O:48:\\\"Illuminate\\\\Notifications\\\\SendQueuedNotifications\\\":3:{s:11:\\\"notifiables\\\";O:45:\\\"Illuminate\\\\Contracts\\\\Database\\\\ModelIdentifier\\\":5:{s:5:\\\"class\\\";s:15:\\\"App\\\\Models\\\\User\\\";s:2:\\\"id\\\";a:1:{i:0;i:47;}s:9:\\\"relations\\\";a:0:{}s:10:\\\"connection\\\";s:5:\\\"mysql\\\";s:15:\\\"collectionClass\\\";N;}s:12:\\\"notification\\\";O:38:\\\"App\\\\Notifications\\\\TemplateNotification\\\":3:{s:13:\\\"\\u0000*\\u0000identifier\\\";s:21:\\\"deposit_user_approved\\\";s:7:\\\"\\u0000*\\u0000data\\\";a:2:{s:6:\\\"amount\\\";s:7:\\\"500 USD\\\";s:6:\\\"method\\\";s:13:\\\"Bank Transfer\\\";}s:2:\\\"id\\\";s:36:\\\"304a25f0-8e67-487d-9345-975951e77bd4\\\";}s:8:\\\"channels\\\";a:1:{i:0;s:41:\\\"NotificationChannels\\\\Twilio\\\\TwilioChannel\\\";}}\"}}', 'Twilio\\Exceptions\\RestException: [HTTP 429] Unable to create record: Account ACbfdc5b6e20afc5a0290c78af2a349f1b exceeded the 9 daily messages limit in E:\\www\\digikash\\vendor\\twilio\\sdk\\src\\Twilio\\Version.php:88\nStack trace:\n#0 E:\\www\\digikash\\vendor\\twilio\\sdk\\src\\Twilio\\Version.php(223): Twilio\\Version->exception(Object(Twilio\\Http\\Response), \'Unable to creat...\')\n#1 E:\\www\\digikash\\vendor\\twilio\\sdk\\src\\Twilio\\Rest\\Api\\V2010\\Account\\MessageList.php(118): Twilio\\Version->create(\'POST\', \'/Accounts/ACbfd...\', Array, Array, Array)\n#2 E:\\www\\digikash\\vendor\\laravel-notification-channels\\twilio\\src\\Twilio.php(92): Twilio\\Rest\\Api\\V2010\\Account\\MessageList->create(\'+8801847305958\', Object(Twilio\\Values))\n#3 E:\\www\\digikash\\vendor\\laravel-notification-channels\\twilio\\src\\Twilio.php(31): NotificationChannels\\Twilio\\Twilio->sendSmsMessage(Object(NotificationChannels\\Twilio\\TwilioSmsMessage), \'+8801847305958\')\n#4 E:\\www\\digikash\\vendor\\laravel-notification-channels\\twilio\\src\\TwilioChannel.php(43): NotificationChannels\\Twilio\\Twilio->sendMessage(Object(NotificationChannels\\Twilio\\TwilioSmsMessage), \'+8801733060254\', false)\n#5 E:\\www\\digikash\\vendor\\laravel\\framework\\src\\Illuminate\\Notifications\\NotificationSender.php(148): NotificationChannels\\Twilio\\TwilioChannel->send(Object(App\\Models\\User), Object(App\\Notifications\\TemplateNotification))\n#6 E:\\www\\digikash\\vendor\\laravel\\framework\\src\\Illuminate\\Notifications\\NotificationSender.php(106): Illuminate\\Notifications\\NotificationSender->sendToNotifiable(Object(App\\Models\\User), \'579d53d1-680b-4...\', Object(App\\Notifications\\TemplateNotification), \'NotificationCha...\')\n#7 E:\\www\\digikash\\vendor\\laravel\\framework\\src\\Illuminate\\Support\\Traits\\Localizable.php(19): Illuminate\\Notifications\\NotificationSender->Illuminate\\Notifications\\{closure}()\n#8 E:\\www\\digikash\\vendor\\laravel\\framework\\src\\Illuminate\\Notifications\\NotificationSender.php(101): Illuminate\\Notifications\\NotificationSender->withLocale(NULL, Object(Closure))\n#9 E:\\www\\digikash\\vendor\\laravel\\framework\\src\\Illuminate\\Notifications\\ChannelManager.php(54): Illuminate\\Notifications\\NotificationSender->sendNow(Object(Illuminate\\Database\\Eloquent\\Collection), Object(App\\Notifications\\TemplateNotification), Array)\n#10 E:\\www\\digikash\\vendor\\laravel\\framework\\src\\Illuminate\\Notifications\\SendQueuedNotifications.php(119): Illuminate\\Notifications\\ChannelManager->sendNow(Object(Illuminate\\Database\\Eloquent\\Collection), Object(App\\Notifications\\TemplateNotification), Array)\n#11 E:\\www\\digikash\\vendor\\laravel\\framework\\src\\Illuminate\\Container\\BoundMethod.php(36): Illuminate\\Notifications\\SendQueuedNotifications->handle(Object(Illuminate\\Notifications\\ChannelManager))\n#12 E:\\www\\digikash\\vendor\\laravel\\framework\\src\\Illuminate\\Container\\Util.php(43): Illuminate\\Container\\BoundMethod::Illuminate\\Container\\{closure}()\n#13 E:\\www\\digikash\\vendor\\laravel\\framework\\src\\Illuminate\\Container\\BoundMethod.php(95): Illuminate\\Container\\Util::unwrapIfClosure(Object(Closure))\n#14 E:\\www\\digikash\\vendor\\laravel\\framework\\src\\Illuminate\\Container\\BoundMethod.php(35): Illuminate\\Container\\BoundMethod::callBoundMethod(Object(Illuminate\\Foundation\\Application), Array, Object(Closure))\n#15 E:\\www\\digikash\\vendor\\laravel\\framework\\src\\Illuminate\\Container\\Container.php(696): Illuminate\\Container\\BoundMethod::call(Object(Illuminate\\Foundation\\Application), Array, Array, NULL)\n#16 E:\\www\\digikash\\vendor\\laravel\\framework\\src\\Illuminate\\Bus\\Dispatcher.php(126): Illuminate\\Container\\Container->call(Array)\n#17 E:\\www\\digikash\\vendor\\laravel\\framework\\src\\Illuminate\\Pipeline\\Pipeline.php(170): Illuminate\\Bus\\Dispatcher->Illuminate\\Bus\\{closure}(Object(Illuminate\\Notifications\\SendQueuedNotifications))\n#18 E:\\www\\digikash\\vendor\\laravel\\framework\\src\\Illuminate\\Pipeline\\Pipeline.php(127): Illuminate\\Pipeline\\Pipeline->Illuminate\\Pipeline\\{closure}(Object(Illuminate\\Notifications\\SendQueuedNotifications))\n#19 E:\\www\\digikash\\vendor\\laravel\\framework\\src\\Illuminate\\Bus\\Dispatcher.php(130): Illuminate\\Pipeline\\Pipeline->then(Object(Closure))\n#20 E:\\www\\digikash\\vendor\\laravel\\framework\\src\\Illuminate\\Queue\\CallQueuedHandler.php(126): Illuminate\\Bus\\Dispatcher->dispatchNow(Object(Illuminate\\Notifications\\SendQueuedNotifications), false)\n#21 E:\\www\\digikash\\vendor\\laravel\\framework\\src\\Illuminate\\Pipeline\\Pipeline.php(170): Illuminate\\Queue\\CallQueuedHandler->Illuminate\\Queue\\{closure}(Object(Illuminate\\Notifications\\SendQueuedNotifications))\n#22 E:\\www\\digikash\\vendor\\laravel\\framework\\src\\Illuminate\\Pipeline\\Pipeline.php(127): Illuminate\\Pipeline\\Pipeline->Illuminate\\Pipeline\\{closure}(Object(Illuminate\\Notifications\\SendQueuedNotifications))\n#23 E:\\www\\digikash\\vendor\\laravel\\framework\\src\\Illuminate\\Queue\\CallQueuedHandler.php(121): Illuminate\\Pipeline\\Pipeline->then(Object(Closure))\n#24 E:\\www\\digikash\\vendor\\laravel\\framework\\src\\Illuminate\\Queue\\CallQueuedHandler.php(69): Illuminate\\Queue\\CallQueuedHandler->dispatchThroughMiddleware(Object(Illuminate\\Queue\\Jobs\\DatabaseJob), Object(Illuminate\\Notifications\\SendQueuedNotifications))\n#25 E:\\www\\digikash\\vendor\\laravel\\framework\\src\\Illuminate\\Queue\\Jobs\\Job.php(102): Illuminate\\Queue\\CallQueuedHandler->call(Object(Illuminate\\Queue\\Jobs\\DatabaseJob), Array)\n#26 E:\\www\\digikash\\vendor\\laravel\\framework\\src\\Illuminate\\Queue\\Worker.php(442): Illuminate\\Queue\\Jobs\\Job->fire()\n#27 E:\\www\\digikash\\vendor\\laravel\\framework\\src\\Illuminate\\Queue\\Worker.php(392): Illuminate\\Queue\\Worker->process(\'database\', Object(Illuminate\\Queue\\Jobs\\DatabaseJob), Object(Illuminate\\Queue\\WorkerOptions))\n#28 E:\\www\\digikash\\vendor\\laravel\\framework\\src\\Illuminate\\Queue\\Worker.php(178): Illuminate\\Queue\\Worker->runJob(Object(Illuminate\\Queue\\Jobs\\DatabaseJob), \'database\', Object(Illuminate\\Queue\\WorkerOptions))\n#29 E:\\www\\digikash\\vendor\\laravel\\framework\\src\\Illuminate\\Queue\\Console\\WorkCommand.php(149): Illuminate\\Queue\\Worker->daemon(\'database\', \'default\', Object(Illuminate\\Queue\\WorkerOptions))\n#30 E:\\www\\digikash\\vendor\\laravel\\framework\\src\\Illuminate\\Queue\\Console\\WorkCommand.php(132): Illuminate\\Queue\\Console\\WorkCommand->runWorker(\'database\', \'default\')\n#31 E:\\www\\digikash\\vendor\\laravel\\framework\\src\\Illuminate\\Container\\BoundMethod.php(36): Illuminate\\Queue\\Console\\WorkCommand->handle()\n#32 E:\\www\\digikash\\vendor\\laravel\\framework\\src\\Illuminate\\Container\\Util.php(43): Illuminate\\Container\\BoundMethod::Illuminate\\Container\\{closure}()\n#33 E:\\www\\digikash\\vendor\\laravel\\framework\\src\\Illuminate\\Container\\BoundMethod.php(95): Illuminate\\Container\\Util::unwrapIfClosure(Object(Closure))\n#34 E:\\www\\digikash\\vendor\\laravel\\framework\\src\\Illuminate\\Container\\BoundMethod.php(35): Illuminate\\Container\\BoundMethod::callBoundMethod(Object(Illuminate\\Foundation\\Application), Array, Object(Closure))\n#35 E:\\www\\digikash\\vendor\\laravel\\framework\\src\\Illuminate\\Container\\Container.php(696): Illuminate\\Container\\BoundMethod::call(Object(Illuminate\\Foundation\\Application), Array, Array, NULL)\n#36 E:\\www\\digikash\\vendor\\laravel\\framework\\src\\Illuminate\\Console\\Command.php(213): Illuminate\\Container\\Container->call(Array)\n#37 E:\\www\\digikash\\vendor\\symfony\\console\\Command\\Command.php(279): Illuminate\\Console\\Command->execute(Object(Symfony\\Component\\Console\\Input\\ArgvInput), Object(Illuminate\\Console\\OutputStyle))\n#38 E:\\www\\digikash\\vendor\\laravel\\framework\\src\\Illuminate\\Console\\Command.php(182): Symfony\\Component\\Console\\Command\\Command->run(Object(Symfony\\Component\\Console\\Input\\ArgvInput), Object(Illuminate\\Console\\OutputStyle))\n#39 E:\\www\\digikash\\vendor\\symfony\\console\\Application.php(1094): Illuminate\\Console\\Command->run(Object(Symfony\\Component\\Console\\Input\\ArgvInput), Object(Symfony\\Component\\Console\\Output\\ConsoleOutput))\n#40 E:\\www\\digikash\\vendor\\symfony\\console\\Application.php(342): Symfony\\Component\\Console\\Application->doRunCommand(Object(Illuminate\\Queue\\Console\\WorkCommand), Object(Symfony\\Component\\Console\\Input\\ArgvInput), Object(Symfony\\Component\\Console\\Output\\ConsoleOutput))\n#41 E:\\www\\digikash\\vendor\\symfony\\console\\Application.php(193): Symfony\\Component\\Console\\Application->doRun(Object(Symfony\\Component\\Console\\Input\\ArgvInput), Object(Symfony\\Component\\Console\\Output\\ConsoleOutput))\n#42 E:\\www\\digikash\\vendor\\laravel\\framework\\src\\Illuminate\\Foundation\\Console\\Kernel.php(198): Symfony\\Component\\Console\\Application->run(Object(Symfony\\Component\\Console\\Input\\ArgvInput), Object(Symfony\\Component\\Console\\Output\\ConsoleOutput))\n#43 E:\\www\\digikash\\vendor\\laravel\\framework\\src\\Illuminate\\Foundation\\Application.php(1235): Illuminate\\Foundation\\Console\\Kernel->handle(Object(Symfony\\Component\\Console\\Input\\ArgvInput), Object(Symfony\\Component\\Console\\Output\\ConsoleOutput))\n#44 E:\\www\\digikash\\artisan(13): Illuminate\\Foundation\\Application->handleCommand(Object(Symfony\\Component\\Console\\Input\\ArgvInput))\n#45 {main}', '2025-04-28 19:55:10'),
(576, '48fee426-be59-4e3c-983d-0bc4d86cbd6a', 'database', 'default', '{\"uuid\":\"48fee426-be59-4e3c-983d-0bc4d86cbd6a\",\"displayName\":\"App\\\\Notifications\\\\TemplateNotification\",\"job\":\"Illuminate\\\\Queue\\\\CallQueuedHandler@call\",\"maxTries\":null,\"maxExceptions\":null,\"failOnTimeout\":false,\"backoff\":null,\"timeout\":null,\"retryUntil\":null,\"data\":{\"commandName\":\"Illuminate\\\\Notifications\\\\SendQueuedNotifications\",\"command\":\"O:48:\\\"Illuminate\\\\Notifications\\\\SendQueuedNotifications\\\":3:{s:11:\\\"notifiables\\\";O:45:\\\"Illuminate\\\\Contracts\\\\Database\\\\ModelIdentifier\\\":5:{s:5:\\\"class\\\";s:15:\\\"App\\\\Models\\\\User\\\";s:2:\\\"id\\\";a:1:{i:0;i:47;}s:9:\\\"relations\\\";a:0:{}s:10:\\\"connection\\\";s:5:\\\"mysql\\\";s:15:\\\"collectionClass\\\";N;}s:12:\\\"notification\\\";O:38:\\\"App\\\\Notifications\\\\TemplateNotification\\\":3:{s:13:\\\"\\u0000*\\u0000identifier\\\";s:21:\\\"deposit_user_approved\\\";s:7:\\\"\\u0000*\\u0000data\\\";a:2:{s:6:\\\"amount\\\";s:7:\\\"500 USD\\\";s:6:\\\"method\\\";s:13:\\\"Bank Transfer\\\";}s:2:\\\"id\\\";s:36:\\\"6253fb07-74b0-4913-85cd-e3169f4a543f\\\";}s:8:\\\"channels\\\";a:1:{i:0;s:41:\\\"NotificationChannels\\\\Twilio\\\\TwilioChannel\\\";}}\"}}', 'Twilio\\Exceptions\\RestException: [HTTP 429] Unable to create record: Account ACbfdc5b6e20afc5a0290c78af2a349f1b exceeded the 9 daily messages limit in E:\\www\\digikash\\vendor\\twilio\\sdk\\src\\Twilio\\Version.php:88\nStack trace:\n#0 E:\\www\\digikash\\vendor\\twilio\\sdk\\src\\Twilio\\Version.php(223): Twilio\\Version->exception(Object(Twilio\\Http\\Response), \'Unable to creat...\')\n#1 E:\\www\\digikash\\vendor\\twilio\\sdk\\src\\Twilio\\Rest\\Api\\V2010\\Account\\MessageList.php(118): Twilio\\Version->create(\'POST\', \'/Accounts/ACbfd...\', Array, Array, Array)\n#2 E:\\www\\digikash\\vendor\\laravel-notification-channels\\twilio\\src\\Twilio.php(92): Twilio\\Rest\\Api\\V2010\\Account\\MessageList->create(\'+8801847305958\', Object(Twilio\\Values))\n#3 E:\\www\\digikash\\vendor\\laravel-notification-channels\\twilio\\src\\Twilio.php(31): NotificationChannels\\Twilio\\Twilio->sendSmsMessage(Object(NotificationChannels\\Twilio\\TwilioSmsMessage), \'+8801847305958\')\n#4 E:\\www\\digikash\\vendor\\laravel-notification-channels\\twilio\\src\\TwilioChannel.php(43): NotificationChannels\\Twilio\\Twilio->sendMessage(Object(NotificationChannels\\Twilio\\TwilioSmsMessage), \'+8801733060254\', false)\n#5 E:\\www\\digikash\\vendor\\laravel\\framework\\src\\Illuminate\\Notifications\\NotificationSender.php(148): NotificationChannels\\Twilio\\TwilioChannel->send(Object(App\\Models\\User), Object(App\\Notifications\\TemplateNotification))\n#6 E:\\www\\digikash\\vendor\\laravel\\framework\\src\\Illuminate\\Notifications\\NotificationSender.php(106): Illuminate\\Notifications\\NotificationSender->sendToNotifiable(Object(App\\Models\\User), \'44876003-8deb-4...\', Object(App\\Notifications\\TemplateNotification), \'NotificationCha...\')\n#7 E:\\www\\digikash\\vendor\\laravel\\framework\\src\\Illuminate\\Support\\Traits\\Localizable.php(19): Illuminate\\Notifications\\NotificationSender->Illuminate\\Notifications\\{closure}()\n#8 E:\\www\\digikash\\vendor\\laravel\\framework\\src\\Illuminate\\Notifications\\NotificationSender.php(101): Illuminate\\Notifications\\NotificationSender->withLocale(NULL, Object(Closure))\n#9 E:\\www\\digikash\\vendor\\laravel\\framework\\src\\Illuminate\\Notifications\\ChannelManager.php(54): Illuminate\\Notifications\\NotificationSender->sendNow(Object(Illuminate\\Database\\Eloquent\\Collection), Object(App\\Notifications\\TemplateNotification), Array)\n#10 E:\\www\\digikash\\vendor\\laravel\\framework\\src\\Illuminate\\Notifications\\SendQueuedNotifications.php(119): Illuminate\\Notifications\\ChannelManager->sendNow(Object(Illuminate\\Database\\Eloquent\\Collection), Object(App\\Notifications\\TemplateNotification), Array)\n#11 E:\\www\\digikash\\vendor\\laravel\\framework\\src\\Illuminate\\Container\\BoundMethod.php(36): Illuminate\\Notifications\\SendQueuedNotifications->handle(Object(Illuminate\\Notifications\\ChannelManager))\n#12 E:\\www\\digikash\\vendor\\laravel\\framework\\src\\Illuminate\\Container\\Util.php(43): Illuminate\\Container\\BoundMethod::Illuminate\\Container\\{closure}()\n#13 E:\\www\\digikash\\vendor\\laravel\\framework\\src\\Illuminate\\Container\\BoundMethod.php(95): Illuminate\\Container\\Util::unwrapIfClosure(Object(Closure))\n#14 E:\\www\\digikash\\vendor\\laravel\\framework\\src\\Illuminate\\Container\\BoundMethod.php(35): Illuminate\\Container\\BoundMethod::callBoundMethod(Object(Illuminate\\Foundation\\Application), Array, Object(Closure))\n#15 E:\\www\\digikash\\vendor\\laravel\\framework\\src\\Illuminate\\Container\\Container.php(696): Illuminate\\Container\\BoundMethod::call(Object(Illuminate\\Foundation\\Application), Array, Array, NULL)\n#16 E:\\www\\digikash\\vendor\\laravel\\framework\\src\\Illuminate\\Bus\\Dispatcher.php(126): Illuminate\\Container\\Container->call(Array)\n#17 E:\\www\\digikash\\vendor\\laravel\\framework\\src\\Illuminate\\Pipeline\\Pipeline.php(170): Illuminate\\Bus\\Dispatcher->Illuminate\\Bus\\{closure}(Object(Illuminate\\Notifications\\SendQueuedNotifications))\n#18 E:\\www\\digikash\\vendor\\laravel\\framework\\src\\Illuminate\\Pipeline\\Pipeline.php(127): Illuminate\\Pipeline\\Pipeline->Illuminate\\Pipeline\\{closure}(Object(Illuminate\\Notifications\\SendQueuedNotifications))\n#19 E:\\www\\digikash\\vendor\\laravel\\framework\\src\\Illuminate\\Bus\\Dispatcher.php(130): Illuminate\\Pipeline\\Pipeline->then(Object(Closure))\n#20 E:\\www\\digikash\\vendor\\laravel\\framework\\src\\Illuminate\\Queue\\CallQueuedHandler.php(126): Illuminate\\Bus\\Dispatcher->dispatchNow(Object(Illuminate\\Notifications\\SendQueuedNotifications), false)\n#21 E:\\www\\digikash\\vendor\\laravel\\framework\\src\\Illuminate\\Pipeline\\Pipeline.php(170): Illuminate\\Queue\\CallQueuedHandler->Illuminate\\Queue\\{closure}(Object(Illuminate\\Notifications\\SendQueuedNotifications))\n#22 E:\\www\\digikash\\vendor\\laravel\\framework\\src\\Illuminate\\Pipeline\\Pipeline.php(127): Illuminate\\Pipeline\\Pipeline->Illuminate\\Pipeline\\{closure}(Object(Illuminate\\Notifications\\SendQueuedNotifications))\n#23 E:\\www\\digikash\\vendor\\laravel\\framework\\src\\Illuminate\\Queue\\CallQueuedHandler.php(121): Illuminate\\Pipeline\\Pipeline->then(Object(Closure))\n#24 E:\\www\\digikash\\vendor\\laravel\\framework\\src\\Illuminate\\Queue\\CallQueuedHandler.php(69): Illuminate\\Queue\\CallQueuedHandler->dispatchThroughMiddleware(Object(Illuminate\\Queue\\Jobs\\DatabaseJob), Object(Illuminate\\Notifications\\SendQueuedNotifications))\n#25 E:\\www\\digikash\\vendor\\laravel\\framework\\src\\Illuminate\\Queue\\Jobs\\Job.php(102): Illuminate\\Queue\\CallQueuedHandler->call(Object(Illuminate\\Queue\\Jobs\\DatabaseJob), Array)\n#26 E:\\www\\digikash\\vendor\\laravel\\framework\\src\\Illuminate\\Queue\\Worker.php(442): Illuminate\\Queue\\Jobs\\Job->fire()\n#27 E:\\www\\digikash\\vendor\\laravel\\framework\\src\\Illuminate\\Queue\\Worker.php(392): Illuminate\\Queue\\Worker->process(\'database\', Object(Illuminate\\Queue\\Jobs\\DatabaseJob), Object(Illuminate\\Queue\\WorkerOptions))\n#28 E:\\www\\digikash\\vendor\\laravel\\framework\\src\\Illuminate\\Queue\\Worker.php(178): Illuminate\\Queue\\Worker->runJob(Object(Illuminate\\Queue\\Jobs\\DatabaseJob), \'database\', Object(Illuminate\\Queue\\WorkerOptions))\n#29 E:\\www\\digikash\\vendor\\laravel\\framework\\src\\Illuminate\\Queue\\Console\\WorkCommand.php(149): Illuminate\\Queue\\Worker->daemon(\'database\', \'default\', Object(Illuminate\\Queue\\WorkerOptions))\n#30 E:\\www\\digikash\\vendor\\laravel\\framework\\src\\Illuminate\\Queue\\Console\\WorkCommand.php(132): Illuminate\\Queue\\Console\\WorkCommand->runWorker(\'database\', \'default\')\n#31 E:\\www\\digikash\\vendor\\laravel\\framework\\src\\Illuminate\\Container\\BoundMethod.php(36): Illuminate\\Queue\\Console\\WorkCommand->handle()\n#32 E:\\www\\digikash\\vendor\\laravel\\framework\\src\\Illuminate\\Container\\Util.php(43): Illuminate\\Container\\BoundMethod::Illuminate\\Container\\{closure}()\n#33 E:\\www\\digikash\\vendor\\laravel\\framework\\src\\Illuminate\\Container\\BoundMethod.php(95): Illuminate\\Container\\Util::unwrapIfClosure(Object(Closure))\n#34 E:\\www\\digikash\\vendor\\laravel\\framework\\src\\Illuminate\\Container\\BoundMethod.php(35): Illuminate\\Container\\BoundMethod::callBoundMethod(Object(Illuminate\\Foundation\\Application), Array, Object(Closure))\n#35 E:\\www\\digikash\\vendor\\laravel\\framework\\src\\Illuminate\\Container\\Container.php(696): Illuminate\\Container\\BoundMethod::call(Object(Illuminate\\Foundation\\Application), Array, Array, NULL)\n#36 E:\\www\\digikash\\vendor\\laravel\\framework\\src\\Illuminate\\Console\\Command.php(213): Illuminate\\Container\\Container->call(Array)\n#37 E:\\www\\digikash\\vendor\\symfony\\console\\Command\\Command.php(279): Illuminate\\Console\\Command->execute(Object(Symfony\\Component\\Console\\Input\\ArgvInput), Object(Illuminate\\Console\\OutputStyle))\n#38 E:\\www\\digikash\\vendor\\laravel\\framework\\src\\Illuminate\\Console\\Command.php(182): Symfony\\Component\\Console\\Command\\Command->run(Object(Symfony\\Component\\Console\\Input\\ArgvInput), Object(Illuminate\\Console\\OutputStyle))\n#39 E:\\www\\digikash\\vendor\\symfony\\console\\Application.php(1094): Illuminate\\Console\\Command->run(Object(Symfony\\Component\\Console\\Input\\ArgvInput), Object(Symfony\\Component\\Console\\Output\\ConsoleOutput))\n#40 E:\\www\\digikash\\vendor\\symfony\\console\\Application.php(342): Symfony\\Component\\Console\\Application->doRunCommand(Object(Illuminate\\Queue\\Console\\WorkCommand), Object(Symfony\\Component\\Console\\Input\\ArgvInput), Object(Symfony\\Component\\Console\\Output\\ConsoleOutput))\n#41 E:\\www\\digikash\\vendor\\symfony\\console\\Application.php(193): Symfony\\Component\\Console\\Application->doRun(Object(Symfony\\Component\\Console\\Input\\ArgvInput), Object(Symfony\\Component\\Console\\Output\\ConsoleOutput))\n#42 E:\\www\\digikash\\vendor\\laravel\\framework\\src\\Illuminate\\Foundation\\Console\\Kernel.php(198): Symfony\\Component\\Console\\Application->run(Object(Symfony\\Component\\Console\\Input\\ArgvInput), Object(Symfony\\Component\\Console\\Output\\ConsoleOutput))\n#43 E:\\www\\digikash\\vendor\\laravel\\framework\\src\\Illuminate\\Foundation\\Application.php(1235): Illuminate\\Foundation\\Console\\Kernel->handle(Object(Symfony\\Component\\Console\\Input\\ArgvInput), Object(Symfony\\Component\\Console\\Output\\ConsoleOutput))\n#44 E:\\www\\digikash\\artisan(13): Illuminate\\Foundation\\Application->handleCommand(Object(Symfony\\Component\\Console\\Input\\ArgvInput))\n#45 {main}', '2025-04-28 19:55:11'),
(577, '82a0d3b8-6d4a-4a02-9225-c9f6546d693b', 'database', 'default', '{\"uuid\":\"82a0d3b8-6d4a-4a02-9225-c9f6546d693b\",\"displayName\":\"App\\\\Notifications\\\\TemplateNotification\",\"job\":\"Illuminate\\\\Queue\\\\CallQueuedHandler@call\",\"maxTries\":null,\"maxExceptions\":null,\"failOnTimeout\":false,\"backoff\":null,\"timeout\":null,\"retryUntil\":null,\"data\":{\"commandName\":\"Illuminate\\\\Notifications\\\\SendQueuedNotifications\",\"command\":\"O:48:\\\"Illuminate\\\\Notifications\\\\SendQueuedNotifications\\\":3:{s:11:\\\"notifiables\\\";O:45:\\\"Illuminate\\\\Contracts\\\\Database\\\\ModelIdentifier\\\":5:{s:5:\\\"class\\\";s:15:\\\"App\\\\Models\\\\User\\\";s:2:\\\"id\\\";a:1:{i:0;i:47;}s:9:\\\"relations\\\";a:0:{}s:10:\\\"connection\\\";s:5:\\\"mysql\\\";s:15:\\\"collectionClass\\\";N;}s:12:\\\"notification\\\";O:38:\\\"App\\\\Notifications\\\\TemplateNotification\\\":3:{s:13:\\\"\\u0000*\\u0000identifier\\\";s:21:\\\"deposit_user_approved\\\";s:7:\\\"\\u0000*\\u0000data\\\";a:2:{s:6:\\\"amount\\\";s:7:\\\"500 USD\\\";s:6:\\\"method\\\";s:13:\\\"Bank Transfer\\\";}s:2:\\\"id\\\";s:36:\\\"17e26666-46d3-4683-9488-ee0fa287182e\\\";}s:8:\\\"channels\\\";a:1:{i:0;s:41:\\\"NotificationChannels\\\\Twilio\\\\TwilioChannel\\\";}}\"}}', 'Twilio\\Exceptions\\RestException: [HTTP 429] Unable to create record: Account ACbfdc5b6e20afc5a0290c78af2a349f1b exceeded the 9 daily messages limit in E:\\www\\digikash\\vendor\\twilio\\sdk\\src\\Twilio\\Version.php:88\nStack trace:\n#0 E:\\www\\digikash\\vendor\\twilio\\sdk\\src\\Twilio\\Version.php(223): Twilio\\Version->exception(Object(Twilio\\Http\\Response), \'Unable to creat...\')\n#1 E:\\www\\digikash\\vendor\\twilio\\sdk\\src\\Twilio\\Rest\\Api\\V2010\\Account\\MessageList.php(118): Twilio\\Version->create(\'POST\', \'/Accounts/ACbfd...\', Array, Array, Array)\n#2 E:\\www\\digikash\\vendor\\laravel-notification-channels\\twilio\\src\\Twilio.php(92): Twilio\\Rest\\Api\\V2010\\Account\\MessageList->create(\'+8801847305958\', Object(Twilio\\Values))\n#3 E:\\www\\digikash\\vendor\\laravel-notification-channels\\twilio\\src\\Twilio.php(31): NotificationChannels\\Twilio\\Twilio->sendSmsMessage(Object(NotificationChannels\\Twilio\\TwilioSmsMessage), \'+8801847305958\')\n#4 E:\\www\\digikash\\vendor\\laravel-notification-channels\\twilio\\src\\TwilioChannel.php(43): NotificationChannels\\Twilio\\Twilio->sendMessage(Object(NotificationChannels\\Twilio\\TwilioSmsMessage), \'+8801733060254\', false)\n#5 E:\\www\\digikash\\vendor\\laravel\\framework\\src\\Illuminate\\Notifications\\NotificationSender.php(148): NotificationChannels\\Twilio\\TwilioChannel->send(Object(App\\Models\\User), Object(App\\Notifications\\TemplateNotification))\n#6 E:\\www\\digikash\\vendor\\laravel\\framework\\src\\Illuminate\\Notifications\\NotificationSender.php(106): Illuminate\\Notifications\\NotificationSender->sendToNotifiable(Object(App\\Models\\User), \'d7bc00c9-d635-4...\', Object(App\\Notifications\\TemplateNotification), \'NotificationCha...\')\n#7 E:\\www\\digikash\\vendor\\laravel\\framework\\src\\Illuminate\\Support\\Traits\\Localizable.php(19): Illuminate\\Notifications\\NotificationSender->Illuminate\\Notifications\\{closure}()\n#8 E:\\www\\digikash\\vendor\\laravel\\framework\\src\\Illuminate\\Notifications\\NotificationSender.php(101): Illuminate\\Notifications\\NotificationSender->withLocale(NULL, Object(Closure))\n#9 E:\\www\\digikash\\vendor\\laravel\\framework\\src\\Illuminate\\Notifications\\ChannelManager.php(54): Illuminate\\Notifications\\NotificationSender->sendNow(Object(Illuminate\\Database\\Eloquent\\Collection), Object(App\\Notifications\\TemplateNotification), Array)\n#10 E:\\www\\digikash\\vendor\\laravel\\framework\\src\\Illuminate\\Notifications\\SendQueuedNotifications.php(119): Illuminate\\Notifications\\ChannelManager->sendNow(Object(Illuminate\\Database\\Eloquent\\Collection), Object(App\\Notifications\\TemplateNotification), Array)\n#11 E:\\www\\digikash\\vendor\\laravel\\framework\\src\\Illuminate\\Container\\BoundMethod.php(36): Illuminate\\Notifications\\SendQueuedNotifications->handle(Object(Illuminate\\Notifications\\ChannelManager))\n#12 E:\\www\\digikash\\vendor\\laravel\\framework\\src\\Illuminate\\Container\\Util.php(43): Illuminate\\Container\\BoundMethod::Illuminate\\Container\\{closure}()\n#13 E:\\www\\digikash\\vendor\\laravel\\framework\\src\\Illuminate\\Container\\BoundMethod.php(95): Illuminate\\Container\\Util::unwrapIfClosure(Object(Closure))\n#14 E:\\www\\digikash\\vendor\\laravel\\framework\\src\\Illuminate\\Container\\BoundMethod.php(35): Illuminate\\Container\\BoundMethod::callBoundMethod(Object(Illuminate\\Foundation\\Application), Array, Object(Closure))\n#15 E:\\www\\digikash\\vendor\\laravel\\framework\\src\\Illuminate\\Container\\Container.php(696): Illuminate\\Container\\BoundMethod::call(Object(Illuminate\\Foundation\\Application), Array, Array, NULL)\n#16 E:\\www\\digikash\\vendor\\laravel\\framework\\src\\Illuminate\\Bus\\Dispatcher.php(126): Illuminate\\Container\\Container->call(Array)\n#17 E:\\www\\digikash\\vendor\\laravel\\framework\\src\\Illuminate\\Pipeline\\Pipeline.php(170): Illuminate\\Bus\\Dispatcher->Illuminate\\Bus\\{closure}(Object(Illuminate\\Notifications\\SendQueuedNotifications))\n#18 E:\\www\\digikash\\vendor\\laravel\\framework\\src\\Illuminate\\Pipeline\\Pipeline.php(127): Illuminate\\Pipeline\\Pipeline->Illuminate\\Pipeline\\{closure}(Object(Illuminate\\Notifications\\SendQueuedNotifications))\n#19 E:\\www\\digikash\\vendor\\laravel\\framework\\src\\Illuminate\\Bus\\Dispatcher.php(130): Illuminate\\Pipeline\\Pipeline->then(Object(Closure))\n#20 E:\\www\\digikash\\vendor\\laravel\\framework\\src\\Illuminate\\Queue\\CallQueuedHandler.php(126): Illuminate\\Bus\\Dispatcher->dispatchNow(Object(Illuminate\\Notifications\\SendQueuedNotifications), false)\n#21 E:\\www\\digikash\\vendor\\laravel\\framework\\src\\Illuminate\\Pipeline\\Pipeline.php(170): Illuminate\\Queue\\CallQueuedHandler->Illuminate\\Queue\\{closure}(Object(Illuminate\\Notifications\\SendQueuedNotifications))\n#22 E:\\www\\digikash\\vendor\\laravel\\framework\\src\\Illuminate\\Pipeline\\Pipeline.php(127): Illuminate\\Pipeline\\Pipeline->Illuminate\\Pipeline\\{closure}(Object(Illuminate\\Notifications\\SendQueuedNotifications))\n#23 E:\\www\\digikash\\vendor\\laravel\\framework\\src\\Illuminate\\Queue\\CallQueuedHandler.php(121): Illuminate\\Pipeline\\Pipeline->then(Object(Closure))\n#24 E:\\www\\digikash\\vendor\\laravel\\framework\\src\\Illuminate\\Queue\\CallQueuedHandler.php(69): Illuminate\\Queue\\CallQueuedHandler->dispatchThroughMiddleware(Object(Illuminate\\Queue\\Jobs\\DatabaseJob), Object(Illuminate\\Notifications\\SendQueuedNotifications))\n#25 E:\\www\\digikash\\vendor\\laravel\\framework\\src\\Illuminate\\Queue\\Jobs\\Job.php(102): Illuminate\\Queue\\CallQueuedHandler->call(Object(Illuminate\\Queue\\Jobs\\DatabaseJob), Array)\n#26 E:\\www\\digikash\\vendor\\laravel\\framework\\src\\Illuminate\\Queue\\Worker.php(442): Illuminate\\Queue\\Jobs\\Job->fire()\n#27 E:\\www\\digikash\\vendor\\laravel\\framework\\src\\Illuminate\\Queue\\Worker.php(392): Illuminate\\Queue\\Worker->process(\'database\', Object(Illuminate\\Queue\\Jobs\\DatabaseJob), Object(Illuminate\\Queue\\WorkerOptions))\n#28 E:\\www\\digikash\\vendor\\laravel\\framework\\src\\Illuminate\\Queue\\Worker.php(178): Illuminate\\Queue\\Worker->runJob(Object(Illuminate\\Queue\\Jobs\\DatabaseJob), \'database\', Object(Illuminate\\Queue\\WorkerOptions))\n#29 E:\\www\\digikash\\vendor\\laravel\\framework\\src\\Illuminate\\Queue\\Console\\WorkCommand.php(149): Illuminate\\Queue\\Worker->daemon(\'database\', \'default\', Object(Illuminate\\Queue\\WorkerOptions))\n#30 E:\\www\\digikash\\vendor\\laravel\\framework\\src\\Illuminate\\Queue\\Console\\WorkCommand.php(132): Illuminate\\Queue\\Console\\WorkCommand->runWorker(\'database\', \'default\')\n#31 E:\\www\\digikash\\vendor\\laravel\\framework\\src\\Illuminate\\Container\\BoundMethod.php(36): Illuminate\\Queue\\Console\\WorkCommand->handle()\n#32 E:\\www\\digikash\\vendor\\laravel\\framework\\src\\Illuminate\\Container\\Util.php(43): Illuminate\\Container\\BoundMethod::Illuminate\\Container\\{closure}()\n#33 E:\\www\\digikash\\vendor\\laravel\\framework\\src\\Illuminate\\Container\\BoundMethod.php(95): Illuminate\\Container\\Util::unwrapIfClosure(Object(Closure))\n#34 E:\\www\\digikash\\vendor\\laravel\\framework\\src\\Illuminate\\Container\\BoundMethod.php(35): Illuminate\\Container\\BoundMethod::callBoundMethod(Object(Illuminate\\Foundation\\Application), Array, Object(Closure))\n#35 E:\\www\\digikash\\vendor\\laravel\\framework\\src\\Illuminate\\Container\\Container.php(696): Illuminate\\Container\\BoundMethod::call(Object(Illuminate\\Foundation\\Application), Array, Array, NULL)\n#36 E:\\www\\digikash\\vendor\\laravel\\framework\\src\\Illuminate\\Console\\Command.php(213): Illuminate\\Container\\Container->call(Array)\n#37 E:\\www\\digikash\\vendor\\symfony\\console\\Command\\Command.php(279): Illuminate\\Console\\Command->execute(Object(Symfony\\Component\\Console\\Input\\ArgvInput), Object(Illuminate\\Console\\OutputStyle))\n#38 E:\\www\\digikash\\vendor\\laravel\\framework\\src\\Illuminate\\Console\\Command.php(182): Symfony\\Component\\Console\\Command\\Command->run(Object(Symfony\\Component\\Console\\Input\\ArgvInput), Object(Illuminate\\Console\\OutputStyle))\n#39 E:\\www\\digikash\\vendor\\symfony\\console\\Application.php(1094): Illuminate\\Console\\Command->run(Object(Symfony\\Component\\Console\\Input\\ArgvInput), Object(Symfony\\Component\\Console\\Output\\ConsoleOutput))\n#40 E:\\www\\digikash\\vendor\\symfony\\console\\Application.php(342): Symfony\\Component\\Console\\Application->doRunCommand(Object(Illuminate\\Queue\\Console\\WorkCommand), Object(Symfony\\Component\\Console\\Input\\ArgvInput), Object(Symfony\\Component\\Console\\Output\\ConsoleOutput))\n#41 E:\\www\\digikash\\vendor\\symfony\\console\\Application.php(193): Symfony\\Component\\Console\\Application->doRun(Object(Symfony\\Component\\Console\\Input\\ArgvInput), Object(Symfony\\Component\\Console\\Output\\ConsoleOutput))\n#42 E:\\www\\digikash\\vendor\\laravel\\framework\\src\\Illuminate\\Foundation\\Console\\Kernel.php(198): Symfony\\Component\\Console\\Application->run(Object(Symfony\\Component\\Console\\Input\\ArgvInput), Object(Symfony\\Component\\Console\\Output\\ConsoleOutput))\n#43 E:\\www\\digikash\\vendor\\laravel\\framework\\src\\Illuminate\\Foundation\\Application.php(1235): Illuminate\\Foundation\\Console\\Kernel->handle(Object(Symfony\\Component\\Console\\Input\\ArgvInput), Object(Symfony\\Component\\Console\\Output\\ConsoleOutput))\n#44 E:\\www\\digikash\\artisan(13): Illuminate\\Foundation\\Application->handleCommand(Object(Symfony\\Component\\Console\\Input\\ArgvInput))\n#45 {main}', '2025-04-28 19:55:11'),
(578, '2a8b8084-36c4-41f1-b462-1870c0bec3c7', 'database', 'default', '{\"uuid\":\"2a8b8084-36c4-41f1-b462-1870c0bec3c7\",\"displayName\":\"App\\\\Notifications\\\\TemplateNotification\",\"job\":\"Illuminate\\\\Queue\\\\CallQueuedHandler@call\",\"maxTries\":null,\"maxExceptions\":null,\"failOnTimeout\":false,\"backoff\":null,\"timeout\":null,\"retryUntil\":null,\"data\":{\"commandName\":\"Illuminate\\\\Notifications\\\\SendQueuedNotifications\",\"command\":\"O:48:\\\"Illuminate\\\\Notifications\\\\SendQueuedNotifications\\\":3:{s:11:\\\"notifiables\\\";O:45:\\\"Illuminate\\\\Contracts\\\\Database\\\\ModelIdentifier\\\":5:{s:5:\\\"class\\\";s:15:\\\"App\\\\Models\\\\User\\\";s:2:\\\"id\\\";a:1:{i:0;i:47;}s:9:\\\"relations\\\";a:0:{}s:10:\\\"connection\\\";s:5:\\\"mysql\\\";s:15:\\\"collectionClass\\\";N;}s:12:\\\"notification\\\";O:38:\\\"App\\\\Notifications\\\\TemplateNotification\\\":3:{s:13:\\\"\\u0000*\\u0000identifier\\\";s:21:\\\"deposit_user_approved\\\";s:7:\\\"\\u0000*\\u0000data\\\";a:2:{s:6:\\\"amount\\\";s:7:\\\"500 USD\\\";s:6:\\\"method\\\";s:13:\\\"Bank Transfer\\\";}s:2:\\\"id\\\";s:36:\\\"8cffc9d7-3993-4063-8938-29e5abafa980\\\";}s:8:\\\"channels\\\";a:1:{i:0;s:41:\\\"NotificationChannels\\\\Twilio\\\\TwilioChannel\\\";}}\"}}', 'Twilio\\Exceptions\\RestException: [HTTP 429] Unable to create record: Account ACbfdc5b6e20afc5a0290c78af2a349f1b exceeded the 9 daily messages limit in E:\\www\\digikash\\vendor\\twilio\\sdk\\src\\Twilio\\Version.php:88\nStack trace:\n#0 E:\\www\\digikash\\vendor\\twilio\\sdk\\src\\Twilio\\Version.php(223): Twilio\\Version->exception(Object(Twilio\\Http\\Response), \'Unable to creat...\')\n#1 E:\\www\\digikash\\vendor\\twilio\\sdk\\src\\Twilio\\Rest\\Api\\V2010\\Account\\MessageList.php(118): Twilio\\Version->create(\'POST\', \'/Accounts/ACbfd...\', Array, Array, Array)\n#2 E:\\www\\digikash\\vendor\\laravel-notification-channels\\twilio\\src\\Twilio.php(92): Twilio\\Rest\\Api\\V2010\\Account\\MessageList->create(\'+8801847305958\', Object(Twilio\\Values))\n#3 E:\\www\\digikash\\vendor\\laravel-notification-channels\\twilio\\src\\Twilio.php(31): NotificationChannels\\Twilio\\Twilio->sendSmsMessage(Object(NotificationChannels\\Twilio\\TwilioSmsMessage), \'+8801847305958\')\n#4 E:\\www\\digikash\\vendor\\laravel-notification-channels\\twilio\\src\\TwilioChannel.php(43): NotificationChannels\\Twilio\\Twilio->sendMessage(Object(NotificationChannels\\Twilio\\TwilioSmsMessage), \'+8801733060254\', false)\n#5 E:\\www\\digikash\\vendor\\laravel\\framework\\src\\Illuminate\\Notifications\\NotificationSender.php(148): NotificationChannels\\Twilio\\TwilioChannel->send(Object(App\\Models\\User), Object(App\\Notifications\\TemplateNotification))\n#6 E:\\www\\digikash\\vendor\\laravel\\framework\\src\\Illuminate\\Notifications\\NotificationSender.php(106): Illuminate\\Notifications\\NotificationSender->sendToNotifiable(Object(App\\Models\\User), \'84538cf1-602e-4...\', Object(App\\Notifications\\TemplateNotification), \'NotificationCha...\')\n#7 E:\\www\\digikash\\vendor\\laravel\\framework\\src\\Illuminate\\Support\\Traits\\Localizable.php(19): Illuminate\\Notifications\\NotificationSender->Illuminate\\Notifications\\{closure}()\n#8 E:\\www\\digikash\\vendor\\laravel\\framework\\src\\Illuminate\\Notifications\\NotificationSender.php(101): Illuminate\\Notifications\\NotificationSender->withLocale(NULL, Object(Closure))\n#9 E:\\www\\digikash\\vendor\\laravel\\framework\\src\\Illuminate\\Notifications\\ChannelManager.php(54): Illuminate\\Notifications\\NotificationSender->sendNow(Object(Illuminate\\Database\\Eloquent\\Collection), Object(App\\Notifications\\TemplateNotification), Array)\n#10 E:\\www\\digikash\\vendor\\laravel\\framework\\src\\Illuminate\\Notifications\\SendQueuedNotifications.php(119): Illuminate\\Notifications\\ChannelManager->sendNow(Object(Illuminate\\Database\\Eloquent\\Collection), Object(App\\Notifications\\TemplateNotification), Array)\n#11 E:\\www\\digikash\\vendor\\laravel\\framework\\src\\Illuminate\\Container\\BoundMethod.php(36): Illuminate\\Notifications\\SendQueuedNotifications->handle(Object(Illuminate\\Notifications\\ChannelManager))\n#12 E:\\www\\digikash\\vendor\\laravel\\framework\\src\\Illuminate\\Container\\Util.php(43): Illuminate\\Container\\BoundMethod::Illuminate\\Container\\{closure}()\n#13 E:\\www\\digikash\\vendor\\laravel\\framework\\src\\Illuminate\\Container\\BoundMethod.php(95): Illuminate\\Container\\Util::unwrapIfClosure(Object(Closure))\n#14 E:\\www\\digikash\\vendor\\laravel\\framework\\src\\Illuminate\\Container\\BoundMethod.php(35): Illuminate\\Container\\BoundMethod::callBoundMethod(Object(Illuminate\\Foundation\\Application), Array, Object(Closure))\n#15 E:\\www\\digikash\\vendor\\laravel\\framework\\src\\Illuminate\\Container\\Container.php(696): Illuminate\\Container\\BoundMethod::call(Object(Illuminate\\Foundation\\Application), Array, Array, NULL)\n#16 E:\\www\\digikash\\vendor\\laravel\\framework\\src\\Illuminate\\Bus\\Dispatcher.php(126): Illuminate\\Container\\Container->call(Array)\n#17 E:\\www\\digikash\\vendor\\laravel\\framework\\src\\Illuminate\\Pipeline\\Pipeline.php(170): Illuminate\\Bus\\Dispatcher->Illuminate\\Bus\\{closure}(Object(Illuminate\\Notifications\\SendQueuedNotifications))\n#18 E:\\www\\digikash\\vendor\\laravel\\framework\\src\\Illuminate\\Pipeline\\Pipeline.php(127): Illuminate\\Pipeline\\Pipeline->Illuminate\\Pipeline\\{closure}(Object(Illuminate\\Notifications\\SendQueuedNotifications))\n#19 E:\\www\\digikash\\vendor\\laravel\\framework\\src\\Illuminate\\Bus\\Dispatcher.php(130): Illuminate\\Pipeline\\Pipeline->then(Object(Closure))\n#20 E:\\www\\digikash\\vendor\\laravel\\framework\\src\\Illuminate\\Queue\\CallQueuedHandler.php(126): Illuminate\\Bus\\Dispatcher->dispatchNow(Object(Illuminate\\Notifications\\SendQueuedNotifications), false)\n#21 E:\\www\\digikash\\vendor\\laravel\\framework\\src\\Illuminate\\Pipeline\\Pipeline.php(170): Illuminate\\Queue\\CallQueuedHandler->Illuminate\\Queue\\{closure}(Object(Illuminate\\Notifications\\SendQueuedNotifications))\n#22 E:\\www\\digikash\\vendor\\laravel\\framework\\src\\Illuminate\\Pipeline\\Pipeline.php(127): Illuminate\\Pipeline\\Pipeline->Illuminate\\Pipeline\\{closure}(Object(Illuminate\\Notifications\\SendQueuedNotifications))\n#23 E:\\www\\digikash\\vendor\\laravel\\framework\\src\\Illuminate\\Queue\\CallQueuedHandler.php(121): Illuminate\\Pipeline\\Pipeline->then(Object(Closure))\n#24 E:\\www\\digikash\\vendor\\laravel\\framework\\src\\Illuminate\\Queue\\CallQueuedHandler.php(69): Illuminate\\Queue\\CallQueuedHandler->dispatchThroughMiddleware(Object(Illuminate\\Queue\\Jobs\\DatabaseJob), Object(Illuminate\\Notifications\\SendQueuedNotifications))\n#25 E:\\www\\digikash\\vendor\\laravel\\framework\\src\\Illuminate\\Queue\\Jobs\\Job.php(102): Illuminate\\Queue\\CallQueuedHandler->call(Object(Illuminate\\Queue\\Jobs\\DatabaseJob), Array)\n#26 E:\\www\\digikash\\vendor\\laravel\\framework\\src\\Illuminate\\Queue\\Worker.php(442): Illuminate\\Queue\\Jobs\\Job->fire()\n#27 E:\\www\\digikash\\vendor\\laravel\\framework\\src\\Illuminate\\Queue\\Worker.php(392): Illuminate\\Queue\\Worker->process(\'database\', Object(Illuminate\\Queue\\Jobs\\DatabaseJob), Object(Illuminate\\Queue\\WorkerOptions))\n#28 E:\\www\\digikash\\vendor\\laravel\\framework\\src\\Illuminate\\Queue\\Worker.php(178): Illuminate\\Queue\\Worker->runJob(Object(Illuminate\\Queue\\Jobs\\DatabaseJob), \'database\', Object(Illuminate\\Queue\\WorkerOptions))\n#29 E:\\www\\digikash\\vendor\\laravel\\framework\\src\\Illuminate\\Queue\\Console\\WorkCommand.php(149): Illuminate\\Queue\\Worker->daemon(\'database\', \'default\', Object(Illuminate\\Queue\\WorkerOptions))\n#30 E:\\www\\digikash\\vendor\\laravel\\framework\\src\\Illuminate\\Queue\\Console\\WorkCommand.php(132): Illuminate\\Queue\\Console\\WorkCommand->runWorker(\'database\', \'default\')\n#31 E:\\www\\digikash\\vendor\\laravel\\framework\\src\\Illuminate\\Container\\BoundMethod.php(36): Illuminate\\Queue\\Console\\WorkCommand->handle()\n#32 E:\\www\\digikash\\vendor\\laravel\\framework\\src\\Illuminate\\Container\\Util.php(43): Illuminate\\Container\\BoundMethod::Illuminate\\Container\\{closure}()\n#33 E:\\www\\digikash\\vendor\\laravel\\framework\\src\\Illuminate\\Container\\BoundMethod.php(95): Illuminate\\Container\\Util::unwrapIfClosure(Object(Closure))\n#34 E:\\www\\digikash\\vendor\\laravel\\framework\\src\\Illuminate\\Container\\BoundMethod.php(35): Illuminate\\Container\\BoundMethod::callBoundMethod(Object(Illuminate\\Foundation\\Application), Array, Object(Closure))\n#35 E:\\www\\digikash\\vendor\\laravel\\framework\\src\\Illuminate\\Container\\Container.php(696): Illuminate\\Container\\BoundMethod::call(Object(Illuminate\\Foundation\\Application), Array, Array, NULL)\n#36 E:\\www\\digikash\\vendor\\laravel\\framework\\src\\Illuminate\\Console\\Command.php(213): Illuminate\\Container\\Container->call(Array)\n#37 E:\\www\\digikash\\vendor\\symfony\\console\\Command\\Command.php(279): Illuminate\\Console\\Command->execute(Object(Symfony\\Component\\Console\\Input\\ArgvInput), Object(Illuminate\\Console\\OutputStyle))\n#38 E:\\www\\digikash\\vendor\\laravel\\framework\\src\\Illuminate\\Console\\Command.php(182): Symfony\\Component\\Console\\Command\\Command->run(Object(Symfony\\Component\\Console\\Input\\ArgvInput), Object(Illuminate\\Console\\OutputStyle))\n#39 E:\\www\\digikash\\vendor\\symfony\\console\\Application.php(1094): Illuminate\\Console\\Command->run(Object(Symfony\\Component\\Console\\Input\\ArgvInput), Object(Symfony\\Component\\Console\\Output\\ConsoleOutput))\n#40 E:\\www\\digikash\\vendor\\symfony\\console\\Application.php(342): Symfony\\Component\\Console\\Application->doRunCommand(Object(Illuminate\\Queue\\Console\\WorkCommand), Object(Symfony\\Component\\Console\\Input\\ArgvInput), Object(Symfony\\Component\\Console\\Output\\ConsoleOutput))\n#41 E:\\www\\digikash\\vendor\\symfony\\console\\Application.php(193): Symfony\\Component\\Console\\Application->doRun(Object(Symfony\\Component\\Console\\Input\\ArgvInput), Object(Symfony\\Component\\Console\\Output\\ConsoleOutput))\n#42 E:\\www\\digikash\\vendor\\laravel\\framework\\src\\Illuminate\\Foundation\\Console\\Kernel.php(198): Symfony\\Component\\Console\\Application->run(Object(Symfony\\Component\\Console\\Input\\ArgvInput), Object(Symfony\\Component\\Console\\Output\\ConsoleOutput))\n#43 E:\\www\\digikash\\vendor\\laravel\\framework\\src\\Illuminate\\Foundation\\Application.php(1235): Illuminate\\Foundation\\Console\\Kernel->handle(Object(Symfony\\Component\\Console\\Input\\ArgvInput), Object(Symfony\\Component\\Console\\Output\\ConsoleOutput))\n#44 E:\\www\\digikash\\artisan(13): Illuminate\\Foundation\\Application->handleCommand(Object(Symfony\\Component\\Console\\Input\\ArgvInput))\n#45 {main}', '2025-04-28 19:55:12');
INSERT INTO `failed_jobs` (`id`, `uuid`, `connection`, `queue`, `payload`, `exception`, `failed_at`) VALUES
(579, '9b241ad2-66ee-469d-bf19-8319df45c455', 'database', 'default', '{\"uuid\":\"9b241ad2-66ee-469d-bf19-8319df45c455\",\"displayName\":\"App\\\\Notifications\\\\TemplateNotification\",\"job\":\"Illuminate\\\\Queue\\\\CallQueuedHandler@call\",\"maxTries\":null,\"maxExceptions\":null,\"failOnTimeout\":false,\"backoff\":null,\"timeout\":null,\"retryUntil\":null,\"data\":{\"commandName\":\"Illuminate\\\\Notifications\\\\SendQueuedNotifications\",\"command\":\"O:48:\\\"Illuminate\\\\Notifications\\\\SendQueuedNotifications\\\":3:{s:11:\\\"notifiables\\\";O:45:\\\"Illuminate\\\\Contracts\\\\Database\\\\ModelIdentifier\\\":5:{s:5:\\\"class\\\";s:15:\\\"App\\\\Models\\\\User\\\";s:2:\\\"id\\\";a:1:{i:0;i:47;}s:9:\\\"relations\\\";a:0:{}s:10:\\\"connection\\\";s:5:\\\"mysql\\\";s:15:\\\"collectionClass\\\";N;}s:12:\\\"notification\\\";O:38:\\\"App\\\\Notifications\\\\TemplateNotification\\\":3:{s:13:\\\"\\u0000*\\u0000identifier\\\";s:21:\\\"deposit_user_approved\\\";s:7:\\\"\\u0000*\\u0000data\\\";a:2:{s:6:\\\"amount\\\";s:7:\\\"500 USD\\\";s:6:\\\"method\\\";s:13:\\\"Bank Transfer\\\";}s:2:\\\"id\\\";s:36:\\\"f255ce96-f265-42ca-98ef-078285ea50cd\\\";}s:8:\\\"channels\\\";a:1:{i:0;s:41:\\\"NotificationChannels\\\\Twilio\\\\TwilioChannel\\\";}}\"}}', 'Twilio\\Exceptions\\RestException: [HTTP 429] Unable to create record: Account ACbfdc5b6e20afc5a0290c78af2a349f1b exceeded the 9 daily messages limit in E:\\www\\digikash\\vendor\\twilio\\sdk\\src\\Twilio\\Version.php:88\nStack trace:\n#0 E:\\www\\digikash\\vendor\\twilio\\sdk\\src\\Twilio\\Version.php(223): Twilio\\Version->exception(Object(Twilio\\Http\\Response), \'Unable to creat...\')\n#1 E:\\www\\digikash\\vendor\\twilio\\sdk\\src\\Twilio\\Rest\\Api\\V2010\\Account\\MessageList.php(118): Twilio\\Version->create(\'POST\', \'/Accounts/ACbfd...\', Array, Array, Array)\n#2 E:\\www\\digikash\\vendor\\laravel-notification-channels\\twilio\\src\\Twilio.php(92): Twilio\\Rest\\Api\\V2010\\Account\\MessageList->create(\'+8801847305958\', Object(Twilio\\Values))\n#3 E:\\www\\digikash\\vendor\\laravel-notification-channels\\twilio\\src\\Twilio.php(31): NotificationChannels\\Twilio\\Twilio->sendSmsMessage(Object(NotificationChannels\\Twilio\\TwilioSmsMessage), \'+8801847305958\')\n#4 E:\\www\\digikash\\vendor\\laravel-notification-channels\\twilio\\src\\TwilioChannel.php(43): NotificationChannels\\Twilio\\Twilio->sendMessage(Object(NotificationChannels\\Twilio\\TwilioSmsMessage), \'+8801733060254\', false)\n#5 E:\\www\\digikash\\vendor\\laravel\\framework\\src\\Illuminate\\Notifications\\NotificationSender.php(148): NotificationChannels\\Twilio\\TwilioChannel->send(Object(App\\Models\\User), Object(App\\Notifications\\TemplateNotification))\n#6 E:\\www\\digikash\\vendor\\laravel\\framework\\src\\Illuminate\\Notifications\\NotificationSender.php(106): Illuminate\\Notifications\\NotificationSender->sendToNotifiable(Object(App\\Models\\User), \'31191853-f9cc-4...\', Object(App\\Notifications\\TemplateNotification), \'NotificationCha...\')\n#7 E:\\www\\digikash\\vendor\\laravel\\framework\\src\\Illuminate\\Support\\Traits\\Localizable.php(19): Illuminate\\Notifications\\NotificationSender->Illuminate\\Notifications\\{closure}()\n#8 E:\\www\\digikash\\vendor\\laravel\\framework\\src\\Illuminate\\Notifications\\NotificationSender.php(101): Illuminate\\Notifications\\NotificationSender->withLocale(NULL, Object(Closure))\n#9 E:\\www\\digikash\\vendor\\laravel\\framework\\src\\Illuminate\\Notifications\\ChannelManager.php(54): Illuminate\\Notifications\\NotificationSender->sendNow(Object(Illuminate\\Database\\Eloquent\\Collection), Object(App\\Notifications\\TemplateNotification), Array)\n#10 E:\\www\\digikash\\vendor\\laravel\\framework\\src\\Illuminate\\Notifications\\SendQueuedNotifications.php(119): Illuminate\\Notifications\\ChannelManager->sendNow(Object(Illuminate\\Database\\Eloquent\\Collection), Object(App\\Notifications\\TemplateNotification), Array)\n#11 E:\\www\\digikash\\vendor\\laravel\\framework\\src\\Illuminate\\Container\\BoundMethod.php(36): Illuminate\\Notifications\\SendQueuedNotifications->handle(Object(Illuminate\\Notifications\\ChannelManager))\n#12 E:\\www\\digikash\\vendor\\laravel\\framework\\src\\Illuminate\\Container\\Util.php(43): Illuminate\\Container\\BoundMethod::Illuminate\\Container\\{closure}()\n#13 E:\\www\\digikash\\vendor\\laravel\\framework\\src\\Illuminate\\Container\\BoundMethod.php(95): Illuminate\\Container\\Util::unwrapIfClosure(Object(Closure))\n#14 E:\\www\\digikash\\vendor\\laravel\\framework\\src\\Illuminate\\Container\\BoundMethod.php(35): Illuminate\\Container\\BoundMethod::callBoundMethod(Object(Illuminate\\Foundation\\Application), Array, Object(Closure))\n#15 E:\\www\\digikash\\vendor\\laravel\\framework\\src\\Illuminate\\Container\\Container.php(696): Illuminate\\Container\\BoundMethod::call(Object(Illuminate\\Foundation\\Application), Array, Array, NULL)\n#16 E:\\www\\digikash\\vendor\\laravel\\framework\\src\\Illuminate\\Bus\\Dispatcher.php(126): Illuminate\\Container\\Container->call(Array)\n#17 E:\\www\\digikash\\vendor\\laravel\\framework\\src\\Illuminate\\Pipeline\\Pipeline.php(170): Illuminate\\Bus\\Dispatcher->Illuminate\\Bus\\{closure}(Object(Illuminate\\Notifications\\SendQueuedNotifications))\n#18 E:\\www\\digikash\\vendor\\laravel\\framework\\src\\Illuminate\\Pipeline\\Pipeline.php(127): Illuminate\\Pipeline\\Pipeline->Illuminate\\Pipeline\\{closure}(Object(Illuminate\\Notifications\\SendQueuedNotifications))\n#19 E:\\www\\digikash\\vendor\\laravel\\framework\\src\\Illuminate\\Bus\\Dispatcher.php(130): Illuminate\\Pipeline\\Pipeline->then(Object(Closure))\n#20 E:\\www\\digikash\\vendor\\laravel\\framework\\src\\Illuminate\\Queue\\CallQueuedHandler.php(126): Illuminate\\Bus\\Dispatcher->dispatchNow(Object(Illuminate\\Notifications\\SendQueuedNotifications), false)\n#21 E:\\www\\digikash\\vendor\\laravel\\framework\\src\\Illuminate\\Pipeline\\Pipeline.php(170): Illuminate\\Queue\\CallQueuedHandler->Illuminate\\Queue\\{closure}(Object(Illuminate\\Notifications\\SendQueuedNotifications))\n#22 E:\\www\\digikash\\vendor\\laravel\\framework\\src\\Illuminate\\Pipeline\\Pipeline.php(127): Illuminate\\Pipeline\\Pipeline->Illuminate\\Pipeline\\{closure}(Object(Illuminate\\Notifications\\SendQueuedNotifications))\n#23 E:\\www\\digikash\\vendor\\laravel\\framework\\src\\Illuminate\\Queue\\CallQueuedHandler.php(121): Illuminate\\Pipeline\\Pipeline->then(Object(Closure))\n#24 E:\\www\\digikash\\vendor\\laravel\\framework\\src\\Illuminate\\Queue\\CallQueuedHandler.php(69): Illuminate\\Queue\\CallQueuedHandler->dispatchThroughMiddleware(Object(Illuminate\\Queue\\Jobs\\DatabaseJob), Object(Illuminate\\Notifications\\SendQueuedNotifications))\n#25 E:\\www\\digikash\\vendor\\laravel\\framework\\src\\Illuminate\\Queue\\Jobs\\Job.php(102): Illuminate\\Queue\\CallQueuedHandler->call(Object(Illuminate\\Queue\\Jobs\\DatabaseJob), Array)\n#26 E:\\www\\digikash\\vendor\\laravel\\framework\\src\\Illuminate\\Queue\\Worker.php(442): Illuminate\\Queue\\Jobs\\Job->fire()\n#27 E:\\www\\digikash\\vendor\\laravel\\framework\\src\\Illuminate\\Queue\\Worker.php(392): Illuminate\\Queue\\Worker->process(\'database\', Object(Illuminate\\Queue\\Jobs\\DatabaseJob), Object(Illuminate\\Queue\\WorkerOptions))\n#28 E:\\www\\digikash\\vendor\\laravel\\framework\\src\\Illuminate\\Queue\\Worker.php(178): Illuminate\\Queue\\Worker->runJob(Object(Illuminate\\Queue\\Jobs\\DatabaseJob), \'database\', Object(Illuminate\\Queue\\WorkerOptions))\n#29 E:\\www\\digikash\\vendor\\laravel\\framework\\src\\Illuminate\\Queue\\Console\\WorkCommand.php(149): Illuminate\\Queue\\Worker->daemon(\'database\', \'default\', Object(Illuminate\\Queue\\WorkerOptions))\n#30 E:\\www\\digikash\\vendor\\laravel\\framework\\src\\Illuminate\\Queue\\Console\\WorkCommand.php(132): Illuminate\\Queue\\Console\\WorkCommand->runWorker(\'database\', \'default\')\n#31 E:\\www\\digikash\\vendor\\laravel\\framework\\src\\Illuminate\\Container\\BoundMethod.php(36): Illuminate\\Queue\\Console\\WorkCommand->handle()\n#32 E:\\www\\digikash\\vendor\\laravel\\framework\\src\\Illuminate\\Container\\Util.php(43): Illuminate\\Container\\BoundMethod::Illuminate\\Container\\{closure}()\n#33 E:\\www\\digikash\\vendor\\laravel\\framework\\src\\Illuminate\\Container\\BoundMethod.php(95): Illuminate\\Container\\Util::unwrapIfClosure(Object(Closure))\n#34 E:\\www\\digikash\\vendor\\laravel\\framework\\src\\Illuminate\\Container\\BoundMethod.php(35): Illuminate\\Container\\BoundMethod::callBoundMethod(Object(Illuminate\\Foundation\\Application), Array, Object(Closure))\n#35 E:\\www\\digikash\\vendor\\laravel\\framework\\src\\Illuminate\\Container\\Container.php(696): Illuminate\\Container\\BoundMethod::call(Object(Illuminate\\Foundation\\Application), Array, Array, NULL)\n#36 E:\\www\\digikash\\vendor\\laravel\\framework\\src\\Illuminate\\Console\\Command.php(213): Illuminate\\Container\\Container->call(Array)\n#37 E:\\www\\digikash\\vendor\\symfony\\console\\Command\\Command.php(279): Illuminate\\Console\\Command->execute(Object(Symfony\\Component\\Console\\Input\\ArgvInput), Object(Illuminate\\Console\\OutputStyle))\n#38 E:\\www\\digikash\\vendor\\laravel\\framework\\src\\Illuminate\\Console\\Command.php(182): Symfony\\Component\\Console\\Command\\Command->run(Object(Symfony\\Component\\Console\\Input\\ArgvInput), Object(Illuminate\\Console\\OutputStyle))\n#39 E:\\www\\digikash\\vendor\\symfony\\console\\Application.php(1094): Illuminate\\Console\\Command->run(Object(Symfony\\Component\\Console\\Input\\ArgvInput), Object(Symfony\\Component\\Console\\Output\\ConsoleOutput))\n#40 E:\\www\\digikash\\vendor\\symfony\\console\\Application.php(342): Symfony\\Component\\Console\\Application->doRunCommand(Object(Illuminate\\Queue\\Console\\WorkCommand), Object(Symfony\\Component\\Console\\Input\\ArgvInput), Object(Symfony\\Component\\Console\\Output\\ConsoleOutput))\n#41 E:\\www\\digikash\\vendor\\symfony\\console\\Application.php(193): Symfony\\Component\\Console\\Application->doRun(Object(Symfony\\Component\\Console\\Input\\ArgvInput), Object(Symfony\\Component\\Console\\Output\\ConsoleOutput))\n#42 E:\\www\\digikash\\vendor\\laravel\\framework\\src\\Illuminate\\Foundation\\Console\\Kernel.php(198): Symfony\\Component\\Console\\Application->run(Object(Symfony\\Component\\Console\\Input\\ArgvInput), Object(Symfony\\Component\\Console\\Output\\ConsoleOutput))\n#43 E:\\www\\digikash\\vendor\\laravel\\framework\\src\\Illuminate\\Foundation\\Application.php(1235): Illuminate\\Foundation\\Console\\Kernel->handle(Object(Symfony\\Component\\Console\\Input\\ArgvInput), Object(Symfony\\Component\\Console\\Output\\ConsoleOutput))\n#44 E:\\www\\digikash\\artisan(13): Illuminate\\Foundation\\Application->handleCommand(Object(Symfony\\Component\\Console\\Input\\ArgvInput))\n#45 {main}', '2025-05-02 11:45:30');

-- --------------------------------------------------------

--
-- Table structure for table `footer_items`
--

CREATE TABLE `footer_items` (
  `id` bigint UNSIGNED NOT NULL,
  `footer_section_id` bigint UNSIGNED NOT NULL,
  `label` json DEFAULT NULL,
  `content` text CHARACTER SET utf8mb4 COLLATE utf8mb4_unicode_ci,
  `url_type` varchar(96) CHARACTER SET utf8mb4 COLLATE utf8mb4_unicode_ci NOT NULL DEFAULT 'none',
  `url` varchar(255) CHARACTER SET utf8mb4 COLLATE utf8mb4_unicode_ci DEFAULT NULL,
  `page_id` bigint UNSIGNED DEFAULT NULL,
  `social_id` bigint UNSIGNED DEFAULT NULL,
  `icon` varchar(255) CHARACTER SET utf8mb4 COLLATE utf8mb4_unicode_ci DEFAULT NULL,
  `order` int NOT NULL DEFAULT '0',
  `status` tinyint(1) NOT NULL DEFAULT '1',
  `created_at` timestamp NULL DEFAULT NULL,
  `updated_at` timestamp NULL DEFAULT NULL
) ENGINE=InnoDB DEFAULT CHARSET=utf8mb4 COLLATE=utf8mb4_unicode_ci;

--
-- Dumping data for table `footer_items`
--

INSERT INTO `footer_items` (`id`, `footer_section_id`, `label`, `content`, `url_type`, `url`, `page_id`, `social_id`, `icon`, `order`, `status`, `created_at`, `updated_at`) VALUES
(8, 6, '{\"en\": \"Privacy Policy\", \"es\": \"política de privacidad\"}', '{\"en\":\"dfgdfgfgj\",\"es\":null}', 'page', 'http://digikash.test/', 5, NULL, 'fa-solid fa-angles-right', 2, 1, '2025-04-04 10:42:32', '2025-07-17 11:28:13'),
(9, 6, '{\"en\": \"Terms & Conditions\", \"es\": \"Tranvías y servicios\"}', '{\"en\":\"fgjfgj\",\"es\":null}', 'page', 'http://digikash.test/', 12, NULL, 'fa-solid fa-angles-right', 1, 1, '2025-04-07 11:49:47', '2025-07-17 11:28:13'),
(10, 7, '{\"en\": \"All In One Powerful Platform\", \"es\": \"Una Plataforma Todo en Uno\"}', '{\"en\":\"Manage money easily with Digikash. Send, receive, deposit, and pay merchants \\u2014 all from one smart wallet.\",\"es\":\"Administra tu dinero f\\u00e1cilmente con Digikash. Env\\u00eda, recibe, deposita y paga a comerciantes desde una \\u00fanica billetera inteligente.\"}', 'none', NULL, NULL, NULL, 'fa-solid fa-angles-right', 1, 1, '2025-04-08 04:45:06', '2025-04-08 11:39:22'),
(11, 5, '{\"en\": \"About Us\", \"es\": \"Sobre nosotras\"}', '{\"en\":null,\"es\":null}', 'page', NULL, 4, NULL, 'fa-solid fa-angles-right', 1, 1, '2025-04-08 05:24:28', '2025-04-08 11:20:33'),
(12, 8, '{\"en\": \"Facebook\", \"es\": null}', '{\"en\":null,\"es\":null}', 'social', 'https://www.facebook.com/yourpage', NULL, 4, 'fa-solid fa-angles-right', 1, 1, '2025-04-08 09:41:48', '2025-04-08 11:19:40'),
(13, 8, '{\"en\": \"Twitter\", \"es\": null}', '{\"en\":null,\"es\":null}', 'social', NULL, NULL, 5, 'fa-solid fa-angles-right', 2, 1, '2025-04-08 09:42:41', '2025-04-08 11:16:53'),
(14, 8, '{\"en\": \"Linkedin\", \"es\": null}', '{\"en\":null,\"es\":null}', 'social', NULL, NULL, 6, 'fa-solid fa-angles-right', 3, 1, '2025-04-08 09:42:58', '2025-04-08 11:16:55'),
(15, 7, '{\"en\": \"Fast, Secure, and Seamless Transactions\", \"es\": \"Transacciones Rápidas, Seguras y Sin Interrupciones\"}', '{\"en\":\"Enjoy instant transfers, top-notch security, and real-time balance updates with Digikash.\",\"es\":\"Disfruta de transferencias instant\\u00e1neas, m\\u00e1xima seguridad y actualizaciones de saldo en tiempo real con Digikash.\"}', 'none', NULL, NULL, NULL, 'fa-solid fa-angles-right', 2, 1, '2025-04-08 11:32:28', '2025-05-21 01:30:17');

-- --------------------------------------------------------

--
-- Table structure for table `footer_sections`
--

CREATE TABLE `footer_sections` (
  `id` bigint UNSIGNED NOT NULL,
  `title` json NOT NULL,
  `type` varchar(255) CHARACTER SET utf8mb4 COLLATE utf8mb4_unicode_ci NOT NULL DEFAULT 'text',
  `status` tinyint(1) NOT NULL DEFAULT '1',
  `order` int NOT NULL DEFAULT '0',
  `created_at` timestamp NULL DEFAULT NULL,
  `updated_at` timestamp NULL DEFAULT NULL
) ENGINE=InnoDB DEFAULT CHARSET=utf8mb4 COLLATE=utf8mb4_unicode_ci;

--
-- Dumping data for table `footer_sections`
--

INSERT INTO `footer_sections` (`id`, `title`, `type`, `status`, `order`, `created_at`, `updated_at`) VALUES
(5, '{\"en\": \"Page\", \"es\": \"Página\"}', 'page', 1, 2, '2025-04-03 21:26:47', '2025-04-08 11:49:22'),
(6, '{\"en\": \"Useful Links\", \"es\": \"Enlaces útiles\"}', 'link', 1, 3, '2025-04-03 21:26:59', '2025-07-17 11:27:45'),
(7, '{\"en\": \"About\", \"es\": \"Acerca de\"}', 'text', 1, 1, '2025-04-07 11:19:20', '2025-04-08 11:49:22'),
(8, '{\"en\": \"Social Link\", \"es\": \"Enlace social\"}', 'social', 1, 4, '2025-04-08 09:37:47', '2025-07-17 11:27:45');

-- --------------------------------------------------------

--
-- Table structure for table `ip_blocks`
--

CREATE TABLE `ip_blocks` (
  `id` bigint UNSIGNED NOT NULL,
  `ip_address` varchar(45) CHARACTER SET utf8mb4 COLLATE utf8mb4_unicode_ci NOT NULL,
  `reason` text CHARACTER SET utf8mb4 COLLATE utf8mb4_unicode_ci,
  `blocked_at` timestamp NOT NULL DEFAULT CURRENT_TIMESTAMP,
  `created_at` timestamp NULL DEFAULT NULL,
  `updated_at` timestamp NULL DEFAULT NULL
) ENGINE=InnoDB DEFAULT CHARSET=utf8mb4 COLLATE=utf8mb4_unicode_ci;

-- --------------------------------------------------------

--
-- Table structure for table `jobs`
--

CREATE TABLE `jobs` (
  `id` bigint UNSIGNED NOT NULL,
  `queue` varchar(255) CHARACTER SET utf8mb4 COLLATE utf8mb4_unicode_ci NOT NULL,
  `payload` longtext CHARACTER SET utf8mb4 COLLATE utf8mb4_unicode_ci NOT NULL,
  `attempts` tinyint UNSIGNED NOT NULL,
  `reserved_at` int UNSIGNED DEFAULT NULL,
  `available_at` int UNSIGNED NOT NULL,
  `created_at` int UNSIGNED NOT NULL
) ENGINE=InnoDB DEFAULT CHARSET=utf8mb4 COLLATE=utf8mb4_unicode_ci;

--
-- Dumping data for table `jobs`
--

INSERT INTO `jobs` (`id`, `queue`, `payload`, `attempts`, `reserved_at`, `available_at`, `created_at`) VALUES
(3658, 'default', '{\"uuid\":\"0682e2f5-632b-422e-b833-b3e5ddcf431d\",\"displayName\":\"App\\\\Notifications\\\\TemplateNotification\",\"job\":\"Illuminate\\\\Queue\\\\CallQueuedHandler@call\",\"maxTries\":null,\"maxExceptions\":null,\"failOnTimeout\":false,\"backoff\":null,\"timeout\":null,\"retryUntil\":null,\"data\":{\"commandName\":\"Illuminate\\\\Notifications\\\\SendQueuedNotifications\",\"command\":\"O:48:\\\"Illuminate\\\\Notifications\\\\SendQueuedNotifications\\\":3:{s:11:\\\"notifiables\\\";O:45:\\\"Illuminate\\\\Contracts\\\\Database\\\\ModelIdentifier\\\":5:{s:5:\\\"class\\\";s:16:\\\"App\\\\Models\\\\Admin\\\";s:2:\\\"id\\\";a:1:{i:0;i:1;}s:9:\\\"relations\\\";a:0:{}s:10:\\\"connection\\\";s:5:\\\"mysql\\\";s:15:\\\"collectionClass\\\";N;}s:12:\\\"notification\\\";O:38:\\\"App\\\\Notifications\\\\TemplateNotification\\\":5:{s:13:\\\"\\u0000*\\u0000identifier\\\";s:34:\\\"merchant_admin_notify_shop_request\\\";s:7:\\\"\\u0000*\\u0000data\\\";a:4:{s:4:\\\"user\\\";s:13:\\\"Beau Mcfadden\\\";s:13:\\\"business_name\\\";s:15:\\\"Xanthus Wiggins\\\";s:14:\\\"business_email\\\";s:23:\\\"xanitodu@mailinator.com\\\";s:8:\\\"site_url\\\";s:20:\\\"https:\\/\\/www.vikyz.ws\\\";}s:9:\\\"\\u0000*\\u0000sender\\\";O:45:\\\"Illuminate\\\\Contracts\\\\Database\\\\ModelIdentifier\\\":5:{s:5:\\\"class\\\";s:15:\\\"App\\\\Models\\\\User\\\";s:2:\\\"id\\\";i:17;s:9:\\\"relations\\\";a:0:{}s:10:\\\"connection\\\";s:5:\\\"mysql\\\";s:15:\\\"collectionClass\\\";N;}s:9:\\\"\\u0000*\\u0000action\\\";s:44:\\\"https:\\/\\/digikash.test\\/admin\\/merchant\\/pending\\\";s:2:\\\"id\\\";s:36:\\\"25206653-0ee6-423b-9d39-b5ec84c39811\\\";}s:8:\\\"channels\\\";a:1:{i:0;s:8:\\\"database\\\";}}\"}}', 0, NULL, 1753625978, 1753625978),
(3659, 'default', '{\"uuid\":\"69960224-1ba4-4aa9-89ce-6b3ee872f6dd\",\"displayName\":\"App\\\\Notifications\\\\TemplateNotification\",\"job\":\"Illuminate\\\\Queue\\\\CallQueuedHandler@call\",\"maxTries\":null,\"maxExceptions\":null,\"failOnTimeout\":false,\"backoff\":null,\"timeout\":null,\"retryUntil\":null,\"data\":{\"commandName\":\"Illuminate\\\\Notifications\\\\SendQueuedNotifications\",\"command\":\"O:48:\\\"Illuminate\\\\Notifications\\\\SendQueuedNotifications\\\":3:{s:11:\\\"notifiables\\\";O:45:\\\"Illuminate\\\\Contracts\\\\Database\\\\ModelIdentifier\\\":5:{s:5:\\\"class\\\";s:16:\\\"App\\\\Models\\\\Admin\\\";s:2:\\\"id\\\";a:1:{i:0;i:1;}s:9:\\\"relations\\\";a:0:{}s:10:\\\"connection\\\";s:5:\\\"mysql\\\";s:15:\\\"collectionClass\\\";N;}s:12:\\\"notification\\\";O:38:\\\"App\\\\Notifications\\\\TemplateNotification\\\":5:{s:13:\\\"\\u0000*\\u0000identifier\\\";s:34:\\\"merchant_admin_notify_shop_request\\\";s:7:\\\"\\u0000*\\u0000data\\\";a:4:{s:4:\\\"user\\\";s:13:\\\"Beau Mcfadden\\\";s:13:\\\"business_name\\\";s:13:\\\"Roary Carroll\\\";s:14:\\\"business_email\\\";s:25:\\\"halejuvabi@mailinator.com\\\";s:8:\\\"site_url\\\";s:18:\\\"https:\\/\\/www.niq.us\\\";}s:9:\\\"\\u0000*\\u0000sender\\\";O:45:\\\"Illuminate\\\\Contracts\\\\Database\\\\ModelIdentifier\\\":5:{s:5:\\\"class\\\";s:15:\\\"App\\\\Models\\\\User\\\";s:2:\\\"id\\\";i:17;s:9:\\\"relations\\\";a:0:{}s:10:\\\"connection\\\";s:5:\\\"mysql\\\";s:15:\\\"collectionClass\\\";N;}s:9:\\\"\\u0000*\\u0000action\\\";s:44:\\\"https:\\/\\/digikash.test\\/admin\\/merchant\\/pending\\\";s:2:\\\"id\\\";s:36:\\\"ef777280-dc23-41df-8b3a-3ac73658a24d\\\";}s:8:\\\"channels\\\";a:1:{i:0;s:8:\\\"database\\\";}}\"}}', 0, NULL, 1753630995, 1753630995),
(3660, 'default', '{\"uuid\":\"0d2d8254-0f7a-4caf-bcfe-6491db45a61d\",\"displayName\":\"App\\\\Notifications\\\\TemplateNotification\",\"job\":\"Illuminate\\\\Queue\\\\CallQueuedHandler@call\",\"maxTries\":null,\"maxExceptions\":null,\"failOnTimeout\":false,\"backoff\":null,\"timeout\":null,\"retryUntil\":null,\"data\":{\"commandName\":\"Illuminate\\\\Notifications\\\\SendQueuedNotifications\",\"command\":\"O:48:\\\"Illuminate\\\\Notifications\\\\SendQueuedNotifications\\\":3:{s:11:\\\"notifiables\\\";O:45:\\\"Illuminate\\\\Contracts\\\\Database\\\\ModelIdentifier\\\":5:{s:5:\\\"class\\\";s:15:\\\"App\\\\Models\\\\User\\\";s:2:\\\"id\\\";a:1:{i:0;i:17;}s:9:\\\"relations\\\";a:0:{}s:10:\\\"connection\\\";s:5:\\\"mysql\\\";s:15:\\\"collectionClass\\\";N;}s:12:\\\"notification\\\";O:38:\\\"App\\\\Notifications\\\\TemplateNotification\\\":4:{s:13:\\\"\\u0000*\\u0000identifier\\\";s:34:\\\"merchant_user_notify_shop_approved\\\";s:7:\\\"\\u0000*\\u0000data\\\";a:1:{s:13:\\\"business_name\\\";s:13:\\\"Roary Carroll\\\";}s:9:\\\"\\u0000*\\u0000action\\\";s:35:\\\"https:\\/\\/digikash.test\\/user\\/merchant\\\";s:2:\\\"id\\\";s:36:\\\"fc024bd4-a981-4ef7-8dac-b118c9c33cf6\\\";}s:8:\\\"channels\\\";a:1:{i:0;s:8:\\\"database\\\";}}\"}}', 0, NULL, 1753640497, 1753640497),
(3661, 'default', '{\"uuid\":\"3a8dc101-93d1-469c-ba8f-606081b10397\",\"displayName\":\"App\\\\Notifications\\\\TemplateNotification\",\"job\":\"Illuminate\\\\Queue\\\\CallQueuedHandler@call\",\"maxTries\":null,\"maxExceptions\":null,\"failOnTimeout\":false,\"backoff\":null,\"timeout\":null,\"retryUntil\":null,\"data\":{\"commandName\":\"Illuminate\\\\Notifications\\\\SendQueuedNotifications\",\"command\":\"O:48:\\\"Illuminate\\\\Notifications\\\\SendQueuedNotifications\\\":3:{s:11:\\\"notifiables\\\";O:45:\\\"Illuminate\\\\Contracts\\\\Database\\\\ModelIdentifier\\\":5:{s:5:\\\"class\\\";s:15:\\\"App\\\\Models\\\\User\\\";s:2:\\\"id\\\";a:1:{i:0;i:17;}s:9:\\\"relations\\\";a:0:{}s:10:\\\"connection\\\";s:5:\\\"mysql\\\";s:15:\\\"collectionClass\\\";N;}s:12:\\\"notification\\\";O:38:\\\"App\\\\Notifications\\\\TemplateNotification\\\":4:{s:13:\\\"\\u0000*\\u0000identifier\\\";s:34:\\\"merchant_user_notify_shop_approved\\\";s:7:\\\"\\u0000*\\u0000data\\\";a:1:{s:13:\\\"business_name\\\";s:15:\\\"Xanthus Wiggins\\\";}s:9:\\\"\\u0000*\\u0000action\\\";s:35:\\\"https:\\/\\/digikash.test\\/user\\/merchant\\\";s:2:\\\"id\\\";s:36:\\\"00537748-336e-4c3d-b471-fd2f7d4f5cd5\\\";}s:8:\\\"channels\\\";a:1:{i:0;s:8:\\\"database\\\";}}\"}}', 0, NULL, 1753640529, 1753640529),
(3662, 'default', '{\"uuid\":\"e07788ed-9056-4e28-b767-c757aa8edbf6\",\"displayName\":\"App\\\\Notifications\\\\TemplateNotification\",\"job\":\"Illuminate\\\\Queue\\\\CallQueuedHandler@call\",\"maxTries\":null,\"maxExceptions\":null,\"failOnTimeout\":false,\"backoff\":null,\"timeout\":null,\"retryUntil\":null,\"data\":{\"commandName\":\"Illuminate\\\\Notifications\\\\SendQueuedNotifications\",\"command\":\"O:48:\\\"Illuminate\\\\Notifications\\\\SendQueuedNotifications\\\":3:{s:11:\\\"notifiables\\\";O:45:\\\"Illuminate\\\\Contracts\\\\Database\\\\ModelIdentifier\\\":5:{s:5:\\\"class\\\";s:15:\\\"App\\\\Models\\\\User\\\";s:2:\\\"id\\\";a:1:{i:0;i:17;}s:9:\\\"relations\\\";a:0:{}s:10:\\\"connection\\\";s:5:\\\"mysql\\\";s:15:\\\"collectionClass\\\";N;}s:12:\\\"notification\\\";O:38:\\\"App\\\\Notifications\\\\TemplateNotification\\\":3:{s:13:\\\"\\u0000*\\u0000identifier\\\";s:21:\\\"payment_user_received\\\";s:7:\\\"\\u0000*\\u0000data\\\";a:3:{s:6:\\\"amount\\\";s:7:\\\"194 USD\\\";s:5:\\\"payer\\\";s:5:\\\"Payer\\\";s:3:\\\"trx\\\";s:15:\\\"TXNF9PA3NLZ8QL9\\\";}s:2:\\\"id\\\";s:36:\\\"9b92944e-15da-4b01-8630-21190209b9d9\\\";}s:8:\\\"channels\\\";a:1:{i:0;s:8:\\\"database\\\";}}\"}}', 0, NULL, 1753670959, 1753670959),
(3663, 'default', '{\"uuid\":\"1b183d58-f931-44f5-bf9c-eb8e69b48033\",\"displayName\":\"App\\\\Notifications\\\\TemplateNotification\",\"job\":\"Illuminate\\\\Queue\\\\CallQueuedHandler@call\",\"maxTries\":null,\"maxExceptions\":null,\"failOnTimeout\":false,\"backoff\":null,\"timeout\":null,\"retryUntil\":null,\"data\":{\"commandName\":\"Illuminate\\\\Notifications\\\\SendQueuedNotifications\",\"command\":\"O:48:\\\"Illuminate\\\\Notifications\\\\SendQueuedNotifications\\\":3:{s:11:\\\"notifiables\\\";O:45:\\\"Illuminate\\\\Contracts\\\\Database\\\\ModelIdentifier\\\":5:{s:5:\\\"class\\\";s:15:\\\"App\\\\Models\\\\User\\\";s:2:\\\"id\\\";a:1:{i:0;i:17;}s:9:\\\"relations\\\";a:1:{i:0;s:4:\\\"rank\\\";}s:10:\\\"connection\\\";s:5:\\\"mysql\\\";s:15:\\\"collectionClass\\\";N;}s:12:\\\"notification\\\";O:38:\\\"App\\\\Notifications\\\\TemplateNotification\\\":4:{s:13:\\\"\\u0000*\\u0000identifier\\\";s:18:\\\"reward_user_system\\\";s:7:\\\"\\u0000*\\u0000data\\\";a:2:{s:6:\\\"amount\\\";s:5:\\\"2 USD\\\";s:13:\\\"reward_reason\\\";s:49:\\\"You have reached a new rank and received a reward\\\";}s:9:\\\"\\u0000*\\u0000action\\\";s:44:\\\"https:\\/\\/digikash.test\\/user\\/transaction\\/index\\\";s:2:\\\"id\\\";s:36:\\\"e79683be-75b8-48fe-bdff-ccd58d619c63\\\";}s:8:\\\"channels\\\";a:1:{i:0;s:8:\\\"database\\\";}}\"}}', 0, NULL, 1753670960, 1753670960),
(3664, 'default', '{\"uuid\":\"ec173ede-79b9-4bb8-95fb-21c25811a572\",\"displayName\":\"App\\\\Notifications\\\\TemplateNotification\",\"job\":\"Illuminate\\\\Queue\\\\CallQueuedHandler@call\",\"maxTries\":null,\"maxExceptions\":null,\"failOnTimeout\":false,\"backoff\":null,\"timeout\":null,\"retryUntil\":null,\"data\":{\"commandName\":\"Illuminate\\\\Notifications\\\\SendQueuedNotifications\",\"command\":\"O:48:\\\"Illuminate\\\\Notifications\\\\SendQueuedNotifications\\\":3:{s:11:\\\"notifiables\\\";O:45:\\\"Illuminate\\\\Contracts\\\\Database\\\\ModelIdentifier\\\":5:{s:5:\\\"class\\\";s:15:\\\"App\\\\Models\\\\User\\\";s:2:\\\"id\\\";a:1:{i:0;i:17;}s:9:\\\"relations\\\";a:0:{}s:10:\\\"connection\\\";s:5:\\\"mysql\\\";s:15:\\\"collectionClass\\\";N;}s:12:\\\"notification\\\";O:38:\\\"App\\\\Notifications\\\\TemplateNotification\\\":3:{s:13:\\\"\\u0000*\\u0000identifier\\\";s:21:\\\"payment_user_received\\\";s:7:\\\"\\u0000*\\u0000data\\\";a:3:{s:6:\\\"amount\\\";s:7:\\\"194 USD\\\";s:5:\\\"payer\\\";s:5:\\\"Payer\\\";s:3:\\\"trx\\\";s:15:\\\"TXNDM20ZAFU1B8J\\\";}s:2:\\\"id\\\";s:36:\\\"b642b202-78f7-4827-a1b4-9eb349910428\\\";}s:8:\\\"channels\\\";a:1:{i:0;s:8:\\\"database\\\";}}\"}}', 0, NULL, 1753712264, 1753712264),
(3665, 'default', '{\"uuid\":\"770d5365-c5ec-4cc7-8972-d46c477d3530\",\"displayName\":\"App\\\\Notifications\\\\TemplateNotification\",\"job\":\"Illuminate\\\\Queue\\\\CallQueuedHandler@call\",\"maxTries\":null,\"maxExceptions\":null,\"failOnTimeout\":false,\"backoff\":null,\"timeout\":null,\"retryUntil\":null,\"data\":{\"commandName\":\"Illuminate\\\\Notifications\\\\SendQueuedNotifications\",\"command\":\"O:48:\\\"Illuminate\\\\Notifications\\\\SendQueuedNotifications\\\":3:{s:11:\\\"notifiables\\\";O:45:\\\"Illuminate\\\\Contracts\\\\Database\\\\ModelIdentifier\\\":5:{s:5:\\\"class\\\";s:15:\\\"App\\\\Models\\\\User\\\";s:2:\\\"id\\\";a:1:{i:0;i:17;}s:9:\\\"relations\\\";a:0:{}s:10:\\\"connection\\\";s:5:\\\"mysql\\\";s:15:\\\"collectionClass\\\";N;}s:12:\\\"notification\\\";O:38:\\\"App\\\\Notifications\\\\TemplateNotification\\\":3:{s:13:\\\"\\u0000*\\u0000identifier\\\";s:21:\\\"payment_user_received\\\";s:7:\\\"\\u0000*\\u0000data\\\";a:3:{s:6:\\\"amount\\\";s:7:\\\"194 USD\\\";s:5:\\\"payer\\\";s:5:\\\"Payer\\\";s:3:\\\"trx\\\";s:15:\\\"TXNSC4LLHGE8UOC\\\";}s:2:\\\"id\\\";s:36:\\\"cfc505d4-c3e4-4fe1-8054-bc32e8e6239e\\\";}s:8:\\\"channels\\\";a:1:{i:0;s:8:\\\"database\\\";}}\"}}', 0, NULL, 1753712310, 1753712310),
(3666, 'default', '{\"uuid\":\"dc4e1d76-237d-4ede-9988-ea19f1753d32\",\"displayName\":\"App\\\\Notifications\\\\TemplateNotification\",\"job\":\"Illuminate\\\\Queue\\\\CallQueuedHandler@call\",\"maxTries\":null,\"maxExceptions\":null,\"failOnTimeout\":false,\"backoff\":null,\"timeout\":null,\"retryUntil\":null,\"data\":{\"commandName\":\"Illuminate\\\\Notifications\\\\SendQueuedNotifications\",\"command\":\"O:48:\\\"Illuminate\\\\Notifications\\\\SendQueuedNotifications\\\":3:{s:11:\\\"notifiables\\\";O:45:\\\"Illuminate\\\\Contracts\\\\Database\\\\ModelIdentifier\\\":5:{s:5:\\\"class\\\";s:15:\\\"App\\\\Models\\\\User\\\";s:2:\\\"id\\\";a:1:{i:0;i:17;}s:9:\\\"relations\\\";a:0:{}s:10:\\\"connection\\\";s:5:\\\"mysql\\\";s:15:\\\"collectionClass\\\";N;}s:12:\\\"notification\\\";O:38:\\\"App\\\\Notifications\\\\TemplateNotification\\\":3:{s:13:\\\"\\u0000*\\u0000identifier\\\";s:21:\\\"payment_user_received\\\";s:7:\\\"\\u0000*\\u0000data\\\";a:3:{s:6:\\\"amount\\\";s:7:\\\"194 USD\\\";s:5:\\\"payer\\\";s:5:\\\"Payer\\\";s:3:\\\"trx\\\";s:15:\\\"TXNLHGKXCCNVHI1\\\";}s:2:\\\"id\\\";s:36:\\\"0790f93e-5e3c-4cae-830b-8c943a5da2b6\\\";}s:8:\\\"channels\\\";a:1:{i:0;s:8:\\\"database\\\";}}\"}}', 0, NULL, 1753712336, 1753712336),
(3667, 'default', '{\"uuid\":\"0d939b35-2436-4456-97f3-70ea4f8a5154\",\"displayName\":\"App\\\\Notifications\\\\TemplateNotification\",\"job\":\"Illuminate\\\\Queue\\\\CallQueuedHandler@call\",\"maxTries\":null,\"maxExceptions\":null,\"failOnTimeout\":false,\"backoff\":null,\"timeout\":null,\"retryUntil\":null,\"data\":{\"commandName\":\"Illuminate\\\\Notifications\\\\SendQueuedNotifications\",\"command\":\"O:48:\\\"Illuminate\\\\Notifications\\\\SendQueuedNotifications\\\":3:{s:11:\\\"notifiables\\\";O:45:\\\"Illuminate\\\\Contracts\\\\Database\\\\ModelIdentifier\\\":5:{s:5:\\\"class\\\";s:15:\\\"App\\\\Models\\\\User\\\";s:2:\\\"id\\\";a:1:{i:0;i:17;}s:9:\\\"relations\\\";a:0:{}s:10:\\\"connection\\\";s:5:\\\"mysql\\\";s:15:\\\"collectionClass\\\";N;}s:12:\\\"notification\\\";O:38:\\\"App\\\\Notifications\\\\TemplateNotification\\\":3:{s:13:\\\"\\u0000*\\u0000identifier\\\";s:21:\\\"payment_user_received\\\";s:7:\\\"\\u0000*\\u0000data\\\";a:3:{s:6:\\\"amount\\\";s:8:\\\"19.4 USD\\\";s:5:\\\"payer\\\";s:5:\\\"Payer\\\";s:3:\\\"trx\\\";s:15:\\\"TXNYAYEG7TX3ZML\\\";}s:2:\\\"id\\\";s:36:\\\"82bda911-0891-4392-9c26-7f116855c7e9\\\";}s:8:\\\"channels\\\";a:1:{i:0;s:8:\\\"database\\\";}}\"}}', 0, NULL, 1753758018, 1753758018);

-- --------------------------------------------------------

--
-- Table structure for table `job_batches`
--

CREATE TABLE `job_batches` (
  `id` varchar(255) CHARACTER SET utf8mb4 COLLATE utf8mb4_unicode_ci NOT NULL,
  `name` varchar(255) CHARACTER SET utf8mb4 COLLATE utf8mb4_unicode_ci NOT NULL,
  `total_jobs` int NOT NULL,
  `pending_jobs` int NOT NULL,
  `failed_jobs` int NOT NULL,
  `failed_job_ids` longtext CHARACTER SET utf8mb4 COLLATE utf8mb4_unicode_ci NOT NULL,
  `options` mediumtext CHARACTER SET utf8mb4 COLLATE utf8mb4_unicode_ci,
  `cancelled_at` int DEFAULT NULL,
  `created_at` int NOT NULL,
  `finished_at` int DEFAULT NULL
) ENGINE=InnoDB DEFAULT CHARSET=utf8mb4 COLLATE=utf8mb4_unicode_ci;

-- --------------------------------------------------------

--
-- Table structure for table `kyc_submissions`
--

CREATE TABLE `kyc_submissions` (
  `id` bigint UNSIGNED NOT NULL,
  `kyc_template_id` bigint UNSIGNED NOT NULL,
  `user_id` bigint UNSIGNED NOT NULL,
  `submission_data` json DEFAULT NULL,
  `status` int NOT NULL DEFAULT '0',
  `notes` text CHARACTER SET utf8mb4 COLLATE utf8mb4_unicode_ci,
  `created_at` timestamp NULL DEFAULT NULL,
  `updated_at` timestamp NULL DEFAULT NULL
) ENGINE=InnoDB DEFAULT CHARSET=utf8mb4 COLLATE=utf8mb4_unicode_ci;

-- --------------------------------------------------------

--
-- Table structure for table `kyc_templates`
--

CREATE TABLE `kyc_templates` (
  `id` bigint UNSIGNED NOT NULL,
  `title` varchar(255) CHARACTER SET utf8mb4 COLLATE utf8mb4_unicode_ci NOT NULL,
  `description` varchar(255) CHARACTER SET utf8mb4 COLLATE utf8mb4_unicode_ci DEFAULT NULL,
  `fields` json NOT NULL,
  `applicable_to` json NOT NULL,
  `status` tinyint(1) NOT NULL DEFAULT '1',
  `created_at` timestamp NULL DEFAULT NULL,
  `updated_at` timestamp NULL DEFAULT NULL
) ENGINE=InnoDB DEFAULT CHARSET=utf8mb4 COLLATE=utf8mb4_unicode_ci;

--
-- Dumping data for table `kyc_templates`
--

INSERT INTO `kyc_templates` (`id`, `title`, `description`, `fields`, `applicable_to`, `status`, `created_at`, `updated_at`) VALUES
(1, 'Passport Verify', 'Verify identity using a valid passport by uploading a clear copy of the photo and details page.', '[{\"type\": \"text\", \"label\": \"Full Name\", \"required\": \"true\"}, {\"type\": \"text\", \"label\": \"Phone Number\", \"required\": \"true\"}, {\"type\": \"file\", \"label\": \"Passport Copy\", \"required\": \"true\"}]', '[\"user\", \"merchant\"]', 1, '2025-02-22 20:46:34', '2025-04-22 00:45:04'),
(2, 'NID Verify', 'Verify identity using a National ID by uploading a clear front and back copy', '[{\"type\": \"text\", \"label\": \"NID Number\", \"required\": \"true\"}, {\"type\": \"file\", \"label\": \"NID Front Image\", \"required\": \"true\"}, {\"type\": \"file\", \"label\": \"NID Back Image\", \"required\": \"true\"}]', '[\"user\"]', 1, '2025-02-23 02:18:10', '2025-05-12 14:36:36');

-- --------------------------------------------------------

--
-- Table structure for table `languages`
--

CREATE TABLE `languages` (
  `id` bigint UNSIGNED NOT NULL,
  `flag` varchar(255) CHARACTER SET utf8mb4 COLLATE utf8mb4_unicode_ci NOT NULL,
  `name` varchar(255) CHARACTER SET utf8mb4 COLLATE utf8mb4_unicode_ci NOT NULL,
  `code` varchar(255) CHARACTER SET utf8mb4 COLLATE utf8mb4_unicode_ci NOT NULL,
  `is_default` tinyint(1) NOT NULL DEFAULT '0',
  `is_rtl` tinyint(1) NOT NULL DEFAULT '0',
  `status` tinyint(1) NOT NULL DEFAULT '1',
  `created_at` timestamp NULL DEFAULT NULL,
  `updated_at` timestamp NULL DEFAULT NULL
) ENGINE=InnoDB DEFAULT CHARSET=utf8mb4 COLLATE=utf8mb4_unicode_ci;

--
-- Dumping data for table `languages`
--

INSERT INTO `languages` (`id`, `flag`, `name`, `code`, `is_default`, `is_rtl`, `status`, `created_at`, `updated_at`) VALUES
(1, 'images/2025-02-27_15-27-02_united_states_ytAv.png', 'English', 'en', 1, 0, 1, '2024-07-11 02:24:52', '2025-06-28 08:17:51'),
(20, 'images/2025-03-21_16-49-25_spain_TehZ.png', 'Spain', 'es', 0, 0, 1, '2025-03-21 10:49:25', '2025-06-28 08:17:51');

-- --------------------------------------------------------

--
-- Table structure for table `login_activities`
--

CREATE TABLE `login_activities` (
  `id` bigint UNSIGNED NOT NULL,
  `user_id` bigint UNSIGNED DEFAULT NULL,
  `ip_address` varchar(45) CHARACTER SET utf8mb4 COLLATE utf8mb4_unicode_ci NOT NULL,
  `country` varchar(196) CHARACTER SET utf8mb4 COLLATE utf8mb4_unicode_ci DEFAULT NULL,
  `platform` varchar(196) CHARACTER SET utf8mb4 COLLATE utf8mb4_unicode_ci DEFAULT NULL,
  `device` varchar(255) CHARACTER SET utf8mb4 COLLATE utf8mb4_unicode_ci DEFAULT NULL,
  `browser` varchar(255) CHARACTER SET utf8mb4 COLLATE utf8mb4_unicode_ci DEFAULT NULL,
  `user_agent` text CHARACTER SET utf8mb4 COLLATE utf8mb4_unicode_ci,
  `login_at` timestamp NOT NULL DEFAULT CURRENT_TIMESTAMP,
  `created_at` timestamp NULL DEFAULT NULL,
  `updated_at` timestamp NULL DEFAULT NULL
) ENGINE=InnoDB DEFAULT CHARSET=utf8mb4 COLLATE=utf8mb4_unicode_ci;

-- --------------------------------------------------------

--
-- Table structure for table `messages`
--

CREATE TABLE `messages` (
  `id` bigint UNSIGNED NOT NULL,
  `admin_id` bigint UNSIGNED DEFAULT NULL,
  `ticket_id` bigint UNSIGNED NOT NULL,
  `message` varchar(255) CHARACTER SET utf8mb4 COLLATE utf8mb4_unicode_ci NOT NULL,
  `attachment` varchar(255) CHARACTER SET utf8mb4 COLLATE utf8mb4_unicode_ci DEFAULT NULL,
  `created_at` timestamp NULL DEFAULT NULL,
  `updated_at` timestamp NULL DEFAULT NULL
) ENGINE=InnoDB DEFAULT CHARSET=utf8mb4 COLLATE=utf8mb4_unicode_ci;

-- --------------------------------------------------------

--
-- Table structure for table `migrations`
--

CREATE TABLE `migrations` (
  `id` int UNSIGNED NOT NULL,
  `migration` varchar(255) CHARACTER SET utf8mb4 COLLATE utf8mb4_unicode_ci NOT NULL,
  `batch` int NOT NULL
) ENGINE=InnoDB DEFAULT CHARSET=utf8mb4 COLLATE=utf8mb4_unicode_ci;

--
-- Dumping data for table `migrations`
--

INSERT INTO `migrations` (`id`, `migration`, `batch`) VALUES
(2, '0001_01_01_000001_create_cache_table', 1),
(3, '0001_01_01_000002_create_jobs_table', 1),
(4, '2024_07_05_014145_create_admins_table', 1),
(5, '2024_07_05_120640_create_settings_table', 1),
(6, '2024_07_06_093402_create_plugins_table', 1),
(7, '2024_07_08_060826_create_permission_tables', 1),
(8, '2024_07_08_124553_create_staff_table', 1),
(9, '2018_08_29_200844_create_languages_table', 2),
(10, '2018_08_29_205156_create_translations_table', 2),
(11, '2024_07_11_042348_create_languages_table', 3),
(12, '0001_01_01_000000_create_users_table', 4),
(13, '2024_08_11_083809_create_payment_gateways_table', 5),
(14, '2024_08_11_090520_create_deposit_methods_table', 5),
(16, '2024_10_27_042832_create_currencies_table', 6),
(17, '2024_11_12_040813_create_wallets_table', 7),
(20, '2024_11_16_150322_create_transactions_table', 8),
(21, '2024_12_04_031019_create_currency_roles_table', 8),
(23, '2024_12_23_060751_create_vouchers_table', 9),
(26, '2024_12_27_141240_create_withdraw_methods_table', 10),
(27, '2024_12_27_141326_create_withdraw_schedules_table', 10),
(28, '2024_12_29_164640_create_withdraw_accounts_table', 11),
(29, '2025_01_07_150435_create_referrals_table', 12),
(30, '2025_01_08_002400_create_rewards_table', 12),
(31, '2025_01_21_032753_create_support_categories_table', 13),
(34, '2025_01_21_033403_create_messages_table', 15),
(35, '2025_01_21_033417_create_tickets_table', 16),
(38, '2025_01_25_033412_create_user_ranks_table', 17),
(42, '2025_01_31_161024_create_merchants_table', 18),
(43, '2025_02_06_072549_create_personal_access_tokens_table', 19),
(45, '2024_09_12_080045_create_notifications_table', 20),
(50, '2025_02_20_090013_create_kyc_templates_table', 21),
(51, '2025_02_20_141033_create_kyc_submissions_table', 21),
(52, '2025_03_10_134122_create_login_activities_table', 22),
(53, '2025_03_10_150952_create_i_p_blocks_table', 23),
(55, '2025_03_12_162814_create_user_features_table', 24),
(59, '2025_03_18_170040_create_pages_table', 25),
(60, '2025_03_18_170126_create_page_components_table', 25),
(61, '2025_03_18_170201_create_page_component_contents_table', 25),
(62, '2025_03_27_193454_create_navigations_table', 26),
(63, '2025_04_01_042811_create_footer_sections_table', 27),
(65, '2025_04_01_042834_create_footer_items_table', 28),
(66, '2025_04_04_173541_create_socials_table', 29),
(67, '2025_04_05_070247_create_blog_categories_table', 30),
(68, '2025_04_05_070334_create_blogs_table', 30),
(69, '2025_04_06_121632_create_site_seos_table', 31),
(70, '2025_04_14_104122_create_subscribers_table', 32),
(73, '2025_04_24_011128_create_notification_templates_table', 33),
(74, '2025_04_24_011503_create_notification_template_channels_table', 33),
(75, '2025_05_08_155310_create_custom_codes_table', 34),
(76, '2025_06_08_044546_add_token_and_expires_at_to_transactions_table', 35),
(82, '2025_06_09_161907_create_virtual_card_requests_table', 36),
(103, '0002_01_01_000000_add_state_and_postal_code_to_users_table', 37),
(104, '2025_06_08_044546_create_virtual_card_providers_table', 37),
(105, '2025_06_10_015927_create_virtual_cards_table', 37),
(106, '2025_06_17_125731_create_personal_access_tokens_table', 37),
(107, '2025_06_21_142932_create_virtual_card_fee_settings_table', 37),
(108, '2025_06_21_180221_create_cardholders_table', 37),
(109, '2025_06_21_185311_create_businesses_table', 37),
(110, '2025_07_02_153950_add_cardholder_id_to_virtual_card_requests_table', 36),
(111, '2025_07_14_041924_create_custom_landings_table', 38),
(112, '2025_07_20_044207_add_user_merchant_charges_to_withdraw_methods_table', 39),
(113, '2025_07_20_053613_add_user_merchant_charges_to_deposit_methods_table', 40),
(114, '2025_07_21_085832_add_business_fields_to_users_table', 41),
(115, '2025_07_21_125506_create_referral_contents_table', 42),
(116, '2025_07_27_210000_add_test_credentials_to_merchants_table', 43),
(117, '2025_07_27_213500_refactor_merchant_webhooks_and_environment', 44);

-- --------------------------------------------------------

--
-- Table structure for table `model_has_permissions`
--

CREATE TABLE `model_has_permissions` (
  `permission_id` bigint UNSIGNED NOT NULL,
  `model_type` varchar(255) CHARACTER SET utf8mb4 COLLATE utf8mb4_unicode_ci NOT NULL,
  `model_id` bigint UNSIGNED NOT NULL
) ENGINE=InnoDB DEFAULT CHARSET=utf8mb4 COLLATE=utf8mb4_unicode_ci;

-- --------------------------------------------------------

--
-- Table structure for table `model_has_roles`
--

CREATE TABLE `model_has_roles` (
  `role_id` bigint UNSIGNED NOT NULL,
  `model_type` varchar(255) CHARACTER SET utf8mb4 COLLATE utf8mb4_unicode_ci NOT NULL,
  `model_id` bigint UNSIGNED NOT NULL
) ENGINE=InnoDB DEFAULT CHARSET=utf8mb4 COLLATE=utf8mb4_unicode_ci;

--
-- Dumping data for table `model_has_roles`
--

INSERT INTO `model_has_roles` (`role_id`, `model_type`, `model_id`) VALUES
(1, 'App\\Models\\Admin', 1),
(3, 'App\\Models\\Admin', 3);

-- --------------------------------------------------------

--
-- Table structure for table `navigations`
--

CREATE TABLE `navigations` (
  `id` bigint UNSIGNED NOT NULL,
  `name` json NOT NULL,
  `slug` varchar(255) CHARACTER SET utf8mb4 COLLATE utf8mb4_unicode_ci DEFAULT NULL,
  `page_id` bigint UNSIGNED DEFAULT NULL,
  `order` int UNSIGNED NOT NULL DEFAULT '0',
  `target` enum('_self','_blank') CHARACTER SET utf8mb4 COLLATE utf8mb4_unicode_ci NOT NULL DEFAULT '_self',
  `is_active` tinyint(1) NOT NULL DEFAULT '1',
  `created_at` timestamp NULL DEFAULT NULL,
  `updated_at` timestamp NULL DEFAULT NULL
) ENGINE=InnoDB DEFAULT CHARSET=utf8mb4 COLLATE=utf8mb4_unicode_ci;

--
-- Dumping data for table `navigations`
--

INSERT INTO `navigations` (`id`, `name`, `slug`, `page_id`, `order`, `target`, `is_active`, `created_at`, `updated_at`) VALUES
(15, '{\"en\": \"Home\", \"es\": \"Hogar\"}', '/', 1, 1, '_self', 1, '2025-04-08 04:09:07', '2025-05-04 01:25:04'),
(16, '{\"en\": \"About\", \"es\": \"Acerca de\"}', 'about', 4, 2, '_self', 1, '2025-04-08 04:10:10', '2025-05-04 01:25:04'),
(17, '{\"en\": \"Privacy\", \"es\": \"Privacidad\"}', 'privacy', 5, 3, '_self', 1, '2025-04-08 04:10:31', '2025-05-25 02:28:25'),
(19, '{\"en\": \"Blog\", \"es\": \"Blog\"}', 'blog', 2, 4, '_self', 1, '2025-04-12 04:32:14', '2025-04-12 04:32:14');

-- --------------------------------------------------------

--
-- Table structure for table `notifications`
--

CREATE TABLE `notifications` (
  `id` char(36) CHARACTER SET utf8mb4 COLLATE utf8mb4_unicode_ci NOT NULL,
  `type` varchar(255) CHARACTER SET utf8mb4 COLLATE utf8mb4_unicode_ci NOT NULL,
  `notifiable_type` varchar(255) CHARACTER SET utf8mb4 COLLATE utf8mb4_unicode_ci NOT NULL,
  `notifiable_id` bigint UNSIGNED NOT NULL,
  `data` text CHARACTER SET utf8mb4 COLLATE utf8mb4_unicode_ci NOT NULL,
  `read_at` timestamp NULL DEFAULT NULL,
  `created_at` timestamp NULL DEFAULT NULL,
  `updated_at` timestamp NULL DEFAULT NULL
) ENGINE=InnoDB DEFAULT CHARSET=utf8mb4 COLLATE=utf8mb4_unicode_ci;

-- --------------------------------------------------------

--
-- Table structure for table `notification_templates`
--

CREATE TABLE `notification_templates` (
  `id` bigint UNSIGNED NOT NULL,
  `identifier` varchar(255) CHARACTER SET utf8mb4 COLLATE utf8mb4_unicode_ci NOT NULL,
  `user_type` varchar(255) CHARACTER SET utf8mb4 COLLATE utf8mb4_unicode_ci NOT NULL,
  `action_type` varchar(40) CHARACTER SET utf8mb4 COLLATE utf8mb4_unicode_ci DEFAULT NULL,
  `name` varchar(255) CHARACTER SET utf8mb4 COLLATE utf8mb4_unicode_ci NOT NULL,
  `icon` varchar(255) CHARACTER SET utf8mb4 COLLATE utf8mb4_unicode_ci DEFAULT NULL,
  `info` varchar(255) CHARACTER SET utf8mb4 COLLATE utf8mb4_unicode_ci DEFAULT NULL,
  `variables` json DEFAULT NULL,
  `created_at` timestamp NULL DEFAULT NULL,
  `updated_at` timestamp NULL DEFAULT NULL
) ENGINE=InnoDB DEFAULT CHARSET=utf8mb4 COLLATE=utf8mb4_unicode_ci;

--
-- Dumping data for table `notification_templates`
--

INSERT INTO `notification_templates` (`id`, `identifier`, `user_type`, `action_type`, `name`, `icon`, `info`, `variables`, `created_at`, `updated_at`) VALUES
(1, 'kyc_admin_notify_submission', 'admin', 'requested', 'KYC Verification Requested', 'kyc-alert', 'Admin alert when a user submits a KYC verification request.', '[\"user\", \"kyc_type\"]', '2025-05-20 05:14:36', '2025-05-20 05:14:36'),
(2, 'kyc_user_notify_approved', 'user', 'approved', 'KYC Approved', 'kyc-approved', 'Notifies user when their KYC is approved by admin.', '[\"kyc_type\"]', '2025-05-20 05:14:36', '2025-05-20 05:14:36'),
(3, 'kyc_user_notify_rejected', 'user', 'rejected', 'KYC Rejected', 'kyc-rejected', 'Notifies user when their KYC verification is rejected by admin.', '[\"kyc_type\", \"rejection_reason\"]', '2025-05-20 05:14:36', '2025-05-20 05:14:36'),
(4, 'deposit_user_auto_success', 'user', 'completed', 'Automatic Deposit Completed', 'deposit-auto', 'Triggered after user completes auto deposit using gateway.', '[\"amount\", \"method\", \"trx\"]', '2025-05-20 05:14:36', '2025-05-20 05:14:36'),
(5, 'deposit_admin_auto_processed', 'admin', 'logged', 'Auto Deposit Logged', 'deposit-log', 'Admin log for user deposit made automatically via gateway.', '[\"user\", \"amount\", \"method\", \"trx\"]', '2025-05-20 05:14:36', '2025-05-20 05:14:36'),
(6, 'deposit_user_submitted', 'user', 'requested', 'Manual Deposit Submitted', 'deposit-request', 'Triggered when user submits a manual deposit request.', '[\"amount\", \"method\", \"trx\"]', '2025-05-20 05:14:36', '2025-05-20 05:14:36'),
(7, 'deposit_admin_notify_submission', 'admin', 'requested', 'Manual Deposit Requested', 'deposit-alert', 'Admin alert when user submits manual deposit.', '[\"user\", \"amount\", \"method\", \"trx\"]', '2025-05-20 05:14:36', '2025-05-20 05:14:36'),
(8, 'deposit_user_approved', 'user', 'completed', 'Deposit Approval Notification', 'deposit-success', 'Sent to user after admin approves manual deposit.', '[\"amount\", \"method\"]', '2025-05-20 05:14:36', '2025-05-20 05:14:36'),
(9, 'deposit_user_rejected', 'user', 'rejected', 'Deposit Rejected Notification', 'deposit-failed', 'Sent when admin rejects user deposit request.', '[\"amount\", \"method\", \"reason\"]', '2025-05-20 05:14:36', '2025-05-20 05:14:36'),
(10, 'send_money_user_sent', 'user', 'completed', 'Money Transfer Confirmation', 'send-money', 'Notify user after sending money successfully.', '[\"amount\", \"recipient\", \"trx\"]', '2025-05-20 05:14:36', '2025-05-20 05:14:36'),
(11, 'send_money_user_received', 'user', 'completed', 'Money Received Notification', 'receive-money', 'Notify user when they receive money from another wallet.', '[\"amount\", \"sender\", \"trx\"]', '2025-05-20 05:14:36', '2025-05-20 05:14:36'),
(12, 'request_money_user_requested', 'user', 'requested', 'Money Request Submitted', 'request-money', 'Notify requestor when they send a money request.', '[\"amount\", \"recipient\", \"trx\"]', '2025-05-20 05:14:36', '2025-05-20 05:14:36'),
(13, 'request_money_user_received', 'user', 'requested', 'Money Request Received', 'request-received', 'Notify user of incoming money request.', '[\"amount\", \"sender\", \"trx\"]', '2025-05-20 05:14:36', '2025-05-20 05:14:36'),
(14, 'request_money_user_approved', 'user', 'completed', 'Money Request Approved', 'request-approved', 'Notify requestor when their money request is approved by the recipient.', '[\"amount\", \"receiver\", \"trx\"]', '2025-05-20 05:14:37', '2025-05-20 05:14:37'),
(15, 'request_money_user_rejected', 'user', 'rejected', 'Money Request Rejected', 'request-rejected', 'Notify requestor when their money request is rejected by the recipient.', '[\"amount\", \"receiver\", \"trx\"]', '2025-05-20 05:14:37', '2025-05-20 05:14:37'),
(16, 'exchange_money_user_exchanged', 'user', 'completed', 'Currency Exchange Completed', 'exchange-money', 'Notify user after successful currency exchange.', '[\"from_amount\", \"from_currency\", \"to_amount\", \"to_currency\", \"trx\"]', '2025-05-20 05:14:37', '2025-05-20 05:14:37'),
(17, 'voucher_user_redeemed', 'user', 'completed', 'Voucher Redemption Confirmed', 'voucher', 'Notify user after redeeming voucher successfully.', '[\"amount\", \"voucher_code\", \"trx\"]', '2025-05-20 05:14:37', '2025-05-20 05:14:37'),
(18, 'payment_user_made', 'user', 'completed', 'Wallet Payment Completed', 'wallet-payment', 'Notify user when they pay via wallet.', '[\"amount\", \"merchant\", \"trx\"]', '2025-05-20 05:14:37', '2025-05-20 05:14:37'),
(19, 'payment_user_received', 'user', 'completed', 'Payment Received from User', 'wallet-receive', 'Notify receiver when wallet payment is received.', '[\"amount\", \"trx\"]', '2025-05-20 05:14:37', '2025-05-20 05:14:37'),
(20, 'admin_balance_added', 'user', 'completed', 'Balance Added by Admin', 'balance-add', 'Notify user when admin adds wallet balance.', '[\"amount\", \"admin\", \"trx\"]', '2025-05-20 05:14:37', '2025-05-20 05:14:37'),
(21, 'admin_balance_subtracted', 'user', 'completed', 'Balance Deducted by Admin', 'balance-subtract', 'Notify user when admin deducts wallet balance.', '[\"amount\", \"admin\", \"trx\"]', '2025-05-20 05:14:37', '2025-05-20 05:14:37'),
(22, 'withdraw_admin_manual_submitted', 'admin', 'requested', 'Manual Withdraw Requested', 'withdraw-alert', 'Notify admin when user requests withdrawal.', '[\"user\", \"amount\", \"method\", \"trx\"]', '2025-05-20 05:14:37', '2025-05-20 05:14:37'),
(23, 'withdraw_admin_auto_processed', 'admin', 'logged', 'Auto Withdraw Processed', 'withdraw-log', 'Notify admin when auto withdrawal completes.', '[\"user\", \"amount\", \"method\", \"trx\"]', '2025-05-20 05:14:37', '2025-05-20 05:14:37'),
(24, 'withdraw_user_requested', 'user', 'requested', 'Withdraw Request Submitted', 'withdraw-request', 'Notify user after submitting withdrawal request.', '[\"amount\", \"method\", \"trx\"]', '2025-05-20 05:14:37', '2025-05-20 05:14:37'),
(25, 'withdraw_user_approved', 'user', 'completed', 'Withdraw Approved', 'withdraw-success', 'Notify user when admin approves withdrawal.', '[\"amount\", \"method\"]', '2025-05-20 05:14:37', '2025-05-20 05:14:37'),
(26, 'withdraw_user_rejected', 'user', 'rejected', 'Withdraw Rejected', 'withdraw-failed', 'Notify user if withdrawal is rejected.', '[\"amount\", \"method\", \"reason\"]', '2025-05-20 05:14:37', '2025-05-20 05:14:37'),
(27, 'reward_user_referral', 'user', 'completed', 'Referral Reward Earned', 'reward-referral', 'Notify user when they earn referral reward.', '[\"amount\", \"referred_user\"]', '2025-05-20 05:14:37', '2025-05-20 05:14:37'),
(28, 'reward_user_system', 'user', 'completed', 'Achievement Reward Granted', 'reward-achievement', 'Notify user when system reward is granted.', '[\"amount\"]', '2025-05-20 05:14:37', '2025-05-20 05:14:37'),
(29, 'support_user_created', 'admin', 'created', 'Support Ticket Created', 'support-open', 'Notify admin when a user opens support ticket.', '[\"user\", \"ticket_number\", \"subject\"]', '2025-05-20 05:14:37', '2025-05-20 05:14:37'),
(30, 'support_admin_replied', 'user', 'completed', 'Support Reply Notification', 'support-reply-admin', 'Notify user when admin replies to ticket.', '[\"ticket_number\", \"subject\"]', '2025-05-20 05:14:37', '2025-05-20 05:14:37'),
(31, 'support_user_replied', 'admin', 'completed', 'Support Ticket Reply from User', 'support-reply', 'Notify admin when a user replies to a support ticket.', '[\"user\", \"ticket_number\", \"subject\"]', '2025-05-20 05:14:37', '2025-05-20 05:14:37'),
(32, 'support_user_closed', 'user', 'completed', 'Support Ticket Closed', 'support-closed', 'Notify user when ticket is closed.', '[\"ticket_number\"]', '2025-05-20 05:14:37', '2025-05-20 05:14:37'),
(33, 'merchant_admin_notify_shop_request', 'admin', 'requested', 'Merchant Shop Request', 'merchant-alert', 'Admin alert when a merchant submits a new shop/business for approval.', '[\"user\", \"business_name\", \"business_email\", \"site_url\"]', '2025-05-20 05:14:37', '2025-05-20 05:14:37'),
(34, 'merchant_user_notify_shop_approved', 'user', 'approved', 'Merchant Shop Approved', 'merchant-approved', 'Notifies merchant when their shop is approved by admin.', '[\"business_name\"]', '2025-05-20 05:14:37', '2025-05-20 05:14:37'),
(35, 'merchant_user_notify_shop_rejected', 'user', 'rejected', 'Merchant Shop Rejected', 'merchant-rejected', 'Notifies merchant when their shop is rejected by admin.', '[\"business_name\", \"rejection_reason\"]', '2025-05-20 05:14:37', '2025-05-20 05:14:37'),
(36, 'virtual_card_user_approved', 'user', 'approved', 'Virtual Card Approved', 'card-approved', 'User is notified when their virtual card request is approved.', '[\"card_network\", \"last4\", \"wallet\", \"fee\"]', '2025-06-16 21:55:47', '2025-06-16 21:55:47'),
(37, 'virtual_card_admin_notify_request', 'admin', 'requested', 'Virtual Card Request Submission', 'card-request', 'Admin is alerted when a user submits a new virtual card request.', '[\"user\", \"network\", \"wallet\"]', '2025-06-16 21:55:47', '2025-06-16 21:55:47');

-- --------------------------------------------------------

--
-- Table structure for table `notification_template_channels`
--

CREATE TABLE `notification_template_channels` (
  `id` bigint UNSIGNED NOT NULL,
  `template_id` bigint UNSIGNED NOT NULL,
  `channel` varchar(255) CHARACTER SET utf8mb4 COLLATE utf8mb4_unicode_ci NOT NULL,
  `title` varchar(255) CHARACTER SET utf8mb4 COLLATE utf8mb4_unicode_ci DEFAULT NULL,
  `message` text CHARACTER SET utf8mb4 COLLATE utf8mb4_unicode_ci NOT NULL,
  `is_active` tinyint(1) NOT NULL DEFAULT '1',
  `created_at` timestamp NULL DEFAULT NULL,
  `updated_at` timestamp NULL DEFAULT NULL
) ENGINE=InnoDB DEFAULT CHARSET=utf8mb4 COLLATE=utf8mb4_unicode_ci;

--
-- Dumping data for table `notification_template_channels`
--

INSERT INTO `notification_template_channels` (`id`, `template_id`, `channel`, `title`, `message`, `is_active`, `created_at`, `updated_at`) VALUES
(1, 1, 'email', 'New KYC Submission', 'User {user} submitted a KYC verification request using {kyc_type}. Please review it.', 0, '2025-05-20 05:14:36', '2025-05-20 05:14:36'),
(2, 1, 'push', 'KYC Submission Alert', '{user} submitted KYC ({kyc_type}).', 1, '2025-05-20 05:14:36', '2025-05-20 05:14:36'),
(3, 1, 'sms', NULL, '{user} submitted KYC type: {kyc_type}.', 0, '2025-05-20 05:14:36', '2025-05-20 05:14:36'),
(4, 2, 'email', 'Your KYC is Approved', 'Your KYC verification using {kyc_type} has been approved. You can now access all features.', 0, '2025-05-20 05:14:36', '2025-05-20 05:14:36'),
(5, 2, 'push', 'KYC Approved', 'Your KYC ({kyc_type}) is approved.', 1, '2025-05-20 05:14:36', '2025-05-20 05:14:36'),
(6, 2, 'sms', NULL, 'Your KYC ({kyc_type}) is approved.', 0, '2025-05-20 05:14:36', '2025-05-20 05:14:36'),
(7, 3, 'email', 'Your KYC Was Rejected', 'We’re sorry, your KYC verification using {kyc_type} has been rejected. Reason: {rejection_reason}. Please re-submit with valid documents.', 0, '2025-05-20 05:14:36', '2025-05-20 05:14:36'),
(8, 3, 'push', 'KYC Rejected', 'Your KYC ({kyc_type}) was rejected. Reason: {rejection_reason}', 1, '2025-05-20 05:14:36', '2025-05-20 05:14:36'),
(9, 3, 'sms', NULL, 'KYC ({kyc_type}) rejected. Reason: {rejection_reason}', 0, '2025-05-20 05:14:36', '2025-05-20 05:14:36'),
(10, 4, 'email', 'Deposit Completed', 'Your deposit of {amount} via {method} has been successfully completed. Transaction ID: {trx}.', 0, '2025-05-20 05:14:36', '2025-05-20 05:14:36'),
(11, 4, 'push', 'Deposit Confirmed', 'Deposit {amount} via {method} is now complete.', 1, '2025-05-20 05:14:36', '2025-05-20 05:14:36'),
(12, 4, 'sms', NULL, 'Deposit {amount} via {method} successful. Trx: {trx}', 0, '2025-05-20 05:14:36', '2025-05-20 05:14:36'),
(13, 5, 'email', 'Auto Deposit Logged', 'User {user} has completed an automatic deposit of {amount} via {method}. Transaction ID: {trx}.', 0, '2025-05-20 05:14:36', '2025-05-20 05:14:36'),
(14, 5, 'push', 'New Auto Deposit', '{user} completed auto deposit of {amount}.', 1, '2025-05-20 05:14:36', '2025-05-20 05:14:36'),
(15, 5, 'sms', NULL, '{user} deposited {amount} via {method}. Trx: {trx}', 0, '2025-05-20 05:14:36', '2025-05-20 05:14:36'),
(16, 6, 'email', 'Deposit Request Received', 'We have received your deposit request of {amount} via {method}. Transaction ID: {trx}.', 0, '2025-05-20 05:14:36', '2025-05-20 05:14:36'),
(17, 6, 'push', 'Request Submitted', 'You submitted a deposit request for {amount}.', 1, '2025-05-20 05:14:36', '2025-05-20 05:14:36'),
(18, 6, 'sms', NULL, 'Deposit {amount} via {method} submitted. Trx: {trx}', 0, '2025-05-20 05:14:36', '2025-05-20 05:14:36'),
(19, 7, 'email', 'Deposit Request Submitted', 'User {user} submitted a deposit request of {amount} via {method}. Trx: {trx}.', 0, '2025-05-20 05:14:36', '2025-05-20 05:14:36'),
(20, 7, 'push', 'Deposit Request Alert', '{user} requested deposit of {amount}.', 1, '2025-05-20 05:14:36', '2025-05-20 05:14:36'),
(21, 7, 'sms', NULL, '{user} requested deposit {amount}. Trx: {trx}', 0, '2025-05-20 05:14:36', '2025-05-20 05:14:36'),
(22, 8, 'email', 'Deposit Approved', 'Your deposit of {amount} via {method} has been approved and added to your wallet.', 0, '2025-05-20 05:14:36', '2025-05-20 05:14:36'),
(23, 8, 'push', 'Deposit Approved', '{amount} added to your balance.', 1, '2025-05-20 05:14:36', '2025-05-20 05:14:36'),
(24, 8, 'sms', NULL, 'Deposit {amount} approved.', 0, '2025-05-20 05:14:36', '2025-05-20 05:14:36'),
(25, 9, 'email', 'Deposit Rejected', 'Your deposit of {amount} via {method} was rejected. Reason: {reason}.', 0, '2025-05-20 05:14:36', '2025-05-20 05:14:36'),
(26, 9, 'push', 'Deposit Declined', 'Deposit {amount} rejected. Reason: {reason}', 1, '2025-05-20 05:14:36', '2025-05-20 05:14:36'),
(27, 9, 'sms', NULL, 'Deposit {amount} rejected. Reason: {reason}', 0, '2025-05-20 05:14:36', '2025-05-20 05:14:36'),
(28, 10, 'email', 'Money Sent', 'You sent {amount} to {recipient}. Trx: {trx}.', 0, '2025-05-20 05:14:36', '2025-05-20 05:14:36'),
(29, 10, 'push', 'Money Sent', '{amount} sent to {recipient}.', 1, '2025-05-20 05:14:36', '2025-05-20 05:14:36'),
(30, 10, 'sms', NULL, 'Sent {amount} to {recipient}. Trx: {trx}', 0, '2025-05-20 05:14:36', '2025-05-20 05:14:36'),
(31, 11, 'email', 'Money Received', 'You received {amount} from {sender}. Trx: {trx}.', 0, '2025-05-20 05:14:36', '2025-05-20 05:14:36'),
(32, 11, 'push', 'Money Received', '{amount} received from {sender}.', 1, '2025-05-20 05:14:36', '2025-05-20 05:14:36'),
(33, 11, 'sms', NULL, 'Received {amount} from {sender}. Trx: {trx}', 0, '2025-05-20 05:14:36', '2025-05-20 05:14:36'),
(34, 12, 'email', 'Request Sent', 'You requested {amount} from {recipient}. Trx: {trx}.', 0, '2025-05-20 05:14:36', '2025-05-20 05:14:36'),
(35, 12, 'push', 'Request Sent', '{amount} requested from {recipient}.', 1, '2025-05-20 05:14:36', '2025-05-20 05:14:36'),
(36, 12, 'sms', NULL, 'Requested {amount} from {recipient}. Trx: {trx}', 0, '2025-05-20 05:14:36', '2025-05-20 05:14:36'),
(37, 13, 'email', 'Request Received', 'You have a request of {amount} from {sender}. Trx: {trx}.', 0, '2025-05-20 05:14:36', '2025-05-20 05:14:36'),
(38, 13, 'push', 'Request Received', 'Incoming request {amount} from {sender}.', 1, '2025-05-20 05:14:36', '2025-05-20 05:14:36'),
(39, 13, 'sms', NULL, 'Request of {amount} from {sender}. Trx: {trx}', 0, '2025-05-20 05:14:36', '2025-05-20 05:14:36'),
(40, 14, 'email', 'Request Approved', 'Your money request of {amount} has been approved by {receiver}. Trx: {trx}.', 0, '2025-05-20 05:14:37', '2025-05-20 05:14:37'),
(41, 14, 'push', 'Request Approved', 'Request of {amount} approved by {receiver}.', 1, '2025-05-20 05:14:37', '2025-05-20 05:14:37'),
(42, 14, 'sms', NULL, 'Approved: {amount} by {receiver}. Trx: {trx}', 0, '2025-05-20 05:14:37', '2025-05-20 05:14:37'),
(43, 15, 'email', 'Request Rejected', 'Your money request of {amount} was rejected by {receiver}. Trx: {trx}.', 0, '2025-05-20 05:14:37', '2025-05-20 05:14:37'),
(44, 15, 'push', 'Request Rejected', 'Request of {amount} rejected by {receiver}.', 1, '2025-05-20 05:14:37', '2025-05-20 05:14:37'),
(45, 15, 'sms', NULL, 'Rejected: {amount} by {receiver}. Trx: {trx}', 0, '2025-05-20 05:14:37', '2025-05-20 05:14:37'),
(46, 16, 'email', 'Exchange Completed', 'You exchanged {from_amount} {from_currency} to {to_amount} {to_currency}. Trx: {trx}.', 0, '2025-05-20 05:14:37', '2025-05-20 05:14:37'),
(47, 16, 'push', 'Exchange Successful', 'Exchanged {from_amount} {from_currency} → {to_amount} {to_currency}.', 1, '2025-05-20 05:14:37', '2025-05-20 05:14:37'),
(48, 16, 'sms', NULL, 'Exchanged {from_amount} to {to_amount}. Trx: {trx}', 0, '2025-05-20 05:14:37', '2025-05-20 05:14:37'),
(49, 17, 'email', 'Voucher Redeemed', 'You redeemed voucher {voucher_code} worth {amount}. Trx: {trx}.', 0, '2025-05-20 05:14:37', '2025-05-20 05:14:37'),
(50, 17, 'push', 'Voucher Redeemed', '{amount} added from voucher.', 1, '2025-05-20 05:14:37', '2025-05-20 05:14:37'),
(51, 17, 'sms', NULL, 'Voucher {voucher_code} redeemed. Trx: {trx}', 0, '2025-05-20 05:14:37', '2025-05-20 05:14:37'),
(52, 18, 'email', 'Payment Successful', 'Paid {amount} to {merchant}. Trx: {trx}.', 0, '2025-05-20 05:14:37', '2025-05-20 05:14:37'),
(53, 18, 'push', 'Payment Completed', 'Payment of {amount} successful.', 1, '2025-05-20 05:14:37', '2025-05-20 05:14:37'),
(54, 18, 'sms', NULL, 'Paid {amount} to {merchant}. Trx: {trx}', 0, '2025-05-20 05:14:37', '2025-05-20 05:14:37'),
(55, 19, 'email', 'Payment Received', 'Received {amount} from payer. Trx: {trx}.', 0, '2025-05-20 05:14:37', '2025-05-20 05:14:37'),
(56, 19, 'push', 'New Payment', '{payer} paid you {amount}.', 1, '2025-05-20 05:14:37', '2025-05-20 05:14:37'),
(57, 19, 'sms', NULL, 'Payment of {amount} by {payer}. Trx: {trx}', 0, '2025-05-20 05:14:37', '2025-05-20 05:14:37'),
(58, 20, 'email', 'Balance Credited', 'Admin {admin} added {amount}. Trx: {trx}.', 0, '2025-05-20 05:14:37', '2025-05-20 05:14:37'),
(59, 20, 'push', 'Balance Added', '{amount} credited by admin.', 1, '2025-05-20 05:14:37', '2025-05-20 05:14:37'),
(60, 20, 'sms', NULL, 'Added {amount} by admin {admin}. Trx: {trx}', 0, '2025-05-20 05:14:37', '2025-05-20 05:14:37'),
(61, 21, 'email', 'Balance Deducted', 'Admin {admin} deducted {amount}. Trx: {trx}.', 0, '2025-05-20 05:14:37', '2025-05-20 05:14:37'),
(62, 21, 'push', 'Balance Deducted', '{amount} deducted by admin.', 1, '2025-05-20 05:14:37', '2025-05-20 05:14:37'),
(63, 21, 'sms', NULL, 'Deducted {amount} by {admin}. Trx: {trx}', 0, '2025-05-20 05:14:37', '2025-05-20 05:14:37'),
(64, 22, 'email', 'Withdraw Request', 'User {user} requested withdrawal of {amount} via {method}. Trx: {trx}.', 0, '2025-05-20 05:14:37', '2025-05-20 05:14:37'),
(65, 22, 'push', 'Withdraw Request', '{user} requested {amount} withdraw.', 1, '2025-05-20 05:14:37', '2025-05-20 05:14:37'),
(66, 22, 'sms', NULL, '{user} requested withdraw {amount}. Trx: {trx}', 0, '2025-05-20 05:14:37', '2025-05-20 05:14:37'),
(67, 23, 'email', 'Auto Withdraw Logged', 'User {user} completed auto withdrawal of {amount}. Trx: {trx}.', 0, '2025-05-20 05:14:37', '2025-05-20 05:14:37'),
(68, 23, 'push', 'Auto Withdraw Completed', '{user} auto withdrew {amount}.', 1, '2025-05-20 05:14:37', '2025-05-20 05:14:37'),
(69, 23, 'sms', NULL, '{user} auto withdraw {amount}. Trx: {trx}', 0, '2025-05-20 05:14:37', '2025-05-20 05:14:37'),
(70, 24, 'email', 'Withdraw Request Submitted', 'Your withdrawal request of {amount} via {method} has been submitted. Trx: {trx}.', 0, '2025-05-20 05:14:37', '2025-05-20 05:14:37'),
(71, 24, 'push', 'Withdraw Requested', 'You requested withdraw of {amount}.', 1, '2025-05-20 05:14:37', '2025-05-20 05:14:37'),
(72, 24, 'sms', NULL, 'Withdraw {amount} requested. Trx: {trx}', 0, '2025-05-20 05:14:37', '2025-05-20 05:14:37'),
(73, 25, 'email', 'Withdraw Approved', 'Your withdrawal of {amount} via {method} has been approved.', 0, '2025-05-20 05:14:37', '2025-05-20 05:14:37'),
(74, 25, 'push', 'Withdraw Approved', '{amount} approved for withdrawal.', 1, '2025-05-20 05:14:37', '2025-05-20 05:14:37'),
(75, 25, 'sms', NULL, 'Withdrawal {amount} approved.', 0, '2025-05-20 05:14:37', '2025-05-20 05:14:37'),
(76, 26, 'email', 'Withdraw Rejected', 'Your withdrawal of {amount} via {method} was rejected. Reason: {reason}.', 0, '2025-05-20 05:14:37', '2025-05-20 05:14:37'),
(77, 26, 'push', 'Withdraw Rejected', 'Withdraw {amount} rejected.', 1, '2025-05-20 05:14:37', '2025-05-20 05:14:37'),
(78, 26, 'sms', NULL, 'Withdrawal {amount} rejected. Reason: {reason}', 0, '2025-05-20 05:14:37', '2025-05-20 05:14:37'),
(79, 27, 'email', 'Referral Reward', 'You earned {amount} for referring {referred_user}.', 0, '2025-05-20 05:14:37', '2025-05-20 05:14:37'),
(80, 27, 'push', 'Referral Reward', 'Earned {amount} reward.', 1, '2025-05-20 05:14:37', '2025-05-20 05:14:37'),
(81, 27, 'sms', NULL, 'Referral reward {amount} earned.', 0, '2025-05-20 05:14:37', '2025-05-20 05:14:37'),
(82, 28, 'email', 'Reward Granted', 'You received {amount}.', 0, '2025-05-20 05:14:37', '2025-05-20 05:14:37'),
(83, 28, 'push', 'Reward Received', '{amount} reward credited for achieving a new rank..', 1, '2025-05-20 05:14:37', '2025-05-20 05:14:37'),
(84, 28, 'sms', NULL, 'Reward {amount} received.', 0, '2025-05-20 05:14:37', '2025-05-20 05:14:37'),
(85, 29, 'email', 'New Ticket Submitted', 'User {user} opened ticket #{ticket_number}: {subject}.', 0, '2025-05-20 05:14:37', '2025-05-20 05:14:37'),
(86, 29, 'push', 'New Support Ticket', 'Ticket {ticket_number} created by {user}.', 1, '2025-05-20 05:14:37', '2025-05-20 05:14:37'),
(87, 29, 'sms', NULL, 'New ticket #{ticket_number} from {user}.', 0, '2025-05-20 05:14:37', '2025-05-20 05:14:37'),
(88, 30, 'email', 'Support Reply', 'We replied to ticket {ticket_number}: {subject}.', 0, '2025-05-20 05:14:37', '2025-05-20 05:14:37'),
(89, 30, 'push', 'Ticket Reply', 'Reply to ticket #{ticket_number}.', 1, '2025-05-20 05:14:37', '2025-05-20 05:14:37'),
(90, 30, 'sms', NULL, 'Reply for ticket #{ticket_number}.', 0, '2025-05-20 05:14:37', '2025-05-20 05:14:37'),
(91, 31, 'email', 'Reply on Ticket #{ticket_number}', 'User {user} replied to ticket #{ticket_number}: {subject}.', 0, '2025-05-20 05:14:37', '2025-05-20 05:14:37'),
(92, 31, 'push', 'Ticket #{ticket_number} Reply', '{user} replied to support ticket #{ticket_number}.', 1, '2025-05-20 05:14:37', '2025-05-20 05:14:37'),
(93, 31, 'sms', NULL, 'User {user} replied on ticket #{ticket_number}.', 0, '2025-05-20 05:14:37', '2025-05-20 05:14:37'),
(94, 32, 'email', 'Ticket Closed', 'Your ticket #{ticket_number} is now closed.', 0, '2025-05-20 05:14:37', '2025-05-20 05:14:37'),
(95, 32, 'push', 'Ticket Closed', 'Ticket {ticket_number} closed.', 1, '2025-05-20 05:14:37', '2025-05-20 05:14:37'),
(96, 32, 'sms', NULL, 'Ticket #{ticket_number} closed.', 0, '2025-05-20 05:14:37', '2025-05-20 05:14:37'),
(97, 33, 'email', 'New Merchant Shop Request', 'Merchant {user} requested a new shop named \"{business_name}\" with website: {site_url} and contact: {business_email}. Please review.', 0, '2025-05-20 05:14:37', '2025-05-20 05:14:37'),
(98, 33, 'push', 'New Merchant Request', '{user} submitted new shop: {business_name}.', 1, '2025-05-20 05:14:37', '2025-05-20 05:14:37'),
(99, 33, 'sms', NULL, 'Shop \"{business_name}\" requested by {user}.', 0, '2025-05-20 05:14:37', '2025-05-20 05:14:37'),
(100, 34, 'email', 'Shop Approved', 'Good news! Your shop \"{business_name}\" has been approved. You can now start accepting payments.', 0, '2025-05-20 05:14:37', '2025-05-20 05:14:37'),
(101, 34, 'push', 'Shop Approved', 'Shop \"{business_name}\" is approved.', 1, '2025-05-20 05:14:37', '2025-05-20 05:14:37'),
(102, 34, 'sms', NULL, 'Shop \"{business_name}\" approved. Start using it.', 0, '2025-05-20 05:14:37', '2025-05-20 05:14:37'),
(103, 35, 'email', 'Shop Request Rejected', 'Sorry, your shop \"{business_name}\" was rejected. Reason: {rejection_reason}. Please update and resubmit.', 0, '2025-05-20 05:14:37', '2025-05-20 05:14:37'),
(104, 35, 'push', 'Shop Rejected', 'Your shop \"{business_name}\" was rejected.', 1, '2025-05-20 05:14:37', '2025-05-20 05:14:37'),
(105, 35, 'sms', NULL, 'Shop \"{business_name}\" rejected. Reason: {rejection_reason}', 0, '2025-05-20 05:14:37', '2025-05-20 05:14:37'),
(118, 37, 'email', 'New Virtual Card Request', 'User {user} submitted a virtual card request for {network} network (wallet: {wallet}). Please review and approve.', 1, '2025-06-19 08:45:11', '2025-06-19 08:45:11'),
(119, 37, 'push', 'Virtual Card Request', '{user} requested a {network} card.', 1, '2025-06-19 08:45:11', '2025-06-19 08:45:11'),
(120, 37, 'sms', NULL, 'Virtual card request: {user}, {network}, {wallet}', 0, '2025-06-19 08:45:11', '2025-06-19 08:45:11'),
(121, 36, 'email', 'Your Virtual Card is Ready!', 'Congratulations! Your {card_network} card (****{last4}) has been approved and added to your wallet ({wallet}). Issuing fee: {fee}.', 1, '2025-06-19 08:45:11', '2025-06-19 08:45:11'),
(122, 36, 'push', 'Virtual Card Approved', 'Your {card_network} card is approved.', 1, '2025-06-19 08:45:11', '2025-06-19 08:45:11'),
(123, 36, 'sms', NULL, '{card_network} card (****{last4}) approved.', 0, '2025-06-19 08:45:11', '2025-06-19 08:45:11');

-- --------------------------------------------------------

--
-- Table structure for table `pages`
--

CREATE TABLE `pages` (
  `id` bigint UNSIGNED NOT NULL,
  `title` json DEFAULT NULL,
  `slug` varchar(255) CHARACTER SET utf8mb4 COLLATE utf8mb4_unicode_ci NOT NULL,
  `component_ids` json NOT NULL,
  `type` varchar(255) CHARACTER SET utf8mb4 COLLATE utf8mb4_unicode_ci NOT NULL,
  `breadcrumb` varchar(196) CHARACTER SET utf8mb4 COLLATE utf8mb4_unicode_ci DEFAULT NULL,
  `is_breadcrumb` tinyint(1) NOT NULL DEFAULT '1',
  `is_active` tinyint(1) NOT NULL DEFAULT '1',
  `created_at` timestamp NULL DEFAULT NULL,
  `updated_at` timestamp NULL DEFAULT NULL
) ENGINE=InnoDB DEFAULT CHARSET=utf8mb4 COLLATE=utf8mb4_unicode_ci;

--
-- Dumping data for table `pages`
--

INSERT INTO `pages` (`id`, `title`, `slug`, `component_ids`, `type`, `breadcrumb`, `is_breadcrumb`, `is_active`, `created_at`, `updated_at`) VALUES
(1, '{\"en\": \"Home\", \"es\": \"Hogar\"}', '/', '[\"1\", \"2\", \"4\", \"5\", \"6\", \"7\", \"8\", \"9\", \"10\", \"11\", \"13\", \"14\", \"29\"]', 'static', NULL, 0, 1, '2025-03-26 12:31:30', '2025-04-14 04:11:16'),
(2, '{\"en\": \"Blog\", \"es\": \"Blog\"}', 'blog', '[\"12\"]', 'static', NULL, 1, 1, '2025-04-12 03:09:57', '2025-04-14 02:35:28'),
(4, '{\"en\": \"About\", \"es\": \"acerca de\"}', 'about', '[\"2\"]', 'dynamic', NULL, 1, 1, '2025-04-08 04:06:54', '2025-05-24 20:23:48'),
(5, '{\"en\": \"Privacy\", \"es\": \"Privacidad\"}', 'privacy', '[\"30\"]', 'dynamic', NULL, 1, 1, '2025-04-08 04:07:11', '2025-05-25 02:28:15'),
(12, '{\"en\": \"Terms & Conditions\", \"es\": \"Términos y Condiciones\"}', 'terms-conditions', '[\"31\"]', 'dynamic', NULL, 1, 1, '2025-05-16 19:38:05', '2025-05-16 19:38:19');

-- --------------------------------------------------------

--
-- Table structure for table `page_components`
--

CREATE TABLE `page_components` (
  `id` bigint UNSIGNED NOT NULL,
  `component_icon` varchar(255) CHARACTER SET utf8mb4 COLLATE utf8mb4_unicode_ci DEFAULT NULL,
  `component_name` varchar(255) CHARACTER SET utf8mb4 COLLATE utf8mb4_unicode_ci NOT NULL,
  `component_key` varchar(255) CHARACTER SET utf8mb4 COLLATE utf8mb4_unicode_ci NOT NULL,
  `content_data` json NOT NULL,
  `type` varchar(255) CHARACTER SET utf8mb4 COLLATE utf8mb4_unicode_ci NOT NULL,
  `sort` int DEFAULT NULL,
  `repeated_content` tinyint(1) NOT NULL DEFAULT '0',
  `page_id` int DEFAULT NULL,
  `is_protected` tinyint(1) NOT NULL DEFAULT '0',
  `is_active` tinyint(1) NOT NULL DEFAULT '1' COMMENT 'Status of the component',
  `created_at` timestamp NULL DEFAULT NULL,
  `updated_at` timestamp NULL DEFAULT NULL
) ENGINE=InnoDB DEFAULT CHARSET=utf8mb4 COLLATE=utf8mb4_unicode_ci;

--
-- Dumping data for table `page_components`
--

INSERT INTO `page_components` (`id`, `component_icon`, `component_name`, `component_key`, `content_data`, `type`, `sort`, `repeated_content`, `page_id`, `is_protected`, `is_active`, `created_at`, `updated_at`) VALUES
(1, 'general/static/component/banner.png', 'Banner', 'banner', '{\"heading\": {\"en\": \"Manage Your Money More Quickly\", \"es\": \"Administra tu dinero más rápido\"}, \"button_url\": \"/user/dashboard\", \"subheading\": {\"en\": \"Welcome to DigiKash Wallet\", \"es\": \"Bienvenido a la billetera DigiKash\"}, \"button_text\": {\"en\": \"My Account\", \"es\": \"Mi Billetera\"}, \"description\": {\"en\": \"Send, receive, deposit, request, invest, and exchange money globally in multiple currencies — easily, quickly, and safely, with great rates and low fees.\", \"es\": \"Envía, recibe, deposita, solicita, invierte y cambia dinero globalmente en múltiples monedas, de manera fácil, rápida y segura, con excelentes tarifas y bajas comisiones.\"}, \"shape_image_1\": \"images/2025/04/10/20250410_060504_frame_1_YXLr.png\", \"shape_image_2\": \"images/2025/04/10/20250410_060504_frame_2_P1Qe.png\", \"shape_image_3\": \"images/2025/04/10/20250410_060444_frame_3_T2YI.png\", \"hero_main_image\": \"images/2025/04/10/20250410_055802_hero_1_Q0SS.png\", \"background_image\": \"images/2025/04/10/20250410_055802_hero_bg_SfUo.png\"}', 'static', 1, 0, NULL, 0, 1, NULL, '2025-05-20 08:12:15'),
(2, 'general/static/component/about.png', 'About', 'about', '{\"heading\": {\"en\": \"Why Choose DigiKash\", \"es\": \"Por qué elegir DigiKash\"}, \"button_url\": \"/user/wallet/list\", \"main_image\": \"images/2025/04/10/20250410_072254_a_1_OtCO.png\", \"subheading\": {\"en\": \"About DigiKash\", \"es\": \"Sobre DigiKash\"}, \"button_text\": {\"en\": \"Open Wallet\", \"es\": \"Abrir Billetera\"}, \"description\": {\"en\": \"Manage your money easily with DigiKash. Send, receive, and exchange funds instantly in multiple currencies — all with low fees and great rates.\", \"es\": \"Administra tu dinero fácilmente con DigiKash. Envía, recibe y cambia fondos al instante en múltiples monedas, con bajas comisiones y excelentes tarifas.\"}, \"bg_shape_image\": \"images/2025/04/10/20250410_072335_bg_shape_06d9.png\", \"title_bar_image\": \"images/2025/04/10/20250410_072622_title_bar_8RzP.png\", \"content_shape_image\": \"images/2025/04/10/20250410_072425_content_shape_HCJ4.png\", \"about_tool_shape_image\": \"images/2025/04/10/20250410_072604_tool_shape_Evex.png\", \"additional_description\": {\"en\": \"DigiKash empowers you to control your finances with ease — send, store, and spend globally with unmatched speed and security.\", \"es\": \"DigiKash te permite controlar tus finanzas con facilidad: envía, guarda y gasta a nivel global con velocidad y seguridad incomparables.\"}}', 'static', 1, 1, NULL, 0, 1, NULL, '2025-07-18 23:36:51'),
(4, 'general/static/component/feature.png', 'Feature', 'feature', '{\"heading\": {\"en\": \"Special Key Features\", \"es\": \"Características Clave Especiales\"}, \"subheading\": {\"en\": \"Features\", \"es\": \"Características\"}, \"title_bar_image\": \"images/2025/04/10/20250410_164848_title_bar_EDPV.png\"}', 'static', 1, 1, NULL, 0, 1, NULL, '2025-04-10 10:54:28'),
(5, 'general/static/component/services.png', 'Services', 'service', '{\"heading\": {\"en\": \"Our Perfect Solutions\", \"es\": \"Nuestras Soluciones Perfectas\"}, \"subheading\": {\"en\": \"Our Services\", \"es\": \"Nuestros Servicios\"}, \"title_bar_image\": \"images/2025/04/10/20250410_183109_title_bar_IAxb.png\"}', 'static', 1, 1, NULL, 0, 1, NULL, '2025-04-10 12:31:09'),
(6, 'general/static/component/work_process.png', 'Work Process', 'work_process', '{\"heading\": {\"en\": \"Our Process\", \"es\": \"Nuestro Proceso\"}, \"subheading\": {\"en\": \"How It Works\", \"es\": \"Cómo Funciona\"}, \"title_bar_image\": \"images/2025/04/11/20250411_015314_title_bar_qAs5.png\", \"line_shape_image\": \"images/2025/04/11/20250411_015314_line_41DR.png\"}', 'static', 1, 1, NULL, 0, 1, NULL, '2025-04-10 19:53:14'),
(7, 'general/static/component/offer.png', 'Offer & Counter', 'offer', '{\"button_url\": \"/register\", \"button_text\": {\"en\": \"Sign Up Now\", \"es\": \"Regístrate Ahora\"}, \"offer_title\": {\"en\": \"Get the Bonus Offer $99\", \"es\": \"Obtén la Oferta de Bono de $99\"}, \"background_image\": \"images/2025/04/11/20250411_070408_cta_offer_bg_BJfW.jpg\"}', 'static', 1, 1, NULL, 0, 1, NULL, '2025-05-20 08:20:16'),
(8, 'general/static/component/special-feature.png', 'Special Feature', 'special_feature', '{\"heading\": {\"en\": \"Exploring Our Special Features\", \"es\": \"Explorando Nuestras Funciones Especiales\"}, \"subheading\": {\"en\": \"Special Features\", \"es\": \"Funciones Especiales\"}, \"description\": {\"en\": \"Easily manage your money, transfer securely, and track all transactions with real-time settlement and multi-currency support.\", \"es\": \"Administra fácilmente tu dinero, transfiere de forma segura y rastrea todas las transacciones con liquidaciones en tiempo real y soporte multimoneda.\"}, \"title_bar_image\": \"images/2025/04/11/20250411_123549_title_bar_7LBF.png\", \"feature_center_image\": \"images/2025/04/11/20250411_122827_feature_image_qsKq.jpg\"}', 'static', 1, 1, NULL, 0, 1, NULL, '2025-04-11 06:35:49'),
(9, 'general/static/component/testimonial.png', 'Testimonial', 'testimonial', '{\"heading\": {\"en\": \"What People Say About DigiKash\", \"es\": \"Lo que la gente dice sobre DigiKash\"}, \"subheading\": {\"en\": \"Our Testimonials\", \"es\": \"Nuestros Testimonios\"}, \"title_bar_image\": \"images/2025/04/11/20250411_132416_title_bar_5ZSI.png\"}', 'static', 1, 1, NULL, 0, 1, NULL, '2025-04-11 07:24:16'),
(10, 'general/static/component/team.png', 'Team', 'team', '{\"heading\": {\"en\": \"DigiKash Expert Team Members\", \"es\": \"Miembros Expertos del Equipo de DigiKash\"}, \"subheading\": {\"en\": \"Our Experts\", \"es\": \"Nuestros Expertos\"}, \"title_bar_image\": \"images/2025/04/11/20250411_134907_title_bar_wEBm.png\"}', 'static', 1, 1, NULL, 0, 1, NULL, '2025-04-11 07:49:07'),
(11, 'general/static/component/blog.png', 'Blog', 'blog', '{\"heading\": {\"en\": \"Our Latest Blog Posts\", \"es\": \"Nuestras Últimas Entradas de Blog\"}, \"button_url\": \"/blog\", \"subheading\": {\"en\": \"Our Blog\", \"es\": \"Nuestro Blog\"}, \"button_text\": {\"en\": \"View All Blogs\", \"es\": \"Ver Todos los Blogs\"}, \"title_bar_image\": \"images/2025/04/11/20250411_145046_title_bar_cZ0e.png\"}', 'static', 1, 0, NULL, 0, 1, NULL, '2025-05-20 08:18:04'),
(12, 'general/static/component/blog-standard.png', 'Blog Standard', 'blog_standard', '{}', 'static', 1, 0, 2, 1, 1, NULL, '2025-04-11 08:50:46'),
(13, 'general/static/component/contact.png', 'Contact', 'contact', '{\"heading\": {\"en\": \"Let’s Get in Touch\", \"es\": \"Pongámonos en contacto\"}, \"subheading\": {\"en\": \"Contact Us\", \"es\": \"Contáctanos\"}, \"contact_image\": \"images/2025/04/13/20250413_181952_c1_MWgM.jpg\", \"title_bar_image\": \"images/2025/04/13/20250413_181952_title_bar_Hti0.png\"}', 'static', 1, 0, NULL, 0, 1, NULL, '2025-04-13 12:19:52'),
(14, 'general/static/component/payment.png', 'Payment Partners', 'payment_partner', '{\"section_heading\": {\"en\": \"Our Payment Partners\", \"es\": \"Nuestros socios de pago\"}}', 'static', 1, 0, NULL, 0, 1, NULL, '2025-04-14 03:25:21'),
(29, 'general/static/component/subscribed.png', 'Subscribed', 'subscribed', '{\"heading\": {\"en\": \"Get Subscribed Today!\", \"es\": \"¡Suscríbete hoy!\"}, \"button_text\": {\"en\": \"Subscribe\", \"es\": \"Suscribirse\"}, \"email_image\": \"images/2025/04/14/20250414_101517_email_xhcQ.png\", \"small_title\": {\"en\": \"Don’t Miss Our Future Updates!\", \"es\": \"¡No te pierdas nuestras futuras actualizaciones!\"}, \"dot_shape_image\": \"images/2025/04/14/20250414_101517_dot_shape_uPFR.png\"}', 'static', 1, 0, NULL, 0, 1, NULL, '2025-04-14 04:15:17'),
(30, 'images/2025/05/17/20250517_010841_compliant_1_DM5w.png', 'Privecy', 'privecy', '{\"content\": {\"en\": \"<div><h3><span style=\\\"font-weight:bolder;\\\"><span style=\\\"font-weight:bolder;\\\">Privacy Policy</span></span></h3></div><div><p>At <span style=\\\"font-weight:bolder;\\\">Digikash</span>, your privacy is our priority. This policy outlines how we collect, use, and protect your information when you use our wallet services.</p></div><div><span style=\\\"font-weight:bolder;\\\"><br></span></div><div><h4><span style=\\\"font-weight:bolder;\\\">1. Information We Collect</span></h4></div><div><p>We may collect the following types of data:</p></div><div><span style=\\\"font-weight:bolder;\\\">  <span style=\\\"font-weight:bolder;\\\">Personal Details:</span> Name, email address, phone number</span></div><div><span style=\\\"font-weight:bolder;\\\">  <span style=\\\"font-weight:bolder;\\\">Transactional Data:</span> Deposits, withdrawals, transfers</span></div><div><span style=\\\"font-weight:bolder;\\\">  <span style=\\\"font-weight:bolder;\\\">Device Information:</span> IP address, browser type</span></div><div><span style=\\\"font-weight:bolder;\\\"><br></span></div><div><h4><span style=\\\"font-weight:bolder;\\\">2. How We Use Your Information</span></h4></div><div><p>Your information is used to:</p></div><div><span style=\\\"font-weight:bolder;\\\">  Deliver and improve our wallet services</span></div><div><span style=\\\"font-weight:bolder;\\\">  Prevent fraudulent or unauthorized access</span></div><div><span style=\\\"font-weight:bolder;\\\">  Comply with applicable legal and regulatory obligations</span></div><div><span style=\\\"font-weight:bolder;\\\"><br></span></div><div><h4><span style=\\\"font-weight:bolder;\\\">3. Data Security</span></h4></div><div><p>We secure your personal information using encryption, firewalls, and two-factor authentication. These measures help ensure the safety and confidentiality of your data.</p></div><div><span style=\\\"font-weight:bolder;\\\"><br></span></div><div><h4><span style=\\\"font-weight:bolder;\\\">4. Third-Party Sharing</span></h4></div><div><p>We do not sell or rent your personal data. Information may be shared only with:</p></div><div><span style=\\\"font-weight:bolder;\\\">  Government or legal authorities when required</span></div><div><span style=\\\"font-weight:bolder;\\\">  Trusted service providers, such as payment processors</span></div><div><span style=\\\"font-weight:bolder;\\\"><br></span></div><div><h4><span style=\\\"font-weight:bolder;\\\">5. Your Rights</span></h4></div><div><p>You have the right to:</p></div><div><span style=\\\"font-weight:bolder;\\\">  Access the personal data we hold about you</span></div><div><span style=\\\"font-weight:bolder;\\\">  Request corrections or deletions of your data</span></div><div><span style=\\\"font-weight:bolder;\\\">  Withdraw consent to data processing at any time</span></div><div><span style=\\\"font-weight:bolder;\\\"><br></span></div><div><h4><span style=\\\"font-weight:bolder;\\\">6. Cookies</span></h4></div><div><p>We use cookies to enhance your experience and analyze usage trends. You may control or disable cookies through your browser settings.</p></div><div><span style=\\\"font-weight:bolder;\\\"><br></span></div><div><h4><span style=\\\"font-weight:bolder;\\\">7. Policy Updates</span></h4></div><div><p>This privacy policy may be updated occasionally. Any significant changes will be posted on our platform to keep you informed.</p></div><div><span style=\\\"font-weight:bolder;\\\"><br></span></div><div><h4><span style=\\\"font-weight:bolder;\\\">8. Contact Us</span></h4></div><div><p>If you have questions or concerns regarding this policy, you may contact us at <a href=\\\"mailto:support@digikash.com\\\">support@digikash.com</a>.</p></div><div><br></div>\", \"es\": \"<p>Política de PrivacidadEn Digikash, la privacidad de nuestros usuarios es una prioridad. Esta política explica cómo recopilamos, usamos y protegemos su información cuando utiliza nuestros servicios de billetera digital.1. Información que RecopilamosPodemos recopilar los siguientes tipos de datos:  Datos personales: Nombre, dirección de correo electrónico, número de teléfono  Datos de transacciones: Depósitos, retiros, transferencias  Información del dispositivo: Dirección IP, tipo de navegador2. Cómo Usamos Su InformaciónUtilizamos su información para:  Ofrecer y mejorar nuestros servicios  Prevenir fraudes y accesos no autorizados  Cumplir con obligaciones legales y regulatorias3. Seguridad de los DatosProtegemos su información mediante cifrado, cortafuegos y autenticación de dos factores. Estas medidas garantizan la confidencialidad y seguridad de sus datos.4. Compartición con TercerosNo vendemos ni alquilamos su información personal. Solo podrá compartirse con:  Autoridades legales cuando sea requerido  Proveedores de servicios confiables, como procesadores de pagos5. Sus DerechosUsted tiene derecho a:  Acceder a su información personal  Solicitar la corrección o eliminación de sus datos  Retirar su consentimiento en cualquier momento6. CookiesUtilizamos cookies para mejorar su experiencia y analizar el uso del sitio. Puede controlar o desactivar las cookies desde la configuración de su navegador.7. Actualizaciones de la PolíticaEsta política puede actualizarse ocasionalmente. Cualquier cambio importante será notificado a través de nuestra plataforma.8. ContáctenosSi tiene preguntas o inquietudes sobre esta política, puede escribirnos a support@digikash.com.</p>\"}}', 'dynamic', NULL, 0, NULL, 0, 1, '2025-05-16 19:08:41', '2025-07-14 13:22:06'),
(31, 'images/2025/05/17/20250517_013710_terms_and_conditions_mIcA.png', 'Terms & Conditions', 'terms_conditions', '{\"content\": {\"en\": \"<h3><span style=\\\"font-weight:bolder;\\\">Terms and Conditions</span></h3><p>These Terms and Conditions govern your use of the Digikash wallet platform. By registering or using our services, you agree to comply with the following terms. Please read them carefully.</p><p><br></p><h4>1. Acceptance of Terms</h4><p>By accessing or using Digikash, you confirm that you have read, understood, and agree to be bound by these Terms. If you do not agree, you may not use our services.</p><p><br></p><h4>2. User Eligibility</h4><p>You must be at least 18 years old or the legal age in your jurisdiction to use this platform. By creating an account, you confirm that all registration information provided is accurate and up-to-date.</p><p><br></p><h4>3. Account Security</h4><p>You are responsible for maintaining the confidentiality of your account credentials. Digikash will not be liable for any loss or damage resulting from unauthorized access to your account.</p><p><br></p><h4>4. Acceptable Use</h4><p>You agree not to misuse the service for illegal activities, including but not limited to fraud, money laundering, or any activity that violates applicable laws and regulations.</p><p><br></p><h4>5. Transactions and Fees</h4><p>All transactions are subject to applicable fees, which may vary depending on the service. Digikash reserves the right to modify fee structures at any time with prior notice.</p><p><br></p><h4>6. Service Availability</h4><p>We strive to maintain uninterrupted service but do not guarantee 100% uptime. Scheduled maintenance or unforeseen issues may result in temporary unavailability.</p><p><br></p><h4>7. Suspension or Termination</h4><p>We reserve the right to suspend or terminate your account without notice if we suspect any breach of these Terms or any unlawful activity.</p><p><br></p><h4>8. Limitation of Liability</h4><p>Digikash is not liable for any indirect, incidental, or consequential damages arising out of your use or inability to use the platform.</p><p><br></p><h4>9. Changes to Terms</h4><p>We may revise these Terms from time to time. Updated versions will be posted on our platform, and continued use of the service constitutes acceptance of the revised terms.</p><p><br></p><h4>10. Contact Information</h4><p>If you have any questions or concerns regarding these Terms, please contact us at <a href=\\\"mailto:support@digikash.com\\\">support@digikash.com</a>.</p><div><br></div>\", \"es\": \"<p>Términos y CondicionesEstos Términos y Condiciones regulan el uso de la plataforma Digikash. Al registrarse o utilizar nuestros servicios, usted acepta cumplir con los siguientes términos. Por favor, léalos detenidamente.1. Aceptación de los TérminosAl acceder o utilizar Digikash, usted confirma que ha leído, entendido y aceptado estos Términos. Si no está de acuerdo, no debe utilizar nuestros servicios.2. Elegibilidad del UsuarioDebe tener al menos 18 años de edad o la edad legal en su jurisdicción para utilizar esta plataforma. Al crear una cuenta, confirma que la información proporcionada es precisa y actualizada.3. Seguridad de la CuentaUsted es responsable de mantener la confidencialidad de sus credenciales. Digikash no será responsable por pérdidas o daños derivados del acceso no autorizado a su cuenta.4. Uso AceptableUsted se compromete a no utilizar el servicio para actividades ilegales, incluyendo pero no limitándose al fraude, lavado de dinero o cualquier acción que viole las leyes y regulaciones aplicables.5. Transacciones y TarifasTodas las transacciones están sujetas a tarifas aplicables, que pueden variar según el servicio. Digikash se reserva el derecho de modificar la estructura de tarifas en cualquier momento con previo aviso.6. Disponibilidad del ServicioNos esforzamos por mantener un servicio continuo, pero no garantizamos una disponibilidad del 100%. El mantenimiento programado o problemas imprevistos pueden causar interrupciones temporales.7. Suspensión o TerminaciónNos reservamos el derecho de suspender o cancelar su cuenta sin previo aviso si se sospecha una violación de estos Términos o cualquier actividad ilegal.8. Limitación de ResponsabilidadDigikash no será responsable por daños indirectos, incidentales o consecuentes derivados del uso o la imposibilidad de usar la plataforma.9. Cambios en los TérminosPodemos actualizar estos Términos ocasionalmente. Las versiones actualizadas se publicarán en nuestra plataforma, y el uso continuo del servicio implica su aceptación.10. Información de ContactoSi tiene preguntas o inquietudes sobre estos Términos, puede contactarnos a través de support@digikash.com.</p>\"}}', 'dynamic', NULL, 0, NULL, 0, 1, '2025-05-16 19:37:10', '2025-07-14 13:18:12');

-- --------------------------------------------------------

--
-- Table structure for table `page_component_repeated_contents`
--

CREATE TABLE `page_component_repeated_contents` (
  `id` bigint UNSIGNED NOT NULL,
  `component_id` bigint UNSIGNED NOT NULL,
  `content_data` json DEFAULT NULL,
  `created_at` timestamp NULL DEFAULT NULL,
  `updated_at` timestamp NULL DEFAULT NULL
) ENGINE=InnoDB DEFAULT CHARSET=utf8mb4 COLLATE=utf8mb4_unicode_ci;

--
-- Dumping data for table `page_component_repeated_contents`
--

INSERT INTO `page_component_repeated_contents` (`id`, `component_id`, `content_data`, `created_at`, `updated_at`) VALUES
(7, 2, '{\"about_text\": {\"en\": \"Experience fast and secure money transfers across the globe.\", \"es\": \"Experimenta transferencias de dinero rápidas y seguras en todo el mundo\"}, \"about_title\": {\"en\": \"Secure Transactions\", \"es\": \"Transacciones Seguras\"}, \"about_icon_class\": \"fas fa-hand-holding-dollar\"}', '2025-04-10 00:28:50', '2025-04-10 06:37:08'),
(8, 2, '{\"about_text\": {\"en\": \"Access your funds anytime, anywhere with multi-currency support.\", \"es\": \"Accede a tus fondos en todo momento con soporte multimoneda.\"}, \"about_title\": {\"en\": \"Global Wallet Access\", \"es\": \"Acceso Global a la Billetera\"}, \"about_icon_class\": \"fas fa-wallet\"}', '2025-04-10 00:30:04', '2025-04-10 06:33:39'),
(15, 4, '{\"feature_text\": {\"en\": \"Enjoy a smooth, consistent wallet experience across all devices with DigiKash, ensuring reliability and efficiency every time.\", \"es\": \"Disfruta de una experiencia de billetera fluida y consistente en todos los dispositivos con DigiKash, garantizando confiabilidad y eficiencia en todo momento.\"}, \"feature_title\": {\"en\": \"Stable Usability\", \"es\": \"Usabilidad Estable\"}, \"feature_icon_class\": \"icon-icon7\"}', '2025-04-10 17:27:20', '2025-07-14 23:50:21'),
(16, 4, '{\"feature_text\": {\"en\": \"Easily create and manage multiple wallets for personal savings, business transactions, and global investments through DigiKash.\", \"es\": \"Crea y gestiona fácilmente múltiples carteras para ahorros personales, transacciones comerciales e inversiones globales con DigiKash.\"}, \"feature_title\": {\"en\": \"Different Wallet\", \"es\": \"Cartera Diferente\"}, \"feature_icon_class\": \"icon-icon8\"}', '2025-04-10 17:27:20', '2025-04-10 17:27:20'),
(17, 4, '{\"feature_text\": {\"en\": \"Send, receive, and exchange money in multiple currencies instantly, all while enjoying the best rates through DigiKash.\", \"es\": \"Envía, recibe e intercambia dinero en múltiples monedas al instante, disfrutando siempre de las mejores tarifas con DigiKash.\"}, \"feature_title\": {\"en\": \"Multiple Currency\", \"es\": \"Moneda Múltiple\"}, \"feature_icon_class\": \"icon-icon9\"}', '2025-04-10 17:27:20', '2025-04-10 17:27:20'),
(18, 4, '{\"feature_text\": {\"en\": \"Experience ultra-fast money transfers worldwide with minimal fees, powered by DigiKash’s cutting-edge technology.\", \"es\": \"Experimenta transferencias de dinero ultrarrápidas en todo el mundo con tarifas mínimas, impulsadas por la tecnología avanzada de DigiKash.\"}, \"feature_title\": {\"en\": \"Fast Transaction\", \"es\": \"Transacción Rápida\"}, \"feature_icon_class\": \"icon-icon9\"}', '2025-04-10 17:27:20', '2025-04-10 17:27:20'),
(19, 4, '{\"feature_text\": {\"en\": \"Keep your money safe with DigiKash, where every transaction is protected by advanced, bank-grade security protocols.\", \"es\": \"Mantén tu dinero seguro con DigiKash, donde cada transacción está protegida por protocolos de seguridad avanzados de nivel bancario.\"}, \"feature_title\": {\"en\": \"Safe Transaction\", \"es\": \"Transacción Segura\"}, \"feature_icon_class\": \"icon-icon11\"}', '2025-04-10 17:27:20', '2025-04-10 17:27:20'),
(20, 4, '{\"feature_text\": {\"en\": \"Enjoy flexible deposit and withdrawal options with DigiKash, supporting multiple secure methods for your convenience.\", \"es\": \"Disfruta de opciones flexibles de depósito y retiro con DigiKash, que admite múltiples métodos seguros para tu comodidad.\"}, \"feature_title\": {\"en\": \"Various Method\", \"es\": \"Varios Métodos\"}, \"feature_icon_class\": \"icon-icon12\"}', '2025-04-10 17:27:20', '2025-04-10 17:27:20'),
(25, 5, '{\"service_text\": {\"en\": \"Send money instantly between DigiKash wallets worldwide with just a few clicks.\", \"es\": \"Envía dinero instantáneamente entre billeteras DigiKash en todo el mundo con solo unos clics.\"}, \"service_image\": \"images/2025/04/10/20250410_183859_01_6Eac.jpg\", \"service_title\": {\"en\": \"Instant Wallet Transfers\", \"es\": \"Transferencias Instantáneas de Billetera\"}}', '2025-04-10 18:37:02', '2025-06-30 06:04:55'),
(26, 5, '{\"service_text\": {\"en\": \"Operate with various global currencies and easily convert funds within DigiKash.\", \"es\": \"Opera con diversas monedas globales y convierte fondos fácilmente dentro de DigiKash.\"}, \"service_image\": \"images/2025/04/10/20250410_183908_02_Nd1O.jpg\", \"service_title\": {\"en\": \"Multi-Currency Support\", \"es\": \"Soporte Multimoneda\"}}', '2025-04-10 18:37:02', '2025-04-10 12:39:08'),
(27, 5, '{\"service_text\": {\"en\": \"Accept and make secure online payments for goods and services using DigiKash.\", \"es\": \"Acepta y realiza pagos en línea seguros para bienes y servicios utilizando DigiKash.\"}, \"service_image\": \"images/2025/04/10/20250410_183921_03_RLju.jpg\", \"service_title\": {\"en\": \"Secure Online Payments\", \"es\": \"Pagos en Línea Seguros\"}}', '2025-04-10 18:37:02', '2025-04-10 12:39:21'),
(28, 5, '{\"service_text\": {\"en\": \"Grow your business with DigiKash’s flexible and secure merchant payment solutions.\", \"es\": \"Haz crecer tu negocio con las soluciones de pago flexibles y seguras de DigiKash.\"}, \"service_image\": \"images/2025/04/10/20250410_190030_19199349_4V2O.jpg\", \"service_title\": {\"en\": \"Merchant Payment Solutions\", \"es\": \"Soluciones de Pago para Comerciantes\"}}', '2025-04-10 18:37:02', '2025-06-30 06:05:05'),
(29, 6, '{\"step_title\": {\"en\": \"Choose a Service\", \"es\": \"Elige un Servicio\"}, \"step_icon_class\": \"icon-icon1\", \"step_description\": {\"en\": \"Select the service you need from our platform with ease.\", \"es\": \"Selecciona el servicio que necesitas desde nuestra plataforma con facilidad.\"}}', '2025-04-11 01:54:42', '2025-04-11 01:54:42'),
(30, 6, '{\"step_title\": {\"en\": \"Define Requirements\", \"es\": \"Define Requisitos\"}, \"step_icon_class\": \"icon-icon2\", \"step_description\": {\"en\": \"Specify the requirements to help us tailor the solution for you.\", \"es\": \"Especifica los requisitos para que podamos adaptar la solución para ti.\"}}', '2025-04-11 01:54:42', '2025-04-11 01:54:42'),
(31, 6, '{\"step_title\": {\"en\": \"Request a Meeting\", \"es\": \"Solicitar una Reunión\"}, \"step_icon_class\": \"icon-icon3\", \"step_description\": {\"en\": \"Schedule a meeting with our team to discuss your project details.\", \"es\": \"Programa una reunión con nuestro equipo para discutir los detalles de tu proyecto.\"}}', '2025-04-11 01:54:42', '2025-04-11 01:54:42'),
(32, 6, '{\"step_title\": {\"en\": \"Final Solution Delivery\", \"es\": \"Entrega de la Solución Final\"}, \"step_icon_class\": \"icon-icon4\", \"step_description\": {\"en\": \"Receive the final solution that meets your expectations.\", \"es\": \"Recibe la solución final que cumpla con tus expectativas.\"}}', '2025-04-11 01:54:42', '2025-04-11 01:54:42'),
(37, 7, '{\"counter_title\": {\"en\": \"Total User\", \"es\": \"Total de Usuarios\"}, \"counter_number\": \"25623\", \"counter_prefix\": \"\", \"counter_suffix\": \"\"}', '2025-04-11 07:11:55', '2025-04-11 07:11:55'),
(38, 7, '{\"counter_title\": {\"en\": \"Total Money Sent\", \"es\": \"Total de Dinero Enviado\"}, \"counter_number\": \"3.5\", \"counter_prefix\": \"$\", \"counter_suffix\": \"M\"}', '2025-04-11 07:11:55', '2025-04-11 07:11:55'),
(39, 7, '{\"counter_title\": {\"en\": \"Total Received\", \"es\": \"Total Recibido\"}, \"counter_number\": \"6.5\", \"counter_prefix\": \"$\", \"counter_suffix\": \"M\"}', '2025-04-11 07:11:55', '2025-04-11 07:11:55'),
(40, 7, '{\"counter_title\": {\"en\": \"Daily Transaction\", \"es\": \"Transacciones Diarias\"}, \"counter_number\": \"59623\", \"counter_prefix\": \"\", \"counter_suffix\": \"\"}', '2025-04-11 07:11:55', '2025-04-11 07:11:55'),
(41, 8, '{\"feature_icon\": \"images/2025/04/11/20250411_123558_icon1_Y2MR.png\", \"feature_text\": {\"en\": \"Easily transfer money between your wallets and bank accounts securely.\", \"es\": \"Transfiere dinero fácilmente entre tus billeteras y cuentas bancarias de forma segura.\"}, \"feature_title\": {\"en\": \"Account Transfers\", \"es\": \"Transferencias de Cuenta\"}}', '2025-04-11 12:22:47', '2025-04-11 06:35:58'),
(42, 8, '{\"feature_icon\": \"images/2025/04/11/20250411_123605_icon2_bv3D.png\", \"feature_text\": {\"en\": \"Settle your transactions flexibly at your convenience with real-time tracking.\", \"es\": \"Liquida tus transacciones de manera flexible y con seguimiento en tiempo real.\"}, \"feature_title\": {\"en\": \"Flexible Settlement\", \"es\": \"Liquidación Flexible\"}}', '2025-04-11 12:22:47', '2025-04-11 06:36:05'),
(43, 8, '{\"feature_icon\": \"images/2025/04/11/20250411_123612_icon3_FBbg.png\", \"feature_text\": {\"en\": \"Quickly match your transactions for complete financial clarity and reports.\", \"es\": \"Conciliación rápida de transacciones para claridad y reportes financieros.\"}, \"feature_title\": {\"en\": \"Easy Reconciliation\", \"es\": \"Conciliación Fácil\"}}', '2025-04-11 12:22:47', '2025-04-11 06:36:12'),
(44, 8, '{\"feature_icon\": \"images/2025/04/11/20250411_123619_icon4_Ay3L.png\", \"feature_text\": {\"en\": \"Multiple payment channels to send and receive funds globally with ease.\", \"es\": \"Múltiples canales de pago para enviar y recibir fondos globalmente.\"}, \"feature_title\": {\"en\": \"Payment Channel Options\", \"es\": \"Opciones de Canales de Pago\"}}', '2025-04-11 12:22:47', '2025-04-11 06:36:19'),
(45, 8, '{\"feature_icon\": \"images/2025/04/11/20250411_123627_icon5_1Bfh.png\", \"feature_text\": {\"en\": \"Settle payments safely with our bank-grade encrypted settlement network.\", \"es\": \"Liquida pagos de forma segura con nuestra red de cifrado de nivel bancario.\"}, \"feature_title\": {\"en\": \"Secure Settlements\", \"es\": \"Liquidaciones Seguras\"}}', '2025-04-11 12:22:47', '2025-04-11 06:36:27'),
(46, 8, '{\"feature_icon\": \"images/2025/04/11/20250411_123634_icon6_DdCm.png\", \"feature_text\": {\"en\": \"Test all transactions risk-free with our fully functional sandbox mode.\", \"es\": \"Prueba todas las transacciones sin riesgo con nuestro modo sandbox funcional.\"}, \"feature_title\": {\"en\": \"Fully Featured Sandbox\", \"es\": \"Sandbox Completamente Funcional\"}}', '2025-04-11 12:22:47', '2025-04-11 06:36:34'),
(47, 9, '{\"rating\": \"5\", \"client_name\": {\"en\": \"Kristin Watson\", \"es\": \"Kristin Watson\"}, \"client_image\": \"images/2025/04/11/20250411_133154_client1_ubBg.jpg\", \"comment_text\": {\"en\": \"Using DigiKash has made my international transactions effortless and fast.\", \"es\": \"Usar DigiKash ha hecho que mis transacciones internacionales sean fáciles y rápidas.\"}, \"client_position\": {\"en\": \"Web Designer\", \"es\": \"Diseñador Web\"}}', '2025-04-11 13:30:55', '2025-04-11 07:31:54'),
(48, 9, '{\"rating\": \"4\", \"client_name\": {\"en\": \"Brooklyn Simmons\", \"es\": \"Brooklyn Simmons\"}, \"client_image\": \"images/2025/04/11/20250411_133220_client2_ZQos.jpg\", \"comment_text\": {\"en\": \"A reliable platform to manage and send money worldwide, highly recommended!\", \"es\": \"Una plataforma confiable para gestionar y enviar dinero en todo el mundo, ¡muy recomendada!\"}, \"client_position\": {\"en\": \"App Developer\", \"es\": \"Desarrollador de Aplicaciones\"}}', '2025-04-11 13:30:55', '2025-04-11 07:32:20'),
(49, 9, '{\"rating\": \"4\", \"client_name\": {\"en\": \"Darlene Robertson\", \"es\": \"Darlene Robertson\"}, \"client_image\": \"images/2025/04/11/20250411_133227_client3_U5Uj.jpg\", \"comment_text\": {\"en\": \"The best wallet app I have ever used — smooth experience and strong security.\", \"es\": \"La mejor aplicación de billetera que he usado: experiencia fluida y gran seguridad.\"}, \"client_position\": {\"en\": \"Freelancer\", \"es\": \"Freelancer\"}}', '2025-04-11 13:30:55', '2025-04-11 07:32:27'),
(50, 10, '{\"name\": {\"en\": \"Darlene Robertson\", \"es\": \"Darlene Robertson\"}, \"team_image\": \"images/2025/04/11/20250411_134922_team1_Ma8U.jpg\", \"designation\": {\"en\": \"Financial Advisor\", \"es\": \"Asesora Financiera\"}, \"twitter_url\": \"https://twitter.com/darlene\", \"facebook_url\": \"https://facebook.com/darlene\", \"linkedin_url\": \"https://linkedin.com/in/darlene\", \"pinterest_url\": \"https://pinterest.com/darlene\"}', '2025-04-11 13:48:44', '2025-04-11 07:49:22'),
(51, 10, '{\"name\": {\"en\": \"Leslie Alexander\", \"es\": \"Leslie Alexander\"}, \"team_image\": \"images/2025/04/11/20250411_134929_team2_8O92.jpg\", \"designation\": {\"en\": \"Account Manager\", \"es\": \"Gerente de Cuentas\"}, \"twitter_url\": \"https://twitter.com/leslie\", \"facebook_url\": \"https://facebook.com/leslie\", \"linkedin_url\": \"https://linkedin.com/in/leslie\", \"pinterest_url\": \"https://pinterest.com/leslie\"}', '2025-04-11 13:48:44', '2025-04-11 07:49:29'),
(52, 10, '{\"name\": {\"en\": \"Ralph Edwards\", \"es\": \"Ralph Edwards\"}, \"team_image\": \"images/2025/04/11/20250411_134935_team3_S0Un.jpg\", \"designation\": {\"en\": \"Payment Solutions Expert\", \"es\": \"Experto en Soluciones de Pago\"}, \"twitter_url\": \"https://twitter.com/ralph\", \"facebook_url\": \"https://facebook.com/ralph\", \"linkedin_url\": \"https://linkedin.com/in/ralph\", \"pinterest_url\": \"https://pinterest.com/ralph\"}', '2025-04-11 13:48:44', '2025-04-11 07:49:35');

-- --------------------------------------------------------

--
-- Table structure for table `permissions`
--

CREATE TABLE `permissions` (
  `id` bigint UNSIGNED NOT NULL,
  `category` varchar(255) CHARACTER SET utf8mb4 COLLATE utf8mb4_unicode_ci NOT NULL,
  `name` varchar(255) CHARACTER SET utf8mb4 COLLATE utf8mb4_unicode_ci NOT NULL,
  `guard_name` varchar(255) CHARACTER SET utf8mb4 COLLATE utf8mb4_unicode_ci NOT NULL,
  `created_at` timestamp NULL DEFAULT NULL,
  `updated_at` timestamp NULL DEFAULT NULL
) ENGINE=InnoDB DEFAULT CHARSET=utf8mb4 COLLATE=utf8mb4_unicode_ci;

--
-- Dumping data for table `permissions`
--

INSERT INTO `permissions` (`id`, `category`, `name`, `guard_name`, `created_at`, `updated_at`) VALUES
(1, 'dashboard', 'dashboard-stats', 'admin', NULL, NULL),
(2, 'dashboard', 'transactions-chart', 'admin', NULL, NULL),
(3, 'dashboard', 'wallet-balance', 'admin', NULL, NULL),
(4, 'dashboard', 'earning-chart', 'admin', NULL, NULL),
(5, 'dashboard', 'wallet-growth', 'admin', NULL, NULL),
(6, 'dashboard', 'wallet-latest-transactions', 'admin', NULL, NULL),
(7, 'dashboard', 'wallet-latest-users', 'admin', NULL, NULL),
(8, 'user', 'user-list', 'admin', NULL, NULL),
(9, 'user', 'user-create', 'admin', NULL, NULL),
(10, 'user', 'user-manage', 'admin', NULL, NULL),
(11, 'user', 'user-delete', 'admin', NULL, NULL),
(12, 'user', 'user-activity-log', 'admin', NULL, NULL),
(13, 'user', 'user-login-as', 'admin', NULL, NULL),
(14, 'user', 'user-balance-manage', 'admin', NULL, NULL),
(15, 'user', 'user-features-manage', 'admin', NULL, NULL),
(16, 'role', 'role-list', 'admin', NULL, NULL),
(17, 'role', 'role-create', 'admin', NULL, NULL),
(18, 'role', 'role-edit', 'admin', NULL, NULL),
(19, 'role', 'role-delete', 'admin', NULL, NULL),
(20, 'staff', 'staff-list', 'admin', NULL, NULL),
(21, 'staff', 'staff-create', 'admin', NULL, NULL),
(22, 'staff', 'staff-edit', 'admin', NULL, NULL),
(23, 'merchant', 'merchant-list', 'admin', NULL, NULL),
(24, 'merchant', 'merchant-manage', 'admin', NULL, NULL),
(25, 'merchant', 'merchant-request-notification', 'admin', NULL, NULL),
(26, 'kyc', 'kyc-list', 'admin', NULL, NULL),
(27, 'kyc', 'kyc-action', 'admin', NULL, NULL),
(28, 'kyc', 'kyc-notification', 'admin', NULL, NULL),
(29, 'kyc', 'kyc-template-list', 'admin', NULL, NULL),
(30, 'kyc', 'kyc-template-manage', 'admin', NULL, NULL),
(31, 'virtual-card', 'virtual-card-list', 'admin', NULL, NULL),
(32, 'virtual-card', 'virtual-card-action', 'admin', NULL, NULL),
(33, 'virtual-card', 'virtual-card-notification', 'admin', NULL, NULL),
(34, 'virtual-card', 'virtual-card-provider-manage', 'admin', NULL, NULL),
(35, 'deposit', 'deposit-list', 'admin', NULL, NULL),
(36, 'deposit', 'deposit-action', 'admin', NULL, NULL),
(37, 'deposit', 'deposit-method-list', 'admin', NULL, NULL),
(38, 'deposit', 'deposit-method-manage', 'admin', NULL, NULL),
(39, 'deposit', 'deposit-notification', 'admin', NULL, NULL),
(40, 'withdraw', 'withdraw-list', 'admin', NULL, NULL),
(41, 'withdraw', 'withdraw-action', 'admin', NULL, NULL),
(42, 'withdraw', 'withdraw-method-list', 'admin', NULL, NULL),
(43, 'withdraw', 'withdraw-method-manage', 'admin', NULL, NULL),
(44, 'withdraw', 'withdraw-schedule', 'admin', NULL, NULL),
(45, 'withdraw', 'withdraw-notification', 'admin', NULL, NULL),
(46, 'payment', 'payment-gateway-list', 'admin', NULL, NULL),
(47, 'payment', 'payment-gateway-configure', 'admin', NULL, NULL),
(48, 'site-settings', 'site-setting-view', 'admin', NULL, NULL),
(49, 'site-settings', 'site-setting-update', 'admin', NULL, NULL),
(50, 'language', 'language-list', 'admin', NULL, NULL),
(51, 'language', 'language-create', 'admin', NULL, NULL),
(52, 'language', 'language-manage', 'admin', NULL, NULL),
(53, 'navigation', 'navigation-manage', 'admin', NULL, NULL),
(54, 'page', 'page-list', 'admin', NULL, NULL),
(55, 'page', 'page-create', 'admin', NULL, NULL),
(56, 'page', 'page-edit', 'admin', NULL, NULL),
(57, 'page', 'page-delete', 'admin', NULL, NULL),
(58, 'page', 'page-footer-manage', 'admin', NULL, NULL),
(59, 'component', 'component-list', 'admin', NULL, NULL),
(60, 'component', 'component-manage', 'admin', NULL, NULL),
(61, 'blog', 'blog-list', 'admin', NULL, NULL),
(62, 'blog', 'blog-create', 'admin', NULL, NULL),
(63, 'blog', 'blog-edit', 'admin', NULL, NULL),
(64, 'blog', 'blog-delete', 'admin', NULL, NULL),
(65, 'blog', 'blog-category-list', 'admin', NULL, NULL),
(66, 'blog', 'blog-category-manage', 'admin', NULL, NULL),
(67, 'subscriber', 'subscriber-list', 'admin', NULL, NULL),
(68, 'subscriber', 'subscriber-manage', 'admin', NULL, NULL),
(69, 'social', 'social-list', 'admin', NULL, NULL),
(70, 'social', 'social-manage', 'admin', NULL, NULL),
(71, 'transaction', 'transaction-list', 'admin', NULL, NULL),
(72, 'ranking', 'ranking-manage', 'admin', NULL, NULL),
(73, 'referral', 'referral-manage', 'admin', NULL, NULL),
(74, 'user', 'custom-notify-users', 'admin', NULL, NULL),
(75, 'notification', 'notification-list', 'admin', NULL, NULL),
(76, 'notification', 'notification-plugin-list', 'admin', NULL, NULL),
(77, 'notification', 'notification-template-list', 'admin', NULL, NULL),
(78, 'notification', 'notification-template-manage', 'admin', NULL, NULL),
(79, 'support', 'support-ticket-list', 'admin', NULL, NULL),
(80, 'support', 'support-ticket-category-manage', 'admin', NULL, NULL),
(81, 'support', 'support-ticket-manage', 'admin', NULL, NULL),
(82, 'support', 'support-ticket-notification', 'admin', NULL, NULL),
(83, 'seo', 'seo-manage', 'admin', NULL, NULL),
(84, 'currency', 'currency-manage', 'admin', NULL, NULL),
(85, 'plugins', 'plugins-manage', 'admin', NULL, NULL),
(86, 'app', 'app-info', 'admin', NULL, NULL),
(87, 'app', 'style-manager', 'admin', NULL, NULL),
(88, 'app', 'app-clear-cache', 'admin', NULL, NULL),
(89, 'app', 'app-optimize', 'admin', NULL, NULL);

-- --------------------------------------------------------

--
-- Table structure for table `referrals`
--

CREATE TABLE `referrals` (
  `id` bigint UNSIGNED NOT NULL,
  `user_id` bigint UNSIGNED NOT NULL,
  `referred_user_id` bigint UNSIGNED DEFAULT NULL,
  `parent_referral_id` bigint UNSIGNED DEFAULT NULL,
  `created_at` timestamp NULL DEFAULT NULL,
  `updated_at` timestamp NULL DEFAULT NULL
) ENGINE=InnoDB DEFAULT CHARSET=utf8mb4 COLLATE=utf8mb4_unicode_ci;

-- --------------------------------------------------------

--
-- Table structure for table `referral_contents`
--

CREATE TABLE `referral_contents` (
  `id` bigint UNSIGNED NOT NULL,
  `heading` varchar(255) COLLATE utf8mb4_unicode_ci NOT NULL,
  `positive_guidelines` json DEFAULT NULL,
  `negative_guidelines` json DEFAULT NULL,
  `image_path` varchar(255) COLLATE utf8mb4_unicode_ci DEFAULT NULL,
  `is_active` tinyint(1) NOT NULL DEFAULT '1',
  `created_at` timestamp NULL DEFAULT NULL,
  `updated_at` timestamp NULL DEFAULT NULL,
  `deleted_at` timestamp NULL DEFAULT NULL
) ENGINE=InnoDB DEFAULT CHARSET=utf8mb4 COLLATE=utf8mb4_unicode_ci;

--
-- Dumping data for table `referral_contents`
--

INSERT INTO `referral_contents` (`id`, `heading`, `positive_guidelines`, `negative_guidelines`, `image_path`, `is_active`, `created_at`, `updated_at`, `deleted_at`) VALUES
(1, '{\"en\":\"Share your unique referral link and earn for every successful signup.\",\"es\":\"Comparte tu enlace de referencia \\u00fanico y gana por cada registro exitoso.\"}', '{\"en\": [\"Easily share the link on social media platforms.\", \"Promote your link through any marketing channel.\", \"Share with friends and family members.\"], \"es\": [\"Comparte fácilmente el enlace en plataformas de redes sociales.\", \"Promociona tu enlace a través de cualquier canal de marketing.\", \"Comparte con amigos y familiares.\"]}', '{\"en\": [\"Multiple accounts from the same device are not allowed.\", \"Automated signups using bots are prohibited.\", \"Fake or misleading information is strictly forbidden.\"], \"es\": [\"No se permiten múltiples cuentas desde el mismo dispositivo.\", \"Los registros automatizados usando bots están prohibidos.\", \"La información falsa o engañosa está estrictamente prohibida.\"]}', 'images/2025/07/21/20250721_144406_gift_PRM5.svg', 1, '2025-07-21 08:32:15', '2025-07-21 08:44:52', NULL);

-- --------------------------------------------------------

--
-- Table structure for table `rewards`
--

CREATE TABLE `rewards` (
  `id` bigint UNSIGNED NOT NULL,
  `type` varchar(255) CHARACTER SET utf8mb4 COLLATE utf8mb4_unicode_ci NOT NULL,
  `level` int NOT NULL,
  `percentage` decimal(5,2) NOT NULL,
  `created_at` timestamp NULL DEFAULT NULL,
  `updated_at` timestamp NULL DEFAULT NULL
) ENGINE=InnoDB DEFAULT CHARSET=utf8mb4 COLLATE=utf8mb4_unicode_ci;

--
-- Dumping data for table `rewards`
--

INSERT INTO `rewards` (`id`, `type`, `level`, `percentage`, `created_at`, `updated_at`) VALUES
(1, 'deposit', 1, 10.00, '2025-01-07 18:42:40', '2025-01-07 18:42:40'),
(4, 'payment', 1, 10.00, '2025-01-07 18:42:40', '2025-01-07 18:42:40'),
(9, 'payment', 2, 2.00, '2025-01-18 08:36:30', '2025-01-18 08:36:38'),
(10, 'payment', 3, 1.00, '2025-01-18 08:36:44', '2025-01-18 08:36:44');

-- --------------------------------------------------------

--
-- Table structure for table `roles`
--

CREATE TABLE `roles` (
  `id` bigint UNSIGNED NOT NULL,
  `name` varchar(255) CHARACTER SET utf8mb4 COLLATE utf8mb4_unicode_ci NOT NULL,
  `description` varchar(600) CHARACTER SET utf8mb4 COLLATE utf8mb4_unicode_ci DEFAULT NULL,
  `guard_name` varchar(255) CHARACTER SET utf8mb4 COLLATE utf8mb4_unicode_ci NOT NULL,
  `created_at` timestamp NULL DEFAULT NULL,
  `updated_at` timestamp NULL DEFAULT NULL
) ENGINE=InnoDB DEFAULT CHARSET=utf8mb4 COLLATE=utf8mb4_unicode_ci;

--
-- Dumping data for table `roles`
--

INSERT INTO `roles` (`id`, `name`, `description`, `guard_name`, `created_at`, `updated_at`) VALUES
(1, 'super-admin', 'Full control over the entire platform including users, roles, system settings, financial configs, and logs.\n', 'admin', '2024-07-08 23:07:24', '2024-07-08 23:07:24'),
(3, 'Finance Manager', 'Handles all financial operations including deposits, withdrawals, and payment gateway configuration.', 'admin', '2024-07-09 12:18:07', '2025-04-15 05:30:59'),
(4, 'Support Executive', 'Provides user support, handles tickets, and verifies user issues with limited dashboard access.', 'admin', '2025-04-15 05:31:17', '2025-04-15 05:31:17'),
(5, 'KYC Officer', 'Reviews and approves/rejects user KYC submissions to ensure identity compliance and fraud prevention.', 'admin', '2025-04-15 05:31:31', '2025-04-15 05:31:31');

-- --------------------------------------------------------

--
-- Table structure for table `role_has_permissions`
--

CREATE TABLE `role_has_permissions` (
  `permission_id` bigint UNSIGNED NOT NULL,
  `role_id` bigint UNSIGNED NOT NULL
) ENGINE=InnoDB DEFAULT CHARSET=utf8mb4 COLLATE=utf8mb4_unicode_ci;

--
-- Dumping data for table `role_has_permissions`
--

INSERT INTO `role_has_permissions` (`permission_id`, `role_id`) VALUES
(1, 1),
(2, 1),
(3, 1),
(4, 1),
(5, 1),
(6, 1),
(7, 1),
(8, 1),
(9, 1),
(10, 1),
(11, 1),
(12, 1),
(13, 1),
(14, 1),
(15, 1),
(16, 1),
(17, 1),
(18, 1),
(19, 1),
(20, 1),
(21, 1),
(22, 1),
(23, 1),
(24, 1),
(25, 1),
(26, 1),
(27, 1),
(28, 1),
(29, 1),
(30, 1),
(31, 1),
(32, 1),
(33, 1),
(34, 1),
(35, 1),
(36, 1),
(37, 1),
(38, 1),
(39, 1),
(40, 1),
(41, 1),
(42, 1),
(43, 1),
(44, 1),
(45, 1),
(46, 1),
(47, 1),
(48, 1),
(49, 1),
(50, 1),
(51, 1),
(52, 1),
(53, 1),
(54, 1),
(55, 1),
(56, 1),
(57, 1),
(58, 1),
(59, 1),
(60, 1),
(61, 1),
(62, 1),
(63, 1),
(64, 1),
(65, 1),
(66, 1),
(67, 1),
(68, 1),
(69, 1),
(70, 1),
(71, 1),
(72, 1),
(73, 1),
(74, 1),
(75, 1),
(76, 1),
(77, 1),
(78, 1),
(79, 1),
(80, 1),
(81, 1),
(82, 1),
(83, 1),
(84, 1),
(85, 1),
(86, 1),
(87, 1),
(88, 1),
(89, 1);

-- --------------------------------------------------------

--
-- Table structure for table `sessions`
--

CREATE TABLE `sessions` (
  `id` varchar(255) CHARACTER SET utf8mb4 COLLATE utf8mb4_unicode_ci NOT NULL,
  `user_id` bigint UNSIGNED DEFAULT NULL,
  `ip_address` varchar(45) CHARACTER SET utf8mb4 COLLATE utf8mb4_unicode_ci DEFAULT NULL,
  `user_agent` text CHARACTER SET utf8mb4 COLLATE utf8mb4_unicode_ci,
  `payload` longtext CHARACTER SET utf8mb4 COLLATE utf8mb4_unicode_ci NOT NULL,
  `last_activity` int NOT NULL
) ENGINE=InnoDB DEFAULT CHARSET=utf8mb4 COLLATE=utf8mb4_unicode_ci;

-- --------------------------------------------------------

--
-- Table structure for table `site_seos`
--

CREATE TABLE `site_seos` (
  `id` bigint UNSIGNED NOT NULL,
  `page_id` varchar(255) CHARACTER SET utf8mb4 COLLATE utf8mb4_unicode_ci DEFAULT NULL,
  `meta_title` json DEFAULT NULL,
  `meta_description` json DEFAULT NULL,
  `meta_keywords` json DEFAULT NULL,
  `canonical_url` varchar(255) CHARACTER SET utf8mb4 COLLATE utf8mb4_unicode_ci DEFAULT NULL,
  `robots` varchar(255) CHARACTER SET utf8mb4 COLLATE utf8mb4_unicode_ci NOT NULL DEFAULT 'index,follow',
  `image` varchar(255) CHARACTER SET utf8mb4 COLLATE utf8mb4_unicode_ci DEFAULT NULL,
  `created_at` timestamp NULL DEFAULT NULL,
  `updated_at` timestamp NULL DEFAULT NULL
) ENGINE=InnoDB DEFAULT CHARSET=utf8mb4 COLLATE=utf8mb4_unicode_ci;

--
-- Dumping data for table `site_seos`
--

INSERT INTO `site_seos` (`id`, `page_id`, `meta_title`, `meta_description`, `meta_keywords`, `canonical_url`, `robots`, `image`, `created_at`, `updated_at`) VALUES
(1, NULL, '{\"en\": \"Digikash - Secure & Fast Digital Wallet for Easy Payments\", \"es\": \"Digikash - Monedero Digital Seguro y Rápido para Pagos Fáciles\"}', '{\"en\": \"Digikash is your trusted digital wallet solution offering instant money transfers, secure online payments, and seamless transactions worldwide.\", \"es\": \"Digikash es tu solución confiable de monedero digital que ofrece transferencias de dinero instantáneas, pagos en línea seguros y transacciones sin complicaciones en todo el mundo.\"}', '\"digikash,digital wallet,send money,receive money,online payment,fast transfer,secure wallet,wallet app\"', 'https://yourdigikash.com', 'index,follow', 'images/2025/04/07/20250407_115616_2025_02_27_15_19_28_logo_t9b0_D4ap.png', '2025-04-06 21:52:10', '2025-04-07 06:00:28');

-- --------------------------------------------------------

--
-- Table structure for table `socials`
--

CREATE TABLE `socials` (
  `id` bigint UNSIGNED NOT NULL,
  `name` varchar(255) CHARACTER SET utf8mb4 COLLATE utf8mb4_unicode_ci NOT NULL,
  `icon_class` varchar(255) CHARACTER SET utf8mb4 COLLATE utf8mb4_unicode_ci NOT NULL,
  `target` varchar(255) CHARACTER SET utf8mb4 COLLATE utf8mb4_unicode_ci NOT NULL,
  `url` varchar(255) CHARACTER SET utf8mb4 COLLATE utf8mb4_unicode_ci NOT NULL,
  `status` tinyint(1) NOT NULL DEFAULT '1',
  `created_at` timestamp NULL DEFAULT NULL,
  `updated_at` timestamp NULL DEFAULT NULL
) ENGINE=InnoDB DEFAULT CHARSET=utf8mb4 COLLATE=utf8mb4_unicode_ci;

--
-- Dumping data for table `socials`
--

INSERT INTO `socials` (`id`, `name`, `icon_class`, `target`, `url`, `status`, `created_at`, `updated_at`) VALUES
(4, 'Facebook', 'fab fa-facebook-f', '_blank', 'https://www.facebook.com/yourpage', 1, '2025-04-07 20:31:11', '2025-04-09 10:30:02'),
(5, 'Twitter', 'fab fa-twitter', '_blank', 'https://www.twitter.com/yourprofile', 1, '2025-04-07 20:35:55', '2025-04-07 20:49:39'),
(6, 'LinkedIn', 'fab fa-linkedin-in', '_self', 'https://www.linkedin.com/in/yourprofile', 1, '2025-04-07 20:36:20', '2025-04-07 20:44:53');

-- --------------------------------------------------------

--
-- Table structure for table `subscribers`
--

CREATE TABLE `subscribers` (
  `id` bigint UNSIGNED NOT NULL,
  `email` varchar(255) CHARACTER SET utf8mb4 COLLATE utf8mb4_unicode_ci NOT NULL,
  `ip_address` varchar(45) CHARACTER SET utf8mb4 COLLATE utf8mb4_unicode_ci DEFAULT NULL,
  `is_verified` tinyint(1) NOT NULL DEFAULT '0',
  `subscribed_at` timestamp NULL DEFAULT NULL,
  `created_at` timestamp NULL DEFAULT NULL,
  `updated_at` timestamp NULL DEFAULT NULL
) ENGINE=InnoDB DEFAULT CHARSET=utf8mb4 COLLATE=utf8mb4_unicode_ci;

-- --------------------------------------------------------

--
-- Table structure for table `support_categories`
--

CREATE TABLE `support_categories` (
  `id` bigint UNSIGNED NOT NULL,
  `name` varchar(255) CHARACTER SET utf8mb4 COLLATE utf8mb4_unicode_ci NOT NULL,
  `status` tinyint(1) NOT NULL DEFAULT '1',
  `created_at` timestamp NULL DEFAULT NULL,
  `updated_at` timestamp NULL DEFAULT NULL
) ENGINE=InnoDB DEFAULT CHARSET=utf8mb4 COLLATE=utf8mb4_unicode_ci;

--
-- Dumping data for table `support_categories`
--

INSERT INTO `support_categories` (`id`, `name`, `status`, `created_at`, `updated_at`) VALUES
(1, 'Genaral', 1, '2025-01-21 00:56:13', '2025-01-21 01:18:15');

-- --------------------------------------------------------

--
-- Table structure for table `tickets`
--

CREATE TABLE `tickets` (
  `id` bigint UNSIGNED NOT NULL,
  `uuid` varchar(255) CHARACTER SET utf8mb4 COLLATE utf8mb4_unicode_ci NOT NULL,
  `user_id` bigint UNSIGNED NOT NULL,
  `category_id` bigint UNSIGNED DEFAULT NULL,
  `title` varchar(255) CHARACTER SET utf8mb4 COLLATE utf8mb4_unicode_ci NOT NULL,
  `message` text CHARACTER SET utf8mb4 COLLATE utf8mb4_unicode_ci NOT NULL,
  `attachment` varchar(255) CHARACTER SET utf8mb4 COLLATE utf8mb4_unicode_ci DEFAULT NULL,
  `priority` varchar(255) CHARACTER SET utf8mb4 COLLATE utf8mb4_unicode_ci NOT NULL,
  `status` varchar(255) CHARACTER SET utf8mb4 COLLATE utf8mb4_unicode_ci NOT NULL,
  `is_resolved` tinyint(1) NOT NULL DEFAULT '0',
  `created_at` timestamp NULL DEFAULT NULL,
  `updated_at` timestamp NULL DEFAULT NULL
) ENGINE=InnoDB DEFAULT CHARSET=utf8mb4 COLLATE=utf8mb4_unicode_ci;

-- --------------------------------------------------------

--
-- Table structure for table `user_features`
--

CREATE TABLE `user_features` (
  `id` bigint UNSIGNED NOT NULL,
  `user_id` bigint UNSIGNED NOT NULL,
  `feature` varchar(255) CHARACTER SET utf8mb4 COLLATE utf8mb4_unicode_ci NOT NULL,
  `description` varchar(255) CHARACTER SET utf8mb4 COLLATE utf8mb4_unicode_ci NOT NULL,
  `status` tinyint(1) NOT NULL DEFAULT '1',
  `sort_order` int NOT NULL DEFAULT '0',
  `created_at` timestamp NULL DEFAULT NULL,
  `updated_at` timestamp NULL DEFAULT NULL
) ENGINE=InnoDB DEFAULT CHARSET=utf8mb4 COLLATE=utf8mb4_unicode_ci;

-- --------------------------------------------------------

--
-- Table structure for table `user_ranks`
--

CREATE TABLE `user_ranks` (
  `id` bigint UNSIGNED NOT NULL,
  `is_default` tinyint(1) NOT NULL DEFAULT '0',
  `icon` varchar(255) CHARACTER SET utf8mb4 COLLATE utf8mb4_unicode_ci DEFAULT NULL,
  `name` varchar(255) CHARACTER SET utf8mb4 COLLATE utf8mb4_unicode_ci NOT NULL,
  `transaction_amount` int UNSIGNED NOT NULL,
  `transaction_types` json DEFAULT NULL,
  `description` text CHARACTER SET utf8mb4 COLLATE utf8mb4_unicode_ci,
  `reward` double NOT NULL DEFAULT '0',
  `features` json DEFAULT NULL,
  `is_active` tinyint(1) NOT NULL DEFAULT '1',
  `created_at` timestamp NULL DEFAULT NULL,
  `updated_at` timestamp NULL DEFAULT NULL
) ENGINE=InnoDB DEFAULT CHARSET=utf8mb4 COLLATE=utf8mb4_unicode_ci;

--
-- Dumping data for table `user_ranks`
--

INSERT INTO `user_ranks` (`id`, `is_default`, `icon`, `name`, `transaction_amount`, `transaction_types`, `description`, `reward`, `features`, `is_active`, `created_at`, `updated_at`) VALUES
(1, 1, 'images/2025-01-27_15-07-46_ranking_badge_lQaU.png', 'Starter', 0, '[\"deposit\", \"referral_reward\"]', 'Begin your journey with free access and basic features!', 0, '{\"wallet_create\": \"2\", \"referral_level\": \"2\"}', 1, '2025-01-27 05:39:34', '2025-07-20 11:45:48'),
(2, 0, 'images/2025-01-26_07-22-05_bronze_badge_myon.png', 'Bronze', 200, '[\"deposit\", \"send_money\", \"referral_reward\"]', 'Gain referral levels and earn rewards by completing transactions of $200', 2, '{\"wallet_create\": \"2\", \"referral_level\": \"3\"}', 1, '2025-01-26 01:22:05', '2025-03-12 17:39:18'),
(3, 0, 'images/2025-01-26_07-26-56_silver_medal_aaP2.png', 'Silver', 500, '[\"deposit\", \"send_money\", \"referral_reward\"]', 'Unlock higher referral levels and earn greater rewards by completing transactions of $500 or more!', 10, '{\"wallet_create\": \"5\", \"referral_level\": \"4\"}', 1, '2025-01-26 01:26:56', '2025-01-27 08:13:02'),
(4, 0, 'images/2025-01-26_07-28-08_gold_medal_xRTm.png', 'Gold', 1300, '[\"deposit\", \"pay_money\", \"referral_reward\"]', 'Maximize your earnings with advanced referral levels and exclusive rewards by completing transactions of $1,300 or more!', 50, '{\"wallet_create\": \"10\", \"referral_level\": \"5\"}', 1, '2025-01-26 01:28:08', '2025-01-27 08:13:35');

-- --------------------------------------------------------

--
-- Table structure for table `virtual_cards`
--

CREATE TABLE `virtual_cards` (
  `id` bigint UNSIGNED NOT NULL,
  `virtual_card_request_id` bigint UNSIGNED NOT NULL,
  `wallet_id` bigint UNSIGNED NOT NULL,
  `user_id` bigint UNSIGNED NOT NULL,
  `provider_id` bigint UNSIGNED DEFAULT NULL,
  `provider_card_id` varchar(255) COLLATE utf8mb4_unicode_ci NOT NULL,
  `network` varchar(255) COLLATE utf8mb4_unicode_ci NOT NULL,
  `last4` varchar(4) COLLATE utf8mb4_unicode_ci NOT NULL,
  `brand` varchar(32) COLLATE utf8mb4_unicode_ci DEFAULT NULL,
  `expiry_month` varchar(2) COLLATE utf8mb4_unicode_ci NOT NULL,
  `expiry_year` varchar(4) COLLATE utf8mb4_unicode_ci NOT NULL,
  `status` varchar(255) COLLATE utf8mb4_unicode_ci NOT NULL DEFAULT 'active',
  `meta` json DEFAULT NULL,
  `created_at` timestamp NULL DEFAULT NULL,
  `updated_at` timestamp NULL DEFAULT NULL
) ENGINE=InnoDB DEFAULT CHARSET=utf8mb4 COLLATE=utf8mb4_unicode_ci;

-- --------------------------------------------------------

--
-- Table structure for table `virtual_card_fee_settings`
--

CREATE TABLE `virtual_card_fee_settings` (
  `id` bigint UNSIGNED NOT NULL,
  `provider_id` bigint UNSIGNED NOT NULL,
  `currency_id` bigint UNSIGNED NOT NULL,
  `operation` varchar(32) COLLATE utf8mb4_unicode_ci NOT NULL,
  `fee_type` varchar(32) COLLATE utf8mb4_unicode_ci NOT NULL,
  `fee_amount` decimal(12,2) NOT NULL,
  `min_amount` decimal(12,2) NOT NULL DEFAULT '0.00',
  `max_amount` decimal(12,2) DEFAULT NULL,
  `daily_txn_limit` int DEFAULT NULL,
  `daily_amount_limit` decimal(16,2) DEFAULT NULL,
  `approval_threshold` decimal(12,2) DEFAULT NULL,
  `active` tinyint(1) NOT NULL DEFAULT '1',
  `created_at` timestamp NULL DEFAULT NULL,
  `updated_at` timestamp NULL DEFAULT NULL
) ENGINE=InnoDB DEFAULT CHARSET=utf8mb4 COLLATE=utf8mb4_unicode_ci;

--
-- Dumping data for table `virtual_card_fee_settings`
--

INSERT INTO `virtual_card_fee_settings` (`id`, `provider_id`, `currency_id`, `operation`, `fee_type`, `fee_amount`, `min_amount`, `max_amount`, `daily_txn_limit`, `daily_amount_limit`, `approval_threshold`, `active`, `created_at`, `updated_at`) VALUES
(1, 2, 1, 'topup', 'percent', 2.00, 10.00, 1000.00, NULL, NULL, 200.00, 1, '2025-07-04 10:36:31', '2025-07-04 19:34:29');

-- --------------------------------------------------------

--
-- Table structure for table `virtual_card_providers`
--

CREATE TABLE `virtual_card_providers` (
  `id` bigint UNSIGNED NOT NULL,
  `payment_gateway_id` bigint UNSIGNED DEFAULT NULL,
  `name` varchar(255) COLLATE utf8mb4_unicode_ci NOT NULL,
  `code` varchar(255) COLLATE utf8mb4_unicode_ci NOT NULL,
  `logo` varchar(255) COLLATE utf8mb4_unicode_ci DEFAULT NULL,
  `brand` varchar(255) COLLATE utf8mb4_unicode_ci DEFAULT NULL,
  `description` varchar(255) COLLATE utf8mb4_unicode_ci DEFAULT NULL,
  `supported_networks` json DEFAULT NULL,
  `supported_currencies` json DEFAULT NULL,
  `issue_fee` decimal(12,2) NOT NULL DEFAULT '0.00',
  `min_balance` decimal(12,2) DEFAULT NULL,
  `status` tinyint(1) NOT NULL DEFAULT '1',
  `config` json DEFAULT NULL,
  `order` int DEFAULT NULL,
  `created_at` timestamp NULL DEFAULT NULL,
  `updated_at` timestamp NULL DEFAULT NULL
) ENGINE=InnoDB DEFAULT CHARSET=utf8mb4 COLLATE=utf8mb4_unicode_ci;

--
-- Dumping data for table `virtual_card_providers`
--

INSERT INTO `virtual_card_providers` (`id`, `payment_gateway_id`, `name`, `code`, `logo`, `brand`, `description`, `supported_networks`, `supported_currencies`, `issue_fee`, `min_balance`, `status`, `config`, `order`, `created_at`, `updated_at`) VALUES
(1, NULL, 'Stripe Issuing', 'stripe', 'general/static/gateway/stripe.png', 'Multi', NULL, '[\"mastercard\", \"visa\"]', '[\"USD\", \"EUR\", \"GBP\"]', 2.00, 10.00, 1, NULL, 1, '2025-06-30 22:20:14', '2025-06-30 22:20:14'),
(2, NULL, 'StroWallet Provider', 'strowallet', 'general/static/gateway/strowallet.png', 'Multi', NULL, '[\"mastercard\", \"visa\"]', '[\"USD\", \"NGN\"]', 1.50, 5.00, 1, NULL, 2, '2025-07-02 23:44:48', '2025-07-02 23:44:48');

-- --------------------------------------------------------

--
-- Table structure for table `virtual_card_requests`
--

CREATE TABLE `virtual_card_requests` (
  `id` bigint UNSIGNED NOT NULL,
  `uuid` varchar(255) CHARACTER SET utf8mb4 COLLATE utf8mb4_unicode_ci NOT NULL,
  `wallet_id` bigint UNSIGNED NOT NULL,
  `user_id` bigint UNSIGNED NOT NULL,
  `cardholder_id` bigint UNSIGNED NOT NULL,
  `provider_id` bigint UNSIGNED DEFAULT NULL,
  `network` varchar(255) CHARACTER SET utf8mb4 COLLATE utf8mb4_unicode_ci NOT NULL,
  `status` varchar(255) CHARACTER SET utf8mb4 COLLATE utf8mb4_unicode_ci NOT NULL DEFAULT 'pending',
  `admin_note` text CHARACTER SET utf8mb4 COLLATE utf8mb4_unicode_ci,
  `admin_reviewed_at` timestamp NULL DEFAULT NULL,
  `provider_issued_at` timestamp NULL DEFAULT NULL,
  `provider_response` json DEFAULT NULL,
  `created_at` timestamp NULL DEFAULT NULL,
  `updated_at` timestamp NULL DEFAULT NULL
) ENGINE=InnoDB DEFAULT CHARSET=utf8mb4 COLLATE=utf8mb4_unicode_ci;

-- --------------------------------------------------------

--
-- Table structure for table `vouchers`
--

CREATE TABLE `vouchers` (
  `id` bigint UNSIGNED NOT NULL,
  `user_id` bigint UNSIGNED NOT NULL,
  `code` varchar(255) CHARACTER SET utf8mb4 COLLATE utf8mb4_unicode_ci NOT NULL,
  `amount` decimal(15,2) NOT NULL,
  `currency_id` bigint UNSIGNED DEFAULT NULL,
  `is_active` tinyint(1) NOT NULL DEFAULT '1',
  `redeemed_by` bigint UNSIGNED DEFAULT NULL,
  `redeemed_wallet_id` bigint UNSIGNED DEFAULT NULL,
  `redeemed_at` timestamp NULL DEFAULT NULL,
  `created_at` timestamp NULL DEFAULT NULL,
  `updated_at` timestamp NULL DEFAULT NULL
) ENGINE=InnoDB DEFAULT CHARSET=utf8mb4 COLLATE=utf8mb4_unicode_ci;

-- --------------------------------------------------------

--
-- Table structure for table `wallets`
--

CREATE TABLE `wallets` (
  `id` bigint UNSIGNED NOT NULL,
  `currency_id` bigint UNSIGNED NOT NULL,
  `user_id` bigint UNSIGNED NOT NULL,
  `uuid` varchar(255) CHARACTER SET utf8mb4 COLLATE utf8mb4_unicode_ci NOT NULL,
  `balance` double NOT NULL DEFAULT '0',
  `status` tinyint NOT NULL DEFAULT '1',
  `created_at` timestamp NULL DEFAULT NULL,
  `updated_at` timestamp NULL DEFAULT NULL
) ENGINE=InnoDB DEFAULT CHARSET=utf8mb4 COLLATE=utf8mb4_unicode_ci;

-- --------------------------------------------------------

--
-- Table structure for table `withdraw_methods`
--

CREATE TABLE `withdraw_methods` (
  `id` bigint UNSIGNED NOT NULL,
  `payment_gateway_id` int DEFAULT NULL COMMENT 'Payment gateway id',
  `logo` varchar(255) CHARACTER SET utf8mb4 COLLATE utf8mb4_unicode_ci DEFAULT NULL COMMENT 'Icon for the withdraw method',
  `name` varchar(255) CHARACTER SET utf8mb4 COLLATE utf8mb4_unicode_ci NOT NULL COMMENT 'Name of the withdraw method',
  `type` enum('auto','manual') CHARACTER SET utf8mb4 COLLATE utf8mb4_unicode_ci NOT NULL COMMENT 'auto = automatic, manual = manual',
  `method_code` varchar(255) CHARACTER SET utf8mb4 COLLATE utf8mb4_unicode_ci NOT NULL COMMENT 'Unique code for the withdraw method',
  `currency` varchar(255) CHARACTER SET utf8mb4 COLLATE utf8mb4_unicode_ci NOT NULL COMMENT 'Currency of the withdrawal',
  `currency_symbol` varchar(255) CHARACTER SET utf8mb4 COLLATE utf8mb4_unicode_ci NOT NULL COMMENT 'Currency symbol',
  `min_withdraw` double NOT NULL COMMENT 'Minimum withdrawal limit',
  `max_withdraw` double NOT NULL COMMENT 'Maximum withdrawal limit',
  `conversion_rate_live` tinyint(1) DEFAULT NULL,
  `conversion_rate` double DEFAULT NULL COMMENT 'Exchange rate',
  `charge_type` enum('fixed','percent') CHARACTER SET utf8mb4 COLLATE utf8mb4_unicode_ci NOT NULL COMMENT 'fixed = fixed charge, percent = percent charge',
  `charge` double NOT NULL COMMENT 'Fee charged for withdrawals',
  `user_charge` double DEFAULT NULL COMMENT 'Charge amount for regular users',
  `user_charge_type` varchar(255) COLLATE utf8mb4_unicode_ci NOT NULL DEFAULT 'percent' COMMENT 'Charge type for regular users: fixed or percent (cast to FixPctType enum)',
  `merchant_charge` double DEFAULT NULL COMMENT 'Charge amount for merchant users',
  `merchant_charge_type` varchar(255) COLLATE utf8mb4_unicode_ci NOT NULL DEFAULT 'percent' COMMENT 'Charge type for merchant users: fixed or percent (cast to FixPctType enum)',
  `process_time_value` int DEFAULT '0' COMMENT 'Processing time value',
  `process_time_unit` enum('minute','hour','day') CHARACTER SET utf8mb4 COLLATE utf8mb4_unicode_ci DEFAULT 'minute' COMMENT 'Processing time unit',
  `fields` longtext CHARACTER SET utf8mb4 COLLATE utf8mb4_unicode_ci COMMENT 'Additional fields required for the withdrawal method',
  `status` tinyint NOT NULL DEFAULT '1' COMMENT '1 = active, 0 = inactive',
  `created_at` timestamp NULL DEFAULT NULL,
  `updated_at` timestamp NULL DEFAULT NULL
) ENGINE=InnoDB DEFAULT CHARSET=utf8mb4 COLLATE=utf8mb4_unicode_ci;

--
-- Dumping data for table `withdraw_methods`
--

INSERT INTO `withdraw_methods` (`id`, `payment_gateway_id`, `logo`, `name`, `type`, `method_code`, `currency`, `currency_symbol`, `min_withdraw`, `max_withdraw`, `conversion_rate_live`, `conversion_rate`, `charge_type`, `charge`, `user_charge`, `user_charge_type`, `merchant_charge`, `merchant_charge_type`, `process_time_value`, `process_time_unit`, `fields`, `status`, `created_at`, `updated_at`) VALUES
(1, 1, 'images/2025-03-07_23-20-28_paypal_YLzE.png', 'paypal', 'auto', 'paypal-usd', 'USD', '$', 10, 1000, 0, 1, 'percent', 10, 10, 'percent', 5, 'fixed', NULL, NULL, '[{\"name\":\"email\",\"type\":\"text\",\"validation\":\"required\"}]', 1, '2024-12-29 06:28:15', '2025-07-19 23:32:14'),
(2, NULL, 'images/2025/05/19/20250519_080818_bank_transfer_7K9J.png', 'Bank Transfer', 'manual', 'swift-usd', 'USD', '$', 100, 50000, NULL, 1, 'fixed', 25, NULL, 'percent', NULL, 'percent', 5, 'day', '{\"3\":{\"name\":\"Account Holder Name\",\"type\":\"text\",\"validation\":\"required\"},\"4\":{\"name\":\"Bank Name\",\"type\":\"text\",\"validation\":\"required\"},\"5\":{\"name\":\"SWIFT\\/BIC Code\",\"type\":\"text\",\"validation\":\"required\"},\"6\":{\"name\":\"IBAN\",\"type\":\"text\",\"validation\":\"nullable\"}}', 1, '2025-05-19 02:08:18', '2025-05-19 02:08:18');

-- --------------------------------------------------------

--
-- Table structure for table `withdraw_schedules`
--

CREATE TABLE `withdraw_schedules` (
  `id` bigint UNSIGNED NOT NULL,
  `day` varchar(10) CHARACTER SET utf8mb4 COLLATE utf8mb4_unicode_ci NOT NULL,
  `status` tinyint(1) NOT NULL DEFAULT '0',
  `created_at` timestamp NULL DEFAULT NULL,
  `updated_at` timestamp NULL DEFAULT NULL
) ENGINE=InnoDB DEFAULT CHARSET=utf8mb4 COLLATE=utf8mb4_unicode_ci;

--
-- Dumping data for table `withdraw_schedules`
--

INSERT INTO `withdraw_schedules` (`id`, `day`, `status`, `created_at`, `updated_at`) VALUES
(1, 'Sunday', 1, '2024-12-27 22:30:20', '2024-12-27 22:30:20'),
(2, 'Monday', 1, '2024-12-27 22:30:20', '2024-12-27 22:30:20'),
(3, 'Tuesday', 1, '2024-12-27 22:30:20', '2024-12-27 22:30:20'),
(4, 'Wednesday', 1, '2024-12-27 22:30:20', '2024-12-27 22:30:20'),
(5, 'Thursday', 1, '2024-12-27 22:30:20', '2024-12-27 22:30:20'),
(6, 'Friday', 1, '2024-12-27 22:30:20', '2024-12-27 22:30:20'),
(7, 'Saturday', 1, '2024-12-27 22:30:20', '2024-12-27 22:30:20');

--
-- Indexes for table `blogs`
--
ALTER TABLE `blogs`
  ADD PRIMARY KEY (`id`),
  ADD UNIQUE KEY `blogs_slug_unique` (`slug`),
  ADD KEY `blogs_category_id_foreign` (`category_id`),
  ADD KEY `blogs_admin_id_foreign` (`admin_id`);

--
-- Indexes for table `blog_categories`
--
ALTER TABLE `blog_categories`
  ADD PRIMARY KEY (`id`),
  ADD UNIQUE KEY `blog_categories_slug_unique` (`slug`);

--
-- Indexes for table `businesses`
--
ALTER TABLE `businesses`
  ADD PRIMARY KEY (`id`),
  ADD KEY `businesses_user_id_foreign` (`user_id`);

--
-- Indexes for table `cardholders`
--
ALTER TABLE `cardholders`
  ADD PRIMARY KEY (`id`),
  ADD KEY `cardholders_user_id_foreign` (`user_id`);

--
-- Indexes for table `currencies`
--
ALTER TABLE `currencies`
  ADD PRIMARY KEY (`id`);

--
-- Indexes for table `currency_roles`
--
ALTER TABLE `currency_roles`
  ADD PRIMARY KEY (`id`),
  ADD KEY `currency_roles_currency_id_foreign` (`currency_id`);

--
-- Indexes for table `custom_codes`
--
ALTER TABLE `custom_codes`
  ADD PRIMARY KEY (`id`);

--
-- Indexes for table `custom_landings`
--
ALTER TABLE `custom_landings`
  ADD PRIMARY KEY (`id`),
  ADD UNIQUE KEY `custom_landings_folder_unique` (`folder`);

--
-- Indexes for table `deposit_methods`
--
ALTER TABLE `deposit_methods`
  ADD PRIMARY KEY (`id`),
  ADD KEY `deposit_methods_user_charge_index` (`user_charge`),
  ADD KEY `deposit_methods_merchant_charge_index` (`merchant_charge`);

--
-- Indexes for table `failed_jobs`
--
ALTER TABLE `failed_jobs`
  ADD PRIMARY KEY (`id`),
  ADD UNIQUE KEY `failed_jobs_uuid_unique` (`uuid`);

--
-- Indexes for table `footer_items`
--
ALTER TABLE `footer_items`
  ADD PRIMARY KEY (`id`),
  ADD KEY `footer_items_footer_section_id_foreign` (`footer_section_id`);

--
-- Indexes for table `footer_sections`
--
ALTER TABLE `footer_sections`
  ADD PRIMARY KEY (`id`);

--
-- Indexes for table `ip_blocks`
--
ALTER TABLE `ip_blocks`
  ADD PRIMARY KEY (`id`),
  ADD UNIQUE KEY `ip_blocks_ip_address_unique` (`ip_address`);

--
-- Indexes for table `jobs`
--
ALTER TABLE `jobs`
  ADD PRIMARY KEY (`id`),
  ADD KEY `jobs_queue_index` (`queue`);

--
-- Indexes for table `job_batches`
--
ALTER TABLE `job_batches`
  ADD PRIMARY KEY (`id`);

--
-- Indexes for table `kyc_submissions`
--
ALTER TABLE `kyc_submissions`
  ADD PRIMARY KEY (`id`),
  ADD KEY `kyc_submissions_kyc_template_id_foreign` (`kyc_template_id`),
  ADD KEY `kyc_submissions_user_id_foreign` (`user_id`);

--
-- Indexes for table `kyc_templates`
--
ALTER TABLE `kyc_templates`
  ADD PRIMARY KEY (`id`),
  ADD UNIQUE KEY `kyc_templates_title_unique` (`title`);

--
-- Indexes for table `languages`
--
ALTER TABLE `languages`
  ADD PRIMARY KEY (`id`);

--
-- Indexes for table `login_activities`
--
ALTER TABLE `login_activities`
  ADD PRIMARY KEY (`id`);

--
-- Indexes for table `messages`
--
ALTER TABLE `messages`
  ADD PRIMARY KEY (`id`),
  ADD KEY `messages_admin_id_foreign` (`admin_id`),
  ADD KEY `messages_ticket_id_foreign` (`ticket_id`);

--
-- Indexes for table `migrations`
--
ALTER TABLE `migrations`
  ADD PRIMARY KEY (`id`);

--
-- Indexes for table `model_has_permissions`
--
ALTER TABLE `model_has_permissions`
  ADD PRIMARY KEY (`permission_id`,`model_id`,`model_type`),
  ADD KEY `model_has_permissions_model_id_model_type_index` (`model_id`,`model_type`);

--
-- Indexes for table `model_has_roles`
--
ALTER TABLE `model_has_roles`
  ADD PRIMARY KEY (`role_id`,`model_id`,`model_type`),
  ADD KEY `model_has_roles_model_id_model_type_index` (`model_id`,`model_type`);

--
-- Indexes for table `navigations`
--
ALTER TABLE `navigations`
  ADD PRIMARY KEY (`id`),
  ADD UNIQUE KEY `navigations_slug_unique` (`slug`),
  ADD KEY `navigations_page_id_foreign` (`page_id`);

--
-- Indexes for table `notifications`
--
ALTER TABLE `notifications`
  ADD PRIMARY KEY (`id`),
  ADD KEY `notifications_notifiable_type_notifiable_id_index` (`notifiable_type`,`notifiable_id`);

--
-- Indexes for table `notification_templates`
--
ALTER TABLE `notification_templates`
  ADD PRIMARY KEY (`id`),
  ADD UNIQUE KEY `notification_templates_identifier_unique` (`identifier`);

--
-- Indexes for table `notification_template_channels`
--
ALTER TABLE `notification_template_channels`
  ADD PRIMARY KEY (`id`),
  ADD KEY `notification_template_channels_template_id_foreign` (`template_id`);

--
-- Indexes for table `pages`
--
ALTER TABLE `pages`
  ADD PRIMARY KEY (`id`),
  ADD UNIQUE KEY `pages_slug_unique` (`slug`);

--
-- Indexes for table `page_components`
--
ALTER TABLE `page_components`
  ADD PRIMARY KEY (`id`);

--
-- Indexes for table `page_component_repeated_contents`
--
ALTER TABLE `page_component_repeated_contents`
  ADD PRIMARY KEY (`id`),
  ADD KEY `page_component_contents_component_id_foreign` (`component_id`);

--
-- Indexes for table `permissions`
--
ALTER TABLE `permissions`
  ADD PRIMARY KEY (`id`),
  ADD UNIQUE KEY `permissions_name_guard_name_unique` (`name`,`guard_name`);

--
-- Indexes for table `referrals`
--
ALTER TABLE `referrals`
  ADD PRIMARY KEY (`id`),
  ADD KEY `referrals_user_id_foreign` (`user_id`),
  ADD KEY `referrals_referred_user_id_foreign` (`referred_user_id`),
  ADD KEY `referrals_parent_referral_id_foreign` (`parent_referral_id`);

--
-- Indexes for table `referral_contents`
--
ALTER TABLE `referral_contents`
  ADD PRIMARY KEY (`id`);

--
-- Indexes for table `rewards`
--
ALTER TABLE `rewards`
  ADD PRIMARY KEY (`id`);

--
-- Indexes for table `roles`
--
ALTER TABLE `roles`
  ADD PRIMARY KEY (`id`),
  ADD UNIQUE KEY `roles_name_guard_name_unique` (`name`,`guard_name`);

--
-- Indexes for table `role_has_permissions`
--
ALTER TABLE `role_has_permissions`
  ADD PRIMARY KEY (`permission_id`,`role_id`),
  ADD KEY `role_has_permissions_role_id_foreign` (`role_id`);

--
-- Indexes for table `sessions`
--
ALTER TABLE `sessions`
  ADD PRIMARY KEY (`id`),
  ADD KEY `sessions_user_id_index` (`user_id`),
  ADD KEY `sessions_last_activity_index` (`last_activity`);

--
-- Indexes for table `site_seos`
--
ALTER TABLE `site_seos`
  ADD PRIMARY KEY (`id`);

--
-- Indexes for table `socials`
--
ALTER TABLE `socials`
  ADD PRIMARY KEY (`id`);

--
-- Indexes for table `subscribers`
--
ALTER TABLE `subscribers`
  ADD PRIMARY KEY (`id`),
  ADD UNIQUE KEY `subscribers_email_unique` (`email`);

--
-- Indexes for table `support_categories`
--
ALTER TABLE `support_categories`
  ADD PRIMARY KEY (`id`);

--
-- Indexes for table `tickets`
--
ALTER TABLE `tickets`
  ADD PRIMARY KEY (`id`),
  ADD UNIQUE KEY `tickets_uuid_unique` (`uuid`),
  ADD KEY `tickets_user_id_foreign` (`user_id`);

--
-- Indexes for table `user_features`
--
ALTER TABLE `user_features`
  ADD PRIMARY KEY (`id`),
  ADD KEY `user_features_user_id_foreign` (`user_id`);

--
-- Indexes for table `user_ranks`
--
ALTER TABLE `user_ranks`
  ADD PRIMARY KEY (`id`),
  ADD UNIQUE KEY `user_ranks_name_unique` (`name`);

--
-- Indexes for table `virtual_cards`
--
ALTER TABLE `virtual_cards`
  ADD PRIMARY KEY (`id`),
  ADD UNIQUE KEY `virtual_cards_provider_card_id_unique` (`provider_card_id`),
  ADD KEY `virtual_cards_virtual_card_request_id_foreign` (`virtual_card_request_id`),
  ADD KEY `virtual_cards_wallet_id_foreign` (`wallet_id`),
  ADD KEY `virtual_cards_user_id_foreign` (`user_id`),
  ADD KEY `virtual_cards_provider_id_foreign` (`provider_id`);

--
-- Indexes for table `virtual_card_fee_settings`
--
ALTER TABLE `virtual_card_fee_settings`
  ADD PRIMARY KEY (`id`),
  ADD UNIQUE KEY `unique_fee_setting` (`provider_id`,`currency_id`,`operation`),
  ADD KEY `virtual_card_fee_settings_currency_id_foreign` (`currency_id`);

--
-- Indexes for table `virtual_card_providers`
--
ALTER TABLE `virtual_card_providers`
  ADD PRIMARY KEY (`id`),
  ADD UNIQUE KEY `virtual_card_providers_code_unique` (`code`),
  ADD KEY `virtual_card_providers_payment_gateway_id_index` (`payment_gateway_id`);

--
-- Indexes for table `virtual_card_requests`
--
ALTER TABLE `virtual_card_requests`
  ADD PRIMARY KEY (`id`),
  ADD UNIQUE KEY `virtual_card_requests_uuid_unique` (`uuid`),
  ADD KEY `virtual_card_requests_wallet_id_foreign` (`wallet_id`),
  ADD KEY `virtual_card_requests_user_id_foreign` (`user_id`),
  ADD KEY `id` (`provider_id`);

--
-- Indexes for table `vouchers`
--
ALTER TABLE `vouchers`
  ADD PRIMARY KEY (`id`),
  ADD UNIQUE KEY `vouchers_code_unique` (`code`),
  ADD KEY `vouchers_user_id_foreign` (`user_id`);

--
-- Indexes for table `wallets`
--
ALTER TABLE `wallets`
  ADD PRIMARY KEY (`id`),
  ADD UNIQUE KEY `wallets_wallet_id_unique` (`uuid`),
  ADD KEY `wallets_currency_id_foreign` (`currency_id`),
  ADD KEY `wallets_user_id_foreign` (`user_id`);

--
-- Indexes for table `withdraw_methods`
--
ALTER TABLE `withdraw_methods`
  ADD PRIMARY KEY (`id`),
  ADD KEY `idx_user_merchant_charges` (`user_charge`,`merchant_charge`);

--
-- Indexes for table `withdraw_schedules`
--
ALTER TABLE `withdraw_schedules`
  ADD PRIMARY KEY (`id`);

--
-- AUTO_INCREMENT for table `blogs`
--
ALTER TABLE `blogs`
  MODIFY `id` bigint UNSIGNED NOT NULL AUTO_INCREMENT, AUTO_INCREMENT=11;

--
-- AUTO_INCREMENT for table `blog_categories`
--
ALTER TABLE `blog_categories`
  MODIFY `id` bigint UNSIGNED NOT NULL AUTO_INCREMENT, AUTO_INCREMENT=7;

--
-- AUTO_INCREMENT for table `businesses`
--
ALTER TABLE `businesses`
  MODIFY `id` bigint UNSIGNED NOT NULL AUTO_INCREMENT, AUTO_INCREMENT=2;

--
-- AUTO_INCREMENT for table `cardholders`
--
ALTER TABLE `cardholders`
  MODIFY `id` bigint UNSIGNED NOT NULL AUTO_INCREMENT, AUTO_INCREMENT=4;

--
-- AUTO_INCREMENT for table `currencies`
--
ALTER TABLE `currencies`
  MODIFY `id` bigint UNSIGNED NOT NULL AUTO_INCREMENT, AUTO_INCREMENT=13;

--
-- AUTO_INCREMENT for table `currency_roles`
--
ALTER TABLE `currency_roles`
  MODIFY `id` bigint UNSIGNED NOT NULL AUTO_INCREMENT, AUTO_INCREMENT=77;

--
-- AUTO_INCREMENT for table `custom_codes`
--
ALTER TABLE `custom_codes`
  MODIFY `id` bigint UNSIGNED NOT NULL AUTO_INCREMENT, AUTO_INCREMENT=2;

--
-- AUTO_INCREMENT for table `custom_landings`
--
ALTER TABLE `custom_landings`
  MODIFY `id` bigint UNSIGNED NOT NULL AUTO_INCREMENT, AUTO_INCREMENT=11;

--
-- AUTO_INCREMENT for table `deposit_methods`
--
ALTER TABLE `deposit_methods`
  MODIFY `id` bigint UNSIGNED NOT NULL AUTO_INCREMENT, AUTO_INCREMENT=31;

--
-- AUTO_INCREMENT for table `failed_jobs`
--
ALTER TABLE `failed_jobs`
  MODIFY `id` bigint UNSIGNED NOT NULL AUTO_INCREMENT, AUTO_INCREMENT=580;

--
-- AUTO_INCREMENT for table `footer_items`
--
ALTER TABLE `footer_items`
  MODIFY `id` bigint UNSIGNED NOT NULL AUTO_INCREMENT, AUTO_INCREMENT=16;

--
-- AUTO_INCREMENT for table `footer_sections`
--
ALTER TABLE `footer_sections`
  MODIFY `id` bigint UNSIGNED NOT NULL AUTO_INCREMENT, AUTO_INCREMENT=9;

--
-- AUTO_INCREMENT for table `ip_blocks`
--
ALTER TABLE `ip_blocks`
  MODIFY `id` bigint UNSIGNED NOT NULL AUTO_INCREMENT;

--
-- AUTO_INCREMENT for table `jobs`
--
ALTER TABLE `jobs`
  MODIFY `id` bigint UNSIGNED NOT NULL AUTO_INCREMENT, AUTO_INCREMENT=3668;

--
-- AUTO_INCREMENT for table `kyc_submissions`
--
ALTER TABLE `kyc_submissions`
  MODIFY `id` bigint UNSIGNED NOT NULL AUTO_INCREMENT;

--
-- AUTO_INCREMENT for table `kyc_templates`
--
ALTER TABLE `kyc_templates`
  MODIFY `id` bigint UNSIGNED NOT NULL AUTO_INCREMENT, AUTO_INCREMENT=14;

--
-- AUTO_INCREMENT for table `languages`
--
ALTER TABLE `languages`
  MODIFY `id` bigint UNSIGNED NOT NULL AUTO_INCREMENT, AUTO_INCREMENT=24;

--
-- AUTO_INCREMENT for table `login_activities`
--
ALTER TABLE `login_activities`
  MODIFY `id` bigint UNSIGNED NOT NULL AUTO_INCREMENT, AUTO_INCREMENT=31;

--
-- AUTO_INCREMENT for table `messages`
--
ALTER TABLE `messages`
  MODIFY `id` bigint UNSIGNED NOT NULL AUTO_INCREMENT;

--
-- AUTO_INCREMENT for table `migrations`
--
ALTER TABLE `migrations`
  MODIFY `id` int UNSIGNED NOT NULL AUTO_INCREMENT, AUTO_INCREMENT=118;

--
-- AUTO_INCREMENT for table `navigations`
--
ALTER TABLE `navigations`
  MODIFY `id` bigint UNSIGNED NOT NULL AUTO_INCREMENT, AUTO_INCREMENT=20;

--
-- AUTO_INCREMENT for table `notification_templates`
--
ALTER TABLE `notification_templates`
  MODIFY `id` bigint UNSIGNED NOT NULL AUTO_INCREMENT, AUTO_INCREMENT=38;

--
-- AUTO_INCREMENT for table `notification_template_channels`
--
ALTER TABLE `notification_template_channels`
  MODIFY `id` bigint UNSIGNED NOT NULL AUTO_INCREMENT, AUTO_INCREMENT=124;

--
-- AUTO_INCREMENT for table `pages`
--
ALTER TABLE `pages`
  MODIFY `id` bigint UNSIGNED NOT NULL AUTO_INCREMENT, AUTO_INCREMENT=13;

--
-- AUTO_INCREMENT for table `page_components`
--
ALTER TABLE `page_components`
  MODIFY `id` bigint UNSIGNED NOT NULL AUTO_INCREMENT, AUTO_INCREMENT=32;

--
-- AUTO_INCREMENT for table `page_component_repeated_contents`
--
ALTER TABLE `page_component_repeated_contents`
  MODIFY `id` bigint UNSIGNED NOT NULL AUTO_INCREMENT, AUTO_INCREMENT=53;

--
-- AUTO_INCREMENT for table `permissions`
--
ALTER TABLE `permissions`
  MODIFY `id` bigint UNSIGNED NOT NULL AUTO_INCREMENT, AUTO_INCREMENT=90;

--
-- AUTO_INCREMENT for table `referrals`
--
ALTER TABLE `referrals`
  MODIFY `id` bigint UNSIGNED NOT NULL AUTO_INCREMENT, AUTO_INCREMENT=16;

--
-- AUTO_INCREMENT for table `referral_contents`
--
ALTER TABLE `referral_contents`
  MODIFY `id` bigint UNSIGNED NOT NULL AUTO_INCREMENT, AUTO_INCREMENT=2;

--
-- AUTO_INCREMENT for table `rewards`
--
ALTER TABLE `rewards`
  MODIFY `id` bigint UNSIGNED NOT NULL AUTO_INCREMENT, AUTO_INCREMENT=11;

--
-- AUTO_INCREMENT for table `roles`
--
ALTER TABLE `roles`
  MODIFY `id` bigint UNSIGNED NOT NULL AUTO_INCREMENT, AUTO_INCREMENT=6;

--
-- AUTO_INCREMENT for table `site_seos`
--
ALTER TABLE `site_seos`
  MODIFY `id` bigint UNSIGNED NOT NULL AUTO_INCREMENT, AUTO_INCREMENT=6;

--
-- AUTO_INCREMENT for table `socials`
--
ALTER TABLE `socials`
  MODIFY `id` bigint UNSIGNED NOT NULL AUTO_INCREMENT, AUTO_INCREMENT=7;

--
-- AUTO_INCREMENT for table `subscribers`
--
ALTER TABLE `subscribers`
  MODIFY `id` bigint UNSIGNED NOT NULL AUTO_INCREMENT, AUTO_INCREMENT=4;

--
-- AUTO_INCREMENT for table `support_categories`
--
ALTER TABLE `support_categories`
  MODIFY `id` bigint UNSIGNED NOT NULL AUTO_INCREMENT, AUTO_INCREMENT=3;

--
-- AUTO_INCREMENT for table `tickets`
--
ALTER TABLE `tickets`
  MODIFY `id` bigint UNSIGNED NOT NULL AUTO_INCREMENT;

--
-- AUTO_INCREMENT for table `user_features`
--
ALTER TABLE `user_features`
  MODIFY `id` bigint UNSIGNED NOT NULL AUTO_INCREMENT, AUTO_INCREMENT=97;

--
-- AUTO_INCREMENT for table `user_ranks`
--
ALTER TABLE `user_ranks`
  MODIFY `id` bigint UNSIGNED NOT NULL AUTO_INCREMENT, AUTO_INCREMENT=7;

--
-- AUTO_INCREMENT for table `virtual_cards`
--
ALTER TABLE `virtual_cards`
  MODIFY `id` bigint UNSIGNED NOT NULL AUTO_INCREMENT;

--
-- AUTO_INCREMENT for table `virtual_card_fee_settings`
--
ALTER TABLE `virtual_card_fee_settings`
  MODIFY `id` bigint UNSIGNED NOT NULL AUTO_INCREMENT, AUTO_INCREMENT=2;

--
-- AUTO_INCREMENT for table `virtual_card_providers`
--
ALTER TABLE `virtual_card_providers`
  MODIFY `id` bigint UNSIGNED NOT NULL AUTO_INCREMENT, AUTO_INCREMENT=3;

--
-- AUTO_INCREMENT for table `virtual_card_requests`
--
ALTER TABLE `virtual_card_requests`
  MODIFY `id` bigint UNSIGNED NOT NULL AUTO_INCREMENT;

--
-- AUTO_INCREMENT for table `vouchers`
--
ALTER TABLE `vouchers`
  MODIFY `id` bigint UNSIGNED NOT NULL AUTO_INCREMENT;

--
-- AUTO_INCREMENT for table `wallets`
--
ALTER TABLE `wallets`
  MODIFY `id` bigint UNSIGNED NOT NULL AUTO_INCREMENT, AUTO_INCREMENT=29;

--
-- AUTO_INCREMENT for table `withdraw_methods`
--
ALTER TABLE `withdraw_methods`
  MODIFY `id` bigint UNSIGNED NOT NULL AUTO_INCREMENT, AUTO_INCREMENT=8;

--
-- AUTO_INCREMENT for table `withdraw_schedules`
--
ALTER TABLE `withdraw_schedules`
  MODIFY `id` bigint UNSIGNED NOT NULL AUTO_INCREMENT, AUTO_INCREMENT=8;

--
-- Constraints for dumped tables
--

--
-- Constraints for table `blogs`
--
ALTER TABLE `blogs`
  ADD CONSTRAINT `blogs_category_id_foreign` FOREIGN KEY (`category_id`) REFERENCES `blog_categories` (`id`) ON DELETE CASCADE,
  ADD CONSTRAINT `blogs_user_id_foreign` FOREIGN KEY (`admin_id`) REFERENCES `users` (`id`) ON DELETE CASCADE;

--
-- Constraints for table `businesses`
--
ALTER TABLE `businesses`
  ADD CONSTRAINT `businesses_user_id_foreign` FOREIGN KEY (`user_id`) REFERENCES `users` (`id`) ON DELETE CASCADE;

--
-- Constraints for table `cardholders`
--
ALTER TABLE `cardholders`
  ADD CONSTRAINT `cardholders_user_id_foreign` FOREIGN KEY (`user_id`) REFERENCES `users` (`id`) ON DELETE CASCADE;

--
-- Constraints for table `currency_roles`
--
ALTER TABLE `currency_roles`
  ADD CONSTRAINT `currency_roles_currency_id_foreign` FOREIGN KEY (`currency_id`) REFERENCES `currencies` (`id`) ON DELETE CASCADE;

--
-- Constraints for table `footer_items`
--
ALTER TABLE `footer_items`
  ADD CONSTRAINT `footer_items_footer_section_id_foreign` FOREIGN KEY (`footer_section_id`) REFERENCES `footer_sections` (`id`) ON DELETE CASCADE;

--
-- Constraints for table `kyc_submissions`
--
ALTER TABLE `kyc_submissions`
  ADD CONSTRAINT `kyc_submissions_kyc_template_id_foreign` FOREIGN KEY (`kyc_template_id`) REFERENCES `kyc_templates` (`id`) ON DELETE CASCADE,
  ADD CONSTRAINT `kyc_submissions_user_id_foreign` FOREIGN KEY (`user_id`) REFERENCES `users` (`id`) ON DELETE CASCADE;

--
-- Constraints for table `messages`
--
ALTER TABLE `messages`
  ADD CONSTRAINT `messages_admin_id_foreign` FOREIGN KEY (`admin_id`) REFERENCES `admins` (`id`),
  ADD CONSTRAINT `messages_ticket_id_foreign` FOREIGN KEY (`ticket_id`) REFERENCES `tickets` (`id`);

--
-- Constraints for table `model_has_permissions`
--
ALTER TABLE `model_has_permissions`
  ADD CONSTRAINT `model_has_permissions_permission_id_foreign` FOREIGN KEY (`permission_id`) REFERENCES `permissions` (`id`) ON DELETE CASCADE;

--
-- Constraints for table `model_has_roles`
--
ALTER TABLE `model_has_roles`
  ADD CONSTRAINT `model_has_roles_role_id_foreign` FOREIGN KEY (`role_id`) REFERENCES `roles` (`id`) ON DELETE CASCADE;

--
-- Constraints for table `navigations`
--
ALTER TABLE `navigations`
  ADD CONSTRAINT `navigations_page_id_foreign` FOREIGN KEY (`page_id`) REFERENCES `pages` (`id`) ON DELETE SET NULL;

--
-- Constraints for table `notification_template_channels`
--
ALTER TABLE `notification_template_channels`
  ADD CONSTRAINT `notification_template_channels_template_id_foreign` FOREIGN KEY (`template_id`) REFERENCES `notification_templates` (`id`) ON DELETE CASCADE;

--
-- Constraints for table `page_component_repeated_contents`
--
ALTER TABLE `page_component_repeated_contents`
  ADD CONSTRAINT `page_component_contents_component_id_foreign` FOREIGN KEY (`component_id`) REFERENCES `page_components` (`id`) ON DELETE CASCADE;

--
-- Constraints for table `referrals`
--
ALTER TABLE `referrals`
  ADD CONSTRAINT `referrals_parent_referral_id_foreign` FOREIGN KEY (`parent_referral_id`) REFERENCES `referrals` (`id`) ON DELETE CASCADE,
  ADD CONSTRAINT `referrals_referred_user_id_foreign` FOREIGN KEY (`referred_user_id`) REFERENCES `users` (`id`) ON DELETE CASCADE,
  ADD CONSTRAINT `referrals_user_id_foreign` FOREIGN KEY (`user_id`) REFERENCES `users` (`id`) ON DELETE CASCADE;

--
-- Constraints for table `role_has_permissions`
--
ALTER TABLE `role_has_permissions`
  ADD CONSTRAINT `role_has_permissions_permission_id_foreign` FOREIGN KEY (`permission_id`) REFERENCES `permissions` (`id`) ON DELETE CASCADE,
  ADD CONSTRAINT `role_has_permissions_role_id_foreign` FOREIGN KEY (`role_id`) REFERENCES `roles` (`id`) ON DELETE CASCADE;

--
-- Constraints for table `tickets`
--
ALTER TABLE `tickets`
  ADD CONSTRAINT `tickets_user_id_foreign` FOREIGN KEY (`user_id`) REFERENCES `users` (`id`);

--
-- Constraints for table `user_features`
--
ALTER TABLE `user_features`
  ADD CONSTRAINT `user_features_user_id_foreign` FOREIGN KEY (`user_id`) REFERENCES `users` (`id`) ON DELETE CASCADE;

--
-- Constraints for table `virtual_cards`
--
ALTER TABLE `virtual_cards`
  ADD CONSTRAINT `virtual_cards_provider_id_foreign` FOREIGN KEY (`provider_id`) REFERENCES `virtual_card_providers` (`id`) ON DELETE CASCADE,
  ADD CONSTRAINT `virtual_cards_user_id_foreign` FOREIGN KEY (`user_id`) REFERENCES `users` (`id`) ON DELETE CASCADE,
  ADD CONSTRAINT `virtual_cards_virtual_card_request_id_foreign` FOREIGN KEY (`virtual_card_request_id`) REFERENCES `virtual_card_requests` (`id`) ON DELETE CASCADE,
  ADD CONSTRAINT `virtual_cards_wallet_id_foreign` FOREIGN KEY (`wallet_id`) REFERENCES `wallets` (`id`) ON DELETE CASCADE;

--
-- Constraints for table `virtual_card_fee_settings`
--
ALTER TABLE `virtual_card_fee_settings`
  ADD CONSTRAINT `virtual_card_fee_settings_currency_id_foreign` FOREIGN KEY (`currency_id`) REFERENCES `currencies` (`id`) ON DELETE CASCADE,
  ADD CONSTRAINT `virtual_card_fee_settings_provider_id_foreign` FOREIGN KEY (`provider_id`) REFERENCES `virtual_card_providers` (`id`) ON DELETE CASCADE;

--
-- Constraints for table `virtual_card_requests`
--
ALTER TABLE `virtual_card_requests`
  ADD CONSTRAINT `virtual_card_requests_user_id_foreign` FOREIGN KEY (`user_id`) REFERENCES `users` (`id`) ON DELETE CASCADE,
  ADD CONSTRAINT `virtual_card_requests_wallet_id_foreign` FOREIGN KEY (`wallet_id`) REFERENCES `wallets` (`id`) ON DELETE CASCADE;

--
-- Constraints for table `vouchers`
--
ALTER TABLE `vouchers`
  ADD CONSTRAINT `vouchers_user_id_foreign` FOREIGN KEY (`user_id`) REFERENCES `users` (`id`) ON DELETE CASCADE;

--
-- Constraints for table `wallets`
--
ALTER TABLE `wallets`
  ADD CONSTRAINT `wallets_currency_id_foreign` FOREIGN KEY (`currency_id`) REFERENCES `currencies` (`id`),
  ADD CONSTRAINT `wallets_user_id_foreign` FOREIGN KEY (`user_id`) REFERENCES `users` (`id`);
COMMIT;

